000
CXUS53 KMPX 301000
CF6FCM
PRELIMINARY LOCAL CLIMATOLOGICAL DATA (WS FORM: F-6)

                                          STATION:   MINNEAPOLIS FLYING CLOUD MN
                                          MONTH:     APRIL
                                          YEAR:      2016
                                          LATITUDE:   44 49 N
                                          LONGITUDE:  93 27 W

  TEMPERATURE IN F:       :PCPN:    SNOW:  WIND      :SUNSHINE: SKY     :PK WND
================================================================================
1   2   3   4   5  6A  6B    7    8   9   10  11  12  13   14  15   16   17  18
                                     12Z  AVG MX 2MIN
DY MAX MIN AVG DEP HDD CDD  WTR  SNW DPTH SPD SPD DIR MIN PSBL S-S WX    SPD DR
================================================================================

 1  42  31  37  -3  28   0 0.01  0.0    0 13.5 26 320   M    M   4        32 330
 2  38  28  33  -7  32   0    M    M    M 16.4 39 300   M    M   6        51 300
 3  69  28  49   8  16   0 0.00  0.0    0 11.6 22 350   M    M   3        31  10
 4  43  28  36  -6  29   0 0.00  0.0    0  7.1 15 300   M    M   6        19 310
 5  39  28  34  -8  31   0 0.03  0.0    0 12.9 28 170   M    M   7        34 170
 6  45  34  40  -3  25   0    T  0.0    0  9.9 18 340   M    M   8        26 320
 7  44  34  39  -4  26   0    M    M    M  7.4 22 310   M    M  10 1      30 320
 8  38  24  31 -13  34   0    M    M    M 14.2 30 320   M    M   5 18     37 320
 9  46  20  33 -11  32   0 0.00    M    M 12.6 26 140   M    M   0        35 150
10  61  36  49   4  16   0 0.00    M    M 13.4 26 290   M    M   2        36 280
11  45  32  39  -6  26   0 0.00    M    M 13.1 25 300   M    M   3        34 290
12  51  25  38  -8  27   0    T    M    M  8.4 16  90   M    M   5        22 140
13  72  42  57  11   8   0    T    M    M  9.1 16 110   M    M   2        22 180
14  78  52  65  18   0   0 0.00    M    M 15.3 29 190   M    M   1        36 180
15  79  49  64  17   1   0 0.00    M    M 15.1 26 170   M    M   1        33 160
16  82  59  71  23   0   6 0.00    M    M 12.7 28 160   M    M   5        35 180
17  81  58  70  22   0   5 0.00    M    M  8.3 20 150   M    M   6        26 150
18  80  52  66  17   0   1 0.12    M    M  7.9 18  70   M    M   5 8      24  70
19  58  49  54   5  11   0 0.16    M    M  8.9 15 110   M    M  10 8      19 110
20  66  52  59   9   6   0 0.27    M    M  7.7 14 110   M    M   8 18     17  60
21  68  52  60  10   5   0 0.29    M    M  5.9 20  20   M    M   7 18     27  30
22  61  44  53   3  12   0 0.00    M    M  7.5 16  30   M    M   4        23  10
23  73  43  58   7   7   0 0.00    M    M 10.7 21 180   M    M   1        27 160
24  63  53  58   7   7   0 0.50    M    M 12.9 21 140   M    M   8 138    27 160
25  58  45  52   0  13   0 0.40    M    M  8.8 17  30   M    M   9 138    22  30
26  49  43  46  -6  19   0 0.00    M    M 10.7 18  90   M    M  10 18     24  90
27  53  41  47  -6  18   0 0.24    M    M 16.3 28  60   M    M   5 8      38  90
28  44  38  41 -12  24   0 0.56    M    M  9.4 24  70   M    M  10 18     31  60
29  60  35  48  -6  17   0 0.00    M    M  6.0 15  30   M    M   2 12     19  50
================================================================================
SM 1686 1155       470  12  2.58     0.0 313.7          M      153
================================================================================
AV 58.1 39.8                              10.8 FASTST   M    M   5    MAX(MPH)
                                 MISC ---->  # 39 300               # 51  300
================================================================================
NOTES:
# LAST OF SEVERAL OCCURRENCES

COLUMN 17 PEAK WIND IN M.P.H.

PRELIMINARY LOCAL CLIMATOLOGICAL DATA (WS FORM: F-6) , PAGE 2

                                          STATION:  MINNEAPOLIS FLYING CLOUD MN
                                          MONTH:    APRIL
                                          YEAR:     2016
                                          LATITUDE:   44 49 N
                                          LONGITUDE:  93 27 W

[TEMPERATURE DATA]      [PRECIPITATION DATA]       SYMBOLS USED IN COLUMN 16

AVERAGE MONTHLY: 49.0   TOTAL FOR MONTH:   2.58    1 = FOG OR MIST
DPTR FM NORMAL:   1.9   DPTR FM NORMAL:   -0.18    2 = FOG REDUCING VISIBILITY
HIGHEST:    82 ON 16    GRTST 24HR  0.80 ON 24-25      TO 1/4 MILE OR LESS
LOWEST:     20 ON  9                               3 = THUNDER
                        SNOW, ICE PELLETS, HAIL    4 = ICE PELLETS
                        TOTAL MONTH:   0.0 INCH    5 = HAIL
                        GRTST 24HR     0.0         6 = FREEZING RAIN OR DRIZZLE
                        GRTST DEPTH:   0           7 = DUSTSTORM OR SANDSTORM:
                                                       VSBY 1/2 MILE OR LESS
                                                   8 = SMOKE OR HAZE
[NO. OF DAYS WITH]      [WEATHER - DAYS WITH]      9 = BLOWING SNOW
                                                   X = TORNADO
MAX 32 OR BELOW:   0    0.01 INCH OR MORE:  10
MAX 90 OR ABOVE:   0    0.10 INCH OR MORE:   8
MIN 32 OR BELOW:   9    0.50 INCH OR MORE:   2
MIN  0 OR BELOW:   0    1.00 INCH OR MORE:   0

[HDD (BASE 65) ]
TOTAL THIS MO.   470    CLEAR  (SCALE 0-3)   9
DPTR FM NORMAL   -51    PTCLDY (SCALE 4-7)  14
TOTAL FM JUL 1  5981    CLOUDY (SCALE 8-10)  6
DPTR FM NORMAL -1363

[CDD (BASE 65) ]
TOTAL THIS MO.    12
DPTR FM NORMAL    12    [PRESSURE DATA]
TOTAL FM JAN 1    12    HIGHEST SLP M ON M
DPTR FM NORMAL    12    LOWEST  SLP 29.46 ON  3

[REMARKS]
