000
CXUS54 KOUN 190700
CF6FDR
PRELIMINARY LOCAL CLIMATOLOGICAL DATA (WS FORM: F-6)

                                          STATION:   FREDERICK MUNICIPAL
                                          MONTH:     JANUARY
                                          YEAR:      2017
                                          LATITUDE:   34 21 N
                                          LONGITUDE:  98 59 W

  TEMPERATURE IN F:       :PCPN:    SNOW:  WIND      :SUNSHINE: SKY     :PK WND
================================================================================
1   2   3   4   5  6A  6B    7    8   9   10  11  12  13   14  15   16   17  18
                                     12Z  AVG MX 2MIN
DY MAX MIN AVG DEP HDD CDD  WTR  SNW DPTH SPD SPD DIR MIN PSBL S-S WX    SPD DR
================================================================================

 1  64  32  48   8  17   0 0.00  0.0    0  7.6 14 130   M    M   2        18 200
 2  68  43  56  16   9   0 0.05  0.0    0  8.4 18 250   M    M   1 13     23 250
 3  46  31  39  -1  26   0 0.00  0.0    0 17.0 28 340   M    M   6        32 350
 4  38  25  32  -8  33   0 0.00  0.0    0  7.5 20  10   M    M   0        24  10
 5  29  20  25 -15  40   0 0.00  0.0    0 17.6 25  10   M    M   5        30  10
 6  23   4  14 -26  51   0    M    M    0 10.5 22 360   M    M   7 128    26 360
 7  40   2  21 -19  44   0 0.00  0.0    0  7.6 13 270   M    M   0        14 270
 8  50  20  35  -5  30   0 0.00  0.0    M 12.8 26 180   M    M   0        31 190
 9  70  26  48   8  17   0 0.00  0.0    0 13.8 25 200   M    M   0        31 200
10  71  46  59  19   6   0 0.00  0.0    0 12.8 29 210   M    M   0        37 210
11  84  43  64  24   1   0 0.00  0.0    0 14.3 24 220   M    M   0        22 220
12  61  30  46   6  19   0 0.00  0.0    0 12.6 24 360   M    M   1        29  10
13  39  30  35  -6  30   0 0.01  0.0    0 12.7 18  10   M    M  10 1      22 360
14  34  29  32  -9  33   0 0.41  0.0    0  7.7 16  10   M    M  10 1236   20 360
15  44  34  39  -2  26   0 1.15    M    0 11.0 28 270   M    M  10 13     41 270
16  55  37  46   5  19   0 0.01  0.0    0 10.8 23 230   M    M   3 1      29 230
17  54  31  43   2  22   0 0.15  0.0    0  5.8 15 160   M    M   3 1      18 170
18  52  40  46   5  19   0    T  0.0    0  6.0 12 140   M    M   7 1      14 130
================================================================================
SM  922  523       442   0  1.78     0.0 196.5          M       65
================================================================================
AV 51.2 29.1                              10.9 FASTST   M    M   4    MAX(MPH)
                                 MISC ---->  # 29 210               # 41  270
================================================================================
NOTES:
# LAST OF SEVERAL OCCURRENCES

COLUMN 17 PEAK WIND IN M.P.H.

PRELIMINARY LOCAL CLIMATOLOGICAL DATA (WS FORM: F-6) , PAGE 2

                                          STATION:  FREDERICK MUNICIPAL
                                          MONTH:    JANUARY
                                          YEAR:     2017
                                          LATITUDE:   34 21 N
                                          LONGITUDE:  98 59 W

[TEMPERATURE DATA]      [PRECIPITATION DATA]       SYMBOLS USED IN COLUMN 16

AVERAGE MONTHLY: 40.1   TOTAL FOR MONTH:   1.78    1 = FOG OR MIST
DPTR FM NORMAL:  -0.2   DPTR FM NORMAL:    1.11    2 = FOG REDUCING VISIBILITY
HIGHEST:    84 ON 11    GRTST 24HR  1.16 ON 15-16      TO 1/4 MILE OR LESS
LOWEST:      2 ON  7                               3 = THUNDER
                        SNOW, ICE PELLETS, HAIL    4 = ICE PELLETS
                        TOTAL MONTH:   0.0 INCH    5 = HAIL
                        GRTST 24HR     0.0         6 = FREEZING RAIN OR DRIZZLE
                        GRTST DEPTH:   0           7 = DUSTSTORM OR SANDSTORM:
                                                       VSBY 1/2 MILE OR LESS
                                                   8 = SMOKE OR HAZE
[NO. OF DAYS WITH]      [WEATHER - DAYS WITH]      9 = BLOWING SNOW
                                                   X = TORNADO
MAX 32 OR BELOW:   2    0.01 INCH OR MORE:   6
MAX 90 OR ABOVE:   0    0.10 INCH OR MORE:   3
MIN 32 OR BELOW:  12    0.50 INCH OR MORE:   1
MIN  0 OR BELOW:   0    1.00 INCH OR MORE:   1

[HDD (BASE 65) ]
TOTAL THIS MO.   442    CLEAR  (SCALE 0-3)  10
DPTR FM NORMAL    -1    PTCLDY (SCALE 4-7)   5
TOTAL FM JUL 1  1346    CLOUDY (SCALE 8-10)  3
DPTR FM NORMAL  -316

[CDD (BASE 65) ]
TOTAL THIS MO.     0
DPTR FM NORMAL     0    [PRESSURE DATA]
TOTAL FM JAN 1     0    HIGHEST SLP M ON M
DPTR FM NORMAL     0    LOWEST  SLP 29.63 ON 10

[REMARKS]
