000
CXUS53 KARX 300930
CF6FKA
PRELIMINARY LOCAL CLIMATOLOGICAL DATA (WS FORM: F-6)

                                          STATION:   PRESTON MN
                                          MONTH:     MARCH
                                          YEAR:      2017
                                          LATITUDE:   43 40 N
                                          LONGITUDE:  92 11 W

  TEMPERATURE IN F:       :PCPN:    SNOW:  WIND      :SUNSHINE: SKY     :PK WND
================================================================================
1   2   3   4   5  6A  6B    7    8   9   10  11  12  13   14  15   16   17  18
                                     12Z  AVG MX 2MIN
DY MAX MIN AVG DEP HDD CDD  WTR  SNW DPTH SPD SPD DIR MIN PSBL S-S WX    SPD DR
================================================================================

 1  33  22  28   M  37   0 0.13  1.5    3 15.1 22 300   M    M   8 1      28 300
 2  25  15  20   M  45   0 0.00  0.0    3 11.1 15 300   M    M   3        17 310
 3  28  10  19   M  46   0    M    M    2  7.4 13 130   M    M   4        18 160
 4  40  24  32   M  33   0 0.00  0.0    2 14.1 22 140   M    M   2        30 140
 5  53  32  43   M  22   0 0.00  0.0    0 10.5 14 170   M    M   7        21 170
 6  64  44  54   M  11   0 0.37  0.0    0 20.2 25 170   M    M   9 13     37 180
 7  47  31  39   M  26   0    T  0.0    0 22.2 39 270   M    M   3 3      48 270
 8  36  28  32   M  33   0 0.00  0.0    0 26.9 36 280   M    M   2        47 290
 9  33  20  27   M  38   0 0.00  0.0    0 11.8 16 340   M    M   7        25 340
10  20   9  15   M  50   0 0.00  0.0    0 13.1 18 350   M    M   2        25 330
11  22  10  16   M  49   0 0.00  0.0    0  8.2 12 350   M    M   8        17 340
12  25  10  18   M  47   0    M    M    0  6.1 15 140   M    M   6        23 140
13  24  11  18   M  47   0    M    M    6 10.7 16  30   M    M   9        22  30
14  22   2  12   M  53   0 0.00  0.0    3  7.4 12  20   M    M   0        17  20
15  27   5  16   M  49   0 0.00  0.0    2  7.6 12 310   M    M   0         M  M
16  37  12  25   M  40   0 0.01  0.0    1 11.1 17 130   M    M   6        27 160
17  43  31  37   M  28   0 0.00  0.0    0 14.3 27 300   M    M   6        33 300
18  36  28  32   M  33   0 0.00  0.0    0 11.0 20 320   M    M   7        30 320
19  53  26  40   M  25   0 0.00  0.0    0 12.7 25 160   M    M   1        30 160
20  57  34  46   M  19   0 0.00  0.0    0  8.0 14  40   M    M   1        20  30
21  40  25  33   M  32   0 0.00  0.0    0 11.9 18 350   M    M   0        24 340
22  37  19  28   M  37   0 0.00  0.0    0  9.8 15 150   M    M   3        18 130
23  39  32  36   M  29   0 0.14  0.0    0 14.2 22 170   M    M  10 13     32 170
24  40  37  39   M  26   0 0.05  0.0    0  9.0 15  20   M    M  10 13     21  20
25  37  34  36   M  29   0 0.11  0.0    0 11.2 15  40   M    M  10 1      22  50
26  41  34  38   M  27   0 0.06  0.0    0  6.0  9 360   M    M  10 1       M  M
27  46  37  42   M  23   0 0.00  0.0    0  4.4  7  10   M    M  10 12      M  M
28  57  33  45   M  20   0 0.00  0.0    0  3.6  9  80   M    M   3 1       M  M
29  43  36  40   M  25   0 0.15  0.0    0 10.0 21  80   M    M   7 1      29  80
================================================================================
SM 1105  691       979   0  1.02     1.5 329.6          M      154
================================================================================
AV 38.1 23.8                              11.4 FASTST   M    M   5    MAX(MPH)
                                 MISC ---->  # 39 270               # 48  270
================================================================================
NOTES:
# LAST OF SEVERAL OCCURRENCES

COLUMN 17 PEAK WIND IN M.P.H.

PRELIMINARY LOCAL CLIMATOLOGICAL DATA (WS FORM: F-6) , PAGE 2

                                          STATION:  PRESTON MN
                                          MONTH:    MARCH
                                          YEAR:     2017
                                          LATITUDE:   43 40 N
                                          LONGITUDE:  92 11 W

[TEMPERATURE DATA]      [PRECIPITATION DATA]       SYMBOLS USED IN COLUMN 16

AVERAGE MONTHLY: 31.0   TOTAL FOR MONTH:   1.02    1 = FOG OR MIST
DPTR FM NORMAL:     M   DPTR FM NORMAL:       M    2 = FOG REDUCING VISIBILITY
HIGHEST:    64 ON  6    GRTST 24HR  0.37 ON  6- 6      TO 1/4 MILE OR LESS
LOWEST:      2 ON 14                               3 = THUNDER
                        SNOW, ICE PELLETS, HAIL    4 = ICE PELLETS
                        TOTAL MONTH:   1.5 INCHES  5 = HAIL
                        GRTST 24HR   1.5 ON  1- 1  6 = FREEZING RAIN OR DRIZZLE
                        GRTST DEPTH:   6 ON 13     7 = DUSTSTORM OR SANDSTORM:
                                                       VSBY 1/2 MILE OR LESS
                                                   8 = SMOKE OR HAZE
[NO. OF DAYS WITH]      [WEATHER - DAYS WITH]      9 = BLOWING SNOW
                                                   X = TORNADO
MAX 32 OR BELOW:   8    0.01 INCH OR MORE:   8
MAX 90 OR ABOVE:   0    0.10 INCH OR MORE:   5
MIN 32 OR BELOW:  21    0.50 INCH OR MORE:   0
MIN  0 OR BELOW:   0    1.00 INCH OR MORE:   0

[HDD (BASE 65) ]
TOTAL THIS MO.   979    CLEAR  (SCALE 0-3)  11
DPTR FM NORMAL     M    PTCLDY (SCALE 4-7)  10
TOTAL FM JUL 1  5908    CLOUDY (SCALE 8-10)  8
DPTR FM NORMAL     M

[CDD (BASE 65) ]
TOTAL THIS MO.     0
DPTR FM NORMAL     M    [PRESSURE DATA]
TOTAL FM JAN 1     0    HIGHEST SLP M ON M
DPTR FM NORMAL     M    LOWEST  SLP M ON M

[REMARKS]
