000
CXUS53 KMKX 260735
CF6FLD
PRELIMINARY LOCAL CLIMATOLOGICAL DATA (WS FORM: F-6)

                                          STATION:   FOND_DU_LAC WI
                                          MONTH:     FEBRUARY
                                          YEAR:      2015
                                          LATITUDE:   43 46 N
                                          LONGITUDE:  88 29 W

  TEMPERATURE IN F:       :PCPN:    SNOW:  WIND      :SUNSHINE: SKY     :PK WND
================================================================================
1   2   3   4   5  6A  6B    7    8   9   10  11  12  13   14  15   16   17  18
                                     12Z  AVG MX 2MIN
DY MAX MIN AVG DEP HDD CDD  WTR  SNW DPTH SPD SPD DIR MIN PSBL S-S WX    SPD DR
================================================================================

 1  22   8  15  -5  50   0    M    M    M 22.2 32  20   M    M  10 128    41  20
 2  14   0   7 -13  58   0 0.00    M    0  8.8 21  10   M    M   3        25 360
 3  17   1   9 -11  56   0 0.03    M    0  6.0 13 220   M    M   4 1      22 310
 4  18   2  10 -10  55   0    T    M    0 10.1 25 320   M    M   2        31 310
 5  14 -11   2 -19  63   0 0.00    M    M 11.4 25 220   M    M   0        34 200
 6  28   9  19  -2  46   0 0.00    M    M  5.7 10 170   M    M   4        14 210
 7  36  15  26   5  39   0 0.00    M    M  4.2 15 150   M    M   2 18     20 130
 8  34  18  26   5  39   0    T    M    M 16.3 25  20   M    M  10 18     30  30
 9  23   6  15  -7  50   0 0.00  0.0    0  9.1 20  20   M    M   3        24  20
10  28   3  16  -6  49   0 0.01    M    0  5.9 17 160   M    M   7 18     23 140
11  31  14  23   1  42   0    T    M    0 16.1 26 310   M    M   9 168    32 320
12  14   0   7 -15  58   0 0.00  0.0    0 10.8 23 360   M    M   1        28 330
13  24   0  12 -10  53   0    T    M    0 10.5 20 320   M    M   8        25 250
14  22  -5   9 -14  56   0    T    M    0 19.1 35 350   M    M   4 89     44 330
15  11  -7   2 -21  63   0    T    M    0  6.0 14  20   M    M   3        16  20
16  17  10  14  -9  51   0    T    M    M  4.7 12 200   M    M  10        15 230
17  15   4  10 -14  55   0    T    M    M 11.1 21 300   M    M   7 9      26 280
18   4  -9  -2 -26  67   0    T    M    M 14.3 24 330   M    M   5 8      29 320
19   5 -13  -4 -28  69   0    T    M    0  8.7 17 330   M    M   0        22 310
20  18  -8   5 -19  60   0    T    M    0 12.3 25 200   M    M   7        32 190
21  28  17  23  -2  42   0    T    M    0  6.7 14 300   M    M   8        19 200
22  18  -4   7 -18  58   0    T    M    0 11.9 21 320   M    M   4        26 340
23  10 -10   0 -25  65   0 0.00    M    M 10.9 21 210   M    M   0        28 210
24  33   7  20  -6  45   0    T    M    M 17.0 28 210   M    M   5        39 210
25  15   2   9 -17  56   0    T    M    M  5.0 14 360   M    M   6 8      17 340
================================================================================
SM  499   49      1345   0  0.04     0.0 264.8          M      122
================================================================================
AV 20.0  2.0                              10.6 FASTST   M    M   5    MAX(MPH)
                                 MISC ---->  # 35 350               # 44  330
================================================================================
NOTES:
# LAST OF SEVERAL OCCURRENCES

COLUMN 17 PEAK WIND IN M.P.H.

PRELIMINARY LOCAL CLIMATOLOGICAL DATA (WS FORM: F-6) , PAGE 2

                                          STATION:  FOND_DU_LAC WI
                                          MONTH:    FEBRUARY
                                          YEAR:     2015
                                          LATITUDE:   43 46 N
                                          LONGITUDE:  88 29 W

[TEMPERATURE DATA]      [PRECIPITATION DATA]       SYMBOLS USED IN COLUMN 16

AVERAGE MONTHLY: 11.0   TOTAL FOR MONTH:   0.04    1 = FOG OR MIST
DPTR FM NORMAL: -11.7   DPTR FM NORMAL:   -0.71    2 = FOG REDUCING VISIBILITY
HIGHEST:    36 ON  7    GRTST 24HR  0.03 ON  3- 3      TO 1/4 MILE OR LESS
LOWEST:    -13 ON 19                               3 = THUNDER
                        SNOW, ICE PELLETS, HAIL    4 = ICE PELLETS
                        TOTAL MONTH:   0.0 INCH    5 = HAIL
                        GRTST 24HR     0.0         6 = FREEZING RAIN OR DRIZZLE
                        GRTST DEPTH:   0           7 = DUSTSTORM OR SANDSTORM:
                                                       VSBY 1/2 MILE OR LESS
                                                   8 = SMOKE OR HAZE
[NO. OF DAYS WITH]      [WEATHER - DAYS WITH]      9 = BLOWING SNOW
                                                   X = TORNADO
MAX 32 OR BELOW:  22    0.01 INCH OR MORE:   2
MAX 90 OR ABOVE:   0    0.10 INCH OR MORE:   0
MIN 32 OR BELOW:  25    0.50 INCH OR MORE:   0
MIN  0 OR BELOW:  11    1.00 INCH OR MORE:   0

[HDD (BASE 65) ]
TOTAL THIS MO.  1345    CLEAR  (SCALE 0-3)   7
DPTR FM NORMAL   285    PTCLDY (SCALE 4-7)  13
TOTAL FM JUL 1  5685    CLOUDY (SCALE 8-10)  5
DPTR FM NORMAL   388

[CDD (BASE 65) ]
TOTAL THIS MO.     0
DPTR FM NORMAL     0    [PRESSURE DATA]
TOTAL FM JAN 1     0    HIGHEST SLP M ON M
DPTR FM NORMAL     0    LOWEST  SLP 29.58 ON  7

[REMARKS]
