000
CXUS56 KFGZ 220900
CF6FLG
PRELIMINARY LOCAL CLIMATOLOGICAL DATA (WS FORM: F-6)

                                          STATION:   FLAGSTAFF AZ AIRPORT
                                          MONTH:     AUGUST
                                          YEAR:      2017
                                          LATITUDE:   35  7 N
                                          LONGITUDE: 111 40 W

  TEMPERATURE IN F:       :PCPN:    SNOW:  WIND      :SUNSHINE: SKY     :PK WND
================================================================================
1   2   3   4   5  6A  6B    7    8   9   10  11  12  13   14  15   16   17  18
                                     12Z  AVG MX 2MIN
DY MAX MIN AVG DEP HDD CDD  WTR  SNW DPTH SPD SPD DIR MIN PSBL S-S WX    SPD DR
================================================================================

 1  81  56  69   3   0   4 0.01  0.0    0  7.5 22  20   M    M   5 13     27  40
 2  81  54  68   2   0   3 0.00  0.0    0  3.5 21 200   M    M   2        25 200
 3  78  55  67   1   0   2 0.00  0.0    0  4.7 17 220   M    M   2 3      24 220
 4  73  55  64  -2   1   0 1.05  0.0    0  3.0 17 180   M    M   3 13     23 170
 5  73  54  64  -2   1   0 0.25  0.0    0  4.7 22 200   M    M   5 13     29 200
 6  75  50  63  -3   2   0 0.00  0.0    0  4.4 18 220   M    M   2 1      25 210
 7  76  52  64  -1   1   0 0.00  0.0    0  4.3 20 220   M    M   4        25 210
 8  79  47  63  -2   2   0 0.00  0.0    0  4.5 18 220   M    M   0        22 230
 9  80  46  63  -2   2   0 0.00  0.0    0  3.8 18 240   M    M   0        25 230
10  82  51  67   2   0   2 0.59  0.0    0  3.8 17 220   M    M   3 13     23 210
11  74  54  64  -1   1   0    T  0.0    0  2.9 14 200   M    M   5 3      16 200
12  76  49  63  -2   2   0 0.17  0.0    0  4.6 24 180   M    M   1 13     32 180
13  77  50  64  -1   1   0 0.29  0.0    0  5.9 21  50   M    M   3 13     27  40
14  75  50  63  -2   2   0 0.04  0.0    0  8.2 24 230   M    M   2 1      33 230
15  68  44  56  -8   9   0 0.00  0.0    0  7.3 23 230   M    M   1        29 220
16  73  38  56  -8   9   0 0.00  0.0    0  4.5 20 210   M    M   3        23 200
17  77  43  60  -4   5   0 0.00  0.0    0  4.1 15 210   M    M   0        20 230
18  80  46  63  -1   2   0 0.00  0.0    0  3.9 16 230   M    M   0        23 210
19  80  50  65   1   0   0 0.00  0.0    0  5.3 18 210   M    M   1        23 210
20  77  53  65   1   0   0 0.19  0.0    0  4.4 15  10   M    M   7 13     21  10
21  76  53  65   1   0   0    T  0.0    0  2.1 13 280   M    M   7 3      18 270
================================================================================
SM 1611 1050        40  11  2.59     0.0  97.4          M       56
================================================================================
AV 76.7 50.0                               4.6 FASTST   M    M   3    MAX(MPH)
                                 MISC ---->  # 24 180               # 33  230
================================================================================
NOTES:
# LAST OF SEVERAL OCCURRENCES

COLUMN 17 PEAK WIND IN M.P.H.

PRELIMINARY LOCAL CLIMATOLOGICAL DATA (WS FORM: F-6) , PAGE 2

                                          STATION:  FLAGSTAFF AZ AIRPORT
                                          MONTH:    AUGUST
                                          YEAR:     2017
                                          LATITUDE:   35  7 N
                                          LONGITUDE: 111 40 W

[TEMPERATURE DATA]      [PRECIPITATION DATA]       SYMBOLS USED IN COLUMN 16

AVERAGE MONTHLY: 63.4   TOTAL FOR MONTH:   2.59    1 = FOG OR MIST
DPTR FM NORMAL:  -1.6   DPTR FM NORMAL:    0.41    2 = FOG REDUCING VISIBILITY
HIGHEST:    82 ON 10    GRTST 24HR  1.05 ON  4- 4      TO 1/4 MILE OR LESS
LOWEST:     38 ON 16                               3 = THUNDER
                        SNOW, ICE PELLETS, HAIL    4 = ICE PELLETS
                        TOTAL MONTH:   0.0 INCH    5 = HAIL
                        GRTST 24HR     0.0         6 = FREEZING RAIN OR DRIZZLE
                        GRTST DEPTH:   0           7 = DUSTSTORM OR SANDSTORM:
                                                       VSBY 1/2 MILE OR LESS
                                                   8 = SMOKE OR HAZE
[NO. OF DAYS WITH]      [WEATHER - DAYS WITH]      9 = BLOWING SNOW
                                                   X = TORNADO
MAX 32 OR BELOW:   0    0.01 INCH OR MORE:   8
MAX 90 OR ABOVE:   0    0.10 INCH OR MORE:   6
MIN 32 OR BELOW:   0    0.50 INCH OR MORE:   2
MIN  0 OR BELOW:   0    1.00 INCH OR MORE:   1

[HDD (BASE 65) ]
TOTAL THIS MO.    40    CLEAR  (SCALE 0-3)  14
DPTR FM NORMAL    11    PTCLDY (SCALE 4-7)   7
TOTAL FM JUL 1    43    CLOUDY (SCALE 8-10)  0
DPTR FM NORMAL   -18

[CDD (BASE 65) ]
TOTAL THIS MO.    11
DPTR FM NORMAL   -17    [PRESSURE DATA]
TOTAL FM JAN 1   168    HIGHEST SLP M ON M
DPTR FM NORMAL    59    LOWEST  SLP 29.80 ON 15

[REMARKS]
