048
CXUS53 KOAX 201000
CF6FNB
PRELIMINARY LOCAL CLIMATOLOGICAL DATA (WS FORM: F-6)

                                          STATION:   FALLS CITY, NEBRASKA
                                          MONTH:     OCTOBER
                                          YEAR:      2017
                                          LATITUDE:   40  4 N
                                          LONGITUDE:  95 35 W

  TEMPERATURE IN F:       :PCPN:    SNOW:  WIND      :SUNSHINE: SKY     :PK WND
================================================================================
1   2   3   4   5  6A  6B    7    8   9   10  11  12  13   14  15   16   17  18
                                     12Z  AVG MX 2MIN
DY MAX MIN AVG DEP HDD CDD  WTR  SNW DPTH SPD SPD DIR MIN PSBL S-S WX    SPD DR
================================================================================

 1  79  59  69   9   0   4    T    M    M 14.4 29 160   M    M   5        35 170
 2  86  67  77  17   0  12    T    M    M 18.0 28 160   M    M   4        36 160
 3  76  59  68   8   0   3 0.38    M    M 10.9 22 200   M    M   7 13     29 200
 4  64  56  60   1   5   0 1.53    M    M  7.0 16  60   M    M   7 13     20  60
 5  72  60  66   7   0   1 0.63    M    M  5.3 13 160   M    M  10 123    15 180
 6  79  65  72  14   0   7 0.68    M    M  9.6 28 290   M    M   9 13     35 300
 7  73  54  64   6   1   0 0.17    M    M 11.5 25 270   M    M   4 18     31 270
 8  82  51  67   9   0   2 0.00    M    M  7.9 16 210   M    M   0        21 210
 9  67  50  59   2   6   0    T    M    M 12.8 23  20   M    M   4        37  20
10  50  42  46 -11  19   0 0.13    M    M 11.1 20 350   M    M   9 13     30 360
11  65  42  54  -2  11   0 0.00    M    M  3.6 10 180   M    M   3        13 160
12  70  43  57   1   8   0 0.00    M    M  9.5 21 150   M    M   3 1      26 170
13  69  56  63   7   2   0 0.00    M    M  6.3 13  20   M    M   5        16  20
14  73  51  62   7   3   0 0.69    M    M 10.5 33 310   M    M   8 13     42 320
15  60  39  50  -5  15   0 0.00    M    M  9.3 26 320   M    M   2        35 330
16  71  35  53  -2  12   0 0.00    M    M  7.0 20 200   M    M   0        24 210
17  74  46  60   6   5   0 0.00    M    M  9.2 20 210   M    M   0        25 200
18  74  46  60   6   5   0 0.00    M    M  6.8 18 190   M    M   0        24 200
19  79  43  61   7   4   0 0.00    M    M  5.8 16 170   M    M   0 18     21 170
================================================================================
SM 1363  964        96  29  4.21    M    176.5          M       80
================================================================================
AV 71.7 50.7                               9.3 FASTST   M    M   4    MAX(MPH)
                                 MISC ---->  # 33 310               # 42  320
================================================================================
NOTES:
# LAST OF SEVERAL OCCURRENCES

COLUMN 17 PEAK WIND IN M.P.H.

PRELIMINARY LOCAL CLIMATOLOGICAL DATA (WS FORM: F-6) , PAGE 2

                                          STATION:  FALLS CITY, NEBRASKA
                                          MONTH:    OCTOBER
                                          YEAR:     2017
                                          LATITUDE:   40  4 N
                                          LONGITUDE:  95 35 W

[TEMPERATURE DATA]      [PRECIPITATION DATA]       SYMBOLS USED IN COLUMN 16

AVERAGE MONTHLY: 61.2   TOTAL FOR MONTH:   4.21    1 = FOG OR MIST
DPTR FM NORMAL:   4.3   DPTR FM NORMAL:    2.54    2 = FOG REDUCING VISIBILITY
HIGHEST:    86 ON  2    GRTST 24HR  1.53 ON  4- 4      TO 1/4 MILE OR LESS
LOWEST:     35 ON 16                               3 = THUNDER
                        SNOW, ICE PELLETS, HAIL    4 = ICE PELLETS
                        TOTAL MONTH:    M          5 = HAIL
                        GRTST 24HR    M  ON   M    6 = FREEZING RAIN OR DRIZZLE
                        GRTST DEPTH:  M  ON   M    7 = DUSTSTORM OR SANDSTORM:
                                                       VSBY 1/2 MILE OR LESS
                                                   8 = SMOKE OR HAZE
[NO. OF DAYS WITH]      [WEATHER - DAYS WITH]      9 = BLOWING SNOW
                                                   X = TORNADO
MAX 32 OR BELOW:   0    0.01 INCH OR MORE:   7
MAX 90 OR ABOVE:   0    0.10 INCH OR MORE:   7
MIN 32 OR BELOW:   0    0.50 INCH OR MORE:   4
MIN  0 OR BELOW:   0    1.00 INCH OR MORE:   1

[HDD (BASE 65) ]
TOTAL THIS MO.    96    CLEAR  (SCALE 0-3)   7
DPTR FM NORMAL   -75    PTCLDY (SCALE 4-7)   8
TOTAL FM JUL 1   120    CLOUDY (SCALE 8-10)  4
DPTR FM NORMAL  -140

[CDD (BASE 65) ]
TOTAL THIS MO.    29
DPTR FM NORMAL    13    [PRESSURE DATA]
TOTAL FM JAN 1  1246    HIGHEST SLP M ON M
DPTR FM NORMAL    12    LOWEST  SLP 29.48 ON  7

[REMARKS]
