000
CXUS55 KBOU 200758
CF6FNL
PRELIMINARY LOCAL CLIMATOLOGICAL DATA (WS FORM: F-6)

                                          STATION:   FT COLLINS/LOVELAND CO
                                          MONTH:     OCTOBER
                                          YEAR:      2017
                                          LATITUDE:   40 27 N
                                          LONGITUDE: 105  1 W

  TEMPERATURE IN F:       :PCPN:    SNOW:  WIND      :SUNSHINE: SKY     :PK WND
================================================================================
1   2   3   4   5  6A  6B    7    8   9   10  11  12  13   14  15   16   17  18
                                     12Z  AVG MX 2MIN
DY MAX MIN AVG DEP HDD CDD  WTR  SNW DPTH SPD SPD DIR MIN PSBL S-S WX    SPD DR
================================================================================

 1  65  46  56   M   9   0    M    M    M  9.3 24 280   M    M   5 3      33 290
 2  47  36  42   M  23   0    M    M    M  6.9 12 330   M    M   9 1       M  M
 3  57  32  45   M  20   0    M    M    M  5.3 13 170   M    M   5 12     17 170
 4  66  42  54   M  11   0    M    M    M  5.6 10 360   M    M   5 1       M  M
 5  69  45  57   M   8   0    M    M    M  4.1 12 120   M    M   5 128     M  M
 6  69  44  57   M   8   0    M    M    M  8.0 29 330   M    M   4 1      39 290
 7  73  34  54   M  11   0    M    M    M  6.4 13 310   M    M   0         M  M
 8  63  33  48   M  17   0    M    M    M  8.2 28  10   M    M   3 1      41 350
 9  40  29  35   M  30   0    M    M    M  7.0 14 360   M    M   8 1       M  M
10  58  26  42   M  23   0    M    M    M  4.6 12 190   M    M   0 12      M  M
11  70  29  50   M  15   0    M    M    M  2.4  8 330   M    M   0         M  M
12  77  36  57   M   8   0    M    M    M  6.6 13  20   M    M   0         M  M
13  64  36  50   M  15   0    M    M    M  5.9 10 180   M    M   0        17 160
14  59  31  45   M  20   0    M    M    M 16.8 47 320   M    M   2 12     62 330
15  61  28  45   M  20   0    M    M    M  3.2  8  30   M    M   0         M  M
16  79  34  57   M   8   0    M    M    M  4.1 12 150   M    M   0         M  M
17  76  37  57   M   8   0    M    M    M  4.4  7 150   M    M   0 8       M  M
18  78  42  60   M   5   0    M    M    M  6.5 12 100   M    M   0        16  30
19  73  37  55   M  10   0    M    M    M  3.2  9  20   M    M   0         M  M
================================================================================
SM 1244  677       269   0    M     M    118.5          M       46
================================================================================
AV 65.5 35.6                               6.2 FASTST   M    M   2    MAX(MPH)
                                 MISC ---->  # 47 320               # 62  330
================================================================================
NOTES:
# LAST OF SEVERAL OCCURRENCES

COLUMN 17 PEAK WIND IN M.P.H.

PRELIMINARY LOCAL CLIMATOLOGICAL DATA (WS FORM: F-6) , PAGE 2

                                          STATION:  FT COLLINS/LOVELAND CO
                                          MONTH:    OCTOBER
                                          YEAR:     2017
                                          LATITUDE:   40 27 N
                                          LONGITUDE: 105  1 W

[TEMPERATURE DATA]      [PRECIPITATION DATA]       SYMBOLS USED IN COLUMN 16

AVERAGE MONTHLY: 50.6   TOTAL FOR MONTH:      M    1 = FOG OR MIST
DPTR FM NORMAL:     M   DPTR FM NORMAL:       M    2 = FOG REDUCING VISIBILITY
HIGHEST:    79 ON 16    GRTST 24HR    T  ON 30- 1      TO 1/4 MILE OR LESS
LOWEST:     26 ON 10                               3 = THUNDER
                        SNOW, ICE PELLETS, HAIL    4 = ICE PELLETS
                        TOTAL MONTH:    M          5 = HAIL
                        GRTST 24HR    M  ON   M    6 = FREEZING RAIN OR DRIZZLE
                        GRTST DEPTH:  M  ON   M    7 = DUSTSTORM OR SANDSTORM:
                                                       VSBY 1/2 MILE OR LESS
                                                   8 = SMOKE OR HAZE
[NO. OF DAYS WITH]      [WEATHER - DAYS WITH]      9 = BLOWING SNOW
                                                   X = TORNADO
MAX 32 OR BELOW:   0    0.01 INCH OR MORE:   0
MAX 90 OR ABOVE:   0    0.10 INCH OR MORE:   0
MIN 32 OR BELOW:   6    0.50 INCH OR MORE:   0
MIN  0 OR BELOW:   0    1.00 INCH OR MORE:   0

[HDD (BASE 65) ]
TOTAL THIS MO.   269    CLEAR  (SCALE 0-3)  12
DPTR FM NORMAL     M    PTCLDY (SCALE 4-7)   6
TOTAL FM JUL 1   402    CLOUDY (SCALE 8-10)  1
DPTR FM NORMAL     M

[CDD (BASE 65) ]
TOTAL THIS MO.     0
DPTR FM NORMAL     M    [PRESSURE DATA]
TOTAL FM JAN 1   669    HIGHEST SLP M ON M
DPTR FM NORMAL     M    LOWEST  SLP M ON M

[REMARKS]
