000
CXUS52 KMLB 300634
CF6FPR
PRELIMINARY LOCAL CLIMATOLOGICAL DATA (WS FORM: F-6)

                                          STATION:   FORT PIERCE
                                          MONTH:     APRIL
                                          YEAR:      2016
                                          LATITUDE:   27 30 N
                                          LONGITUDE:  80 22 W

  TEMPERATURE IN F:       :PCPN:    SNOW:  WIND      :SUNSHINE: SKY     :PK WND
================================================================================
1   2   3   4   5  6A  6B    7    8   9   10  11  12  13   14  15   16   17  18
                                     12Z  AVG MX 2MIN
DY MAX MIN AVG DEP HDD CDD  WTR  SNW DPTH SPD SPD DIR MIN PSBL S-S WX    SPD DR
================================================================================

 1  88  70  79  10   0  14 0.10  0.0    0  8.9 20 130   M    M   2 1      23 130
 2  85  72  79  10   0  14    T  0.0    0  8.5 17 220   M    M   3 13     24 210
 3  72  58  65  -4   0   0 0.00  0.0    0  7.2 15  10   M    M   4        24  40
 4  78  57  68  -2   0   3 0.01  0.0    0  3.6 12  70   M    M   2        17  60
 5  79  56  68  -2   0   3 0.00  0.0    0  6.0 14  30   M    M   0        19 360
 6  75  67  71   1   0   6 0.00  0.0    0 12.7 21 110   M    M   5        25 110
 7  83  59  71   1   0   6    T  0.0    0  7.9 20 270   M    M   2        26 280
 8  83  54  69  -1   0   4 0.00  0.0    0  6.2 15 270   M    M   0 1      22 280
 9  74  48  61  -9   4   0 0.00  0.0    0  6.1 14  30   M    M   0 1      24  30
10  78  46  62  -8   3   0 0.00  0.0    0  8.3 18 110   M    M   3        25  90
11  77  66  72   2   0   7 0.00  0.0    0 11.6 21 110   M    M   4        25 100
12  79  55  67  -4   0   2 0.00  0.0    0  5.7 15 110   M    M   2        21 110
13  80  59  70  -1   0   5 0.00  0.0    0  4.3 14 110   M    M   1 1      19 110
14  82  63  73   2   0   8 0.27  0.0    0  6.4 18 140   M    M   4 123    25 140
15  82  65  74   3   0   9 1.16  0.0    0  5.1 18 120   M    M   4 13     23 110
16  77  66  72   1   0   7 0.41  0.0    0 10.9 21  90   M    M   9 13     27  90
17  76  68  72   1   0   7    T  0.0    0 10.9 18  80   M    M   6        27  60
18  77  64  71  -1   0   6 0.03  0.0    0  7.4 17  80   M    M   5 1      23  60
19  77  59  68  -4   0   3 0.00  0.0    0  6.1 15  90   M    M   4        24  90
20  77  56  67  -5   0   2 0.00  0.0    0  8.1 18 110   M    M   4        24 100
21  80  71  76   4   0  11 0.00  0.0    0 16.0 23 130   M    M   2        28 140
22  82  64  73   1   0   8 0.00  0.0    0 10.0 24 130   M    M   5        29 120
23  86  65  76   4   0  11 0.00  0.0    0  7.2 18 270   M    M   4        25 240
24  81  65  73   1   0   8    T  0.0    0  7.4 16  90   M    M   3        21 100
25  80  70  75   3   0  10 0.00  0.0    0 10.4 17 110   M    M   3        21 120
26  80  59  70  -3   0   5 0.00  0.0    0  7.4 16 130   M    M   2        26 110
27  80  59  70  -3   0   5 0.00  0.0    0  6.8 18 120   M    M   2 1      23 130
28  84  60  72  -1   0   7 0.00  0.0    0  6.7 17 130   M    M   0        23 110
29  85  63  74   1   0   9 0.00  0.0    0  6.7 17 110   M    M   1 1      20 110
================================================================================
SM 2317 1784         7 180  1.98     0.0 230.5          M       86
================================================================================
AV 79.9 61.5                               7.9 FASTST   M    M   3    MAX(MPH)
                                 MISC ---->  # 24 130               # 29  120
================================================================================
NOTES:
# LAST OF SEVERAL OCCURRENCES

COLUMN 17 PEAK WIND IN M.P.H.

PRELIMINARY LOCAL CLIMATOLOGICAL DATA (WS FORM: F-6) , PAGE 2

                                          STATION:  FORT PIERCE
                                          MONTH:    APRIL
                                          YEAR:     2016
                                          LATITUDE:   27 30 N
                                          LONGITUDE:  80 22 W

[TEMPERATURE DATA]      [PRECIPITATION DATA]       SYMBOLS USED IN COLUMN 16

AVERAGE MONTHLY: 70.7   TOTAL FOR MONTH:   1.98    1 = FOG OR MIST
DPTR FM NORMAL:  -0.4   DPTR FM NORMAL:   -0.60    2 = FOG REDUCING VISIBILITY
HIGHEST:    88 ON  1    GRTST 24HR  1.43 ON 14-15      TO 1/4 MILE OR LESS
LOWEST:     46 ON 10                               3 = THUNDER
                        SNOW, ICE PELLETS, HAIL    4 = ICE PELLETS
                        TOTAL MONTH:   0.0 INCH    5 = HAIL
                        GRTST 24HR     0.0         6 = FREEZING RAIN OR DRIZZLE
                        GRTST DEPTH:   0           7 = DUSTSTORM OR SANDSTORM:
                                                       VSBY 1/2 MILE OR LESS
                                                   8 = SMOKE OR HAZE
[NO. OF DAYS WITH]      [WEATHER - DAYS WITH]      9 = BLOWING SNOW
                                                   X = TORNADO
MAX 32 OR BELOW:   0    0.01 INCH OR MORE:   6
MAX 90 OR ABOVE:   0    0.10 INCH OR MORE:   4
MIN 32 OR BELOW:   0    0.50 INCH OR MORE:   1
MIN  0 OR BELOW:   0    1.00 INCH OR MORE:   1

[HDD (BASE 65) ]
TOTAL THIS MO.     7    CLEAR  (SCALE 0-3)  16
DPTR FM NORMAL    -6    PTCLDY (SCALE 4-7)  12
TOTAL FM JUL 1   334    CLOUDY (SCALE 8-10)  1
DPTR FM NORMAL  -107

[CDD (BASE 65) ]
TOTAL THIS MO.   180
DPTR FM NORMAL    -8    [PRESSURE DATA]
TOTAL FM JAN 1   458    HIGHEST SLP M ON M
DPTR FM NORMAL    25    LOWEST  SLP 29.78 ON  2

[REMARKS]
