000
CXUS54 KTSA 260840
CF6FSM
PRELIMINARY LOCAL CLIMATOLOGICAL DATA (WS FORM: F-6)

                                          STATION:   FORT SMITH ARKANSAS
                                          MONTH:     MAY
                                          YEAR:      2015
                                          LATITUDE:   35 19 N
                                          LONGITUDE:  94 22 W

  TEMPERATURE IN F:       :PCPN:    SNOW:  WIND      :SUNSHINE: SKY     :PK WND
================================================================================
1   2   3   4   5  6A  6B    7    8   9   10  11  12  13   14  15   16   17  18
                                     12Z  AVG MX 2MIN
DY MAX MIN AVG DEP HDD CDD  WTR  SNW DPTH SPD SPD DIR MIN PSBL S-S WX    SPD DR
================================================================================

 1  77  49  63  -3   2   0 0.00  0.0    0  4.6 14  80   M    M   0        16  70
 2  81  51  66   0   0   1 0.00  0.0    0  4.7 12 190   M    M   0        14 180
 3  83  57  70   4   0   5 0.00  0.0    0  6.3 17 220   M    M   0        21 190
 4  84  60  72   5   0   7 0.00  0.0    0  5.1 15 170   M    M   3        19 200
 5  84  61  73   6   0   8 0.00  0.0    0  8.7 20 120   M    M   4        29 150
 6  82  66  74   7   0   9 0.03  0.0    0  8.0 16 170   M    M   6        24 170
 7  84  64  74   6   0   9 0.47  0.0    0  4.8 20 290   M    M   6 13     26 140
 8  78  66  72   4   0   7 1.14  0.0    0  6.4 23 270   M    M   7 13     28 280
 9  75  63  69   1   0   4 2.83  0.0    0  8.3 22 300   M    M   7 13     29 290
10  72  61  67  -1   0   2 3.96  0.0    0  7.4 41 270   M    M   9 123    54 260
11  72  56  64  -5   1   0 0.75  0.0    0  7.3 17 270   M    M   4 13     25 250
12  71  52  62  -7   3   0 0.00  0.0    0  4.2 15  20   M    M   0        17  20
13  68  55  62  -7   3   0 0.15  0.0    0  9.4 20  80   M    M   8 1      23  70
14  83  59  71   2   0   6 0.00  0.0    0  6.9 21 220   M    M   4        23 210
15  82  69  76   6   0  11    T  0.0    0  5.7 15 190   M    M   5 18     20 160
16  87  68  78   8   0  13 0.08  0.0    0  7.3 17 200   M    M   4 1      22 190
17  79  64  72   2   0   7 0.66  0.0    0  5.8 31 300   M    M   4 13     39 310
18  88  64  76   6   0  11 0.00  0.0    0  3.0 13  10   M    M   4 12     15  20
19  82  65  74   3   0   9 0.94  0.0    0  8.6 18  80   M    M   4 13     21  60
20  77  59  68  -3   0   3 2.84  0.0    0 10.6 23  70   M    M   7 13     26  60
21  70  56  63  -8   2   0 0.00  0.0    0  7.0 16  30   M    M   4        19  40
22  65  53  59 -12   6   0 0.09  0.0    0  8.0 15  70   M    M   5 1      21  80
23  78  58  68  -4   0   3 0.97  0.0    0  9.7 16  80   M    M   8 13     21  70
24  73  61  67  -5   0   2 2.84  0.0    0  6.3 23 210   M    M   8 123    35 230
25  83  63  73   1   0   8 0.58  0.0    0  8.1 25 190   M    M   9 123    39 200
================================================================================
SM 1958 1500        17 125 18.33     0.0 172.2          M      120
================================================================================
AV 78.3 60.0                               6.9 FASTST   M    M   5    MAX(MPH)
                                 MISC ---->  # 41 270               # 54  260
================================================================================
NOTES:
# LAST OF SEVERAL OCCURRENCES

COLUMN 17 PEAK WIND IN M.P.H.

PRELIMINARY LOCAL CLIMATOLOGICAL DATA (WS FORM: F-6) , PAGE 2

                                          STATION:  FORT SMITH ARKANSAS
                                          MONTH:    MAY
                                          YEAR:     2015
                                          LATITUDE:   35 19 N
                                          LONGITUDE:  94 22 W

[TEMPERATURE DATA]      [PRECIPITATION DATA]       SYMBOLS USED IN COLUMN 16

AVERAGE MONTHLY: 69.2   TOTAL FOR MONTH:  18.33    1 = FOG OR MIST
DPTR FM NORMAL:   0.1   DPTR FM NORMAL:   13.86    2 = FOG REDUCING VISIBILITY
HIGHEST:    88 ON 18    GRTST 24HR  5.15 ON  9-10      TO 1/4 MILE OR LESS
LOWEST:     49 ON  1                               3 = THUNDER
                        SNOW, ICE PELLETS, HAIL    4 = ICE PELLETS
                        TOTAL MONTH:   0.0 INCH    5 = HAIL
                        GRTST 24HR     0.0         6 = FREEZING RAIN OR DRIZZLE
                        GRTST DEPTH:   0           7 = DUSTSTORM OR SANDSTORM:
                                                       VSBY 1/2 MILE OR LESS
                                                   8 = SMOKE OR HAZE
[NO. OF DAYS WITH]      [WEATHER - DAYS WITH]      9 = BLOWING SNOW
                                                   X = TORNADO
MAX 32 OR BELOW:   0    0.01 INCH OR MORE:  15
MAX 90 OR ABOVE:   0    0.10 INCH OR MORE:  12
MIN 32 OR BELOW:   0    0.50 INCH OR MORE:  10
MIN  0 OR BELOW:   0    1.00 INCH OR MORE:   5

[HDD (BASE 65) ]
TOTAL THIS MO.    17    CLEAR  (SCALE 0-3)   5
DPTR FM NORMAL    -9    PTCLDY (SCALE 4-7)  17
TOTAL FM JUL 1  3311    CLOUDY (SCALE 8-10)  3
DPTR FM NORMAL    70

[CDD (BASE 65) ]
TOTAL THIS MO.   125
DPTR FM NORMAL    -2    [PRESSURE DATA]
TOTAL FM JAN 1   193    HIGHEST SLP M ON M
DPTR FM NORMAL     0    LOWEST  SLP 29.73 ON 25

[REMARKS]
