000
CXUS52 KFFC 261110
CF6FTY
PRELIMINARY LOCAL CLIMATOLOGICAL DATA (WS FORM: F-6)

                                          STATION:   FULTON COUNTY AIRPORT
                                          MONTH:     FEBRUARY
                                          YEAR:      2015
                                          LATITUDE:   33 46 N
                                          LONGITUDE:  84 31 W

  TEMPERATURE IN F:       :PCPN:    SNOW:  WIND      :SUNSHINE: SKY     :PK WND
================================================================================
1   2   3   4   5  6A  6B    7    8   9   10  11  12  13   14  15   16   17  18
                                     12Z  AVG MX 2MIN
DY MAX MIN AVG DEP HDD CDD  WTR  SNW DPTH SPD SPD DIR MIN PSBL S-S WX    SPD DR
================================================================================

 1  56  36  46   2  19   0 0.72  0.0    M  4.4 15 200   M    M   6 1      23 200
 2  56  28  42  -2  23   0 0.16  0.0    M 12.5 30 300   M    M   7 1      40 300
 3  50  25  38  -6  27   0 0.00  0.0    M  2.8 10  10   M    M   0        14 320
 4  51  29  40  -5  25   0 0.00    M    M  1.2  9 150   M    M   0        11 210
 5  49  31  40  -5  25   0 0.00    M    M  8.3 21 310   M    M   1        29 350
 6  52  20  36  -9  29   0 0.00    M    M  1.1  9 200   M    M   0        12 220
 7  64  26  45   0  20   0 0.00    M    M  3.6 15 210   M    M   0        20 210
 8  67  29  48   3  17   0 0.00  0.0    M  4.0 16 220   M    M   3        21 220
 9  65  44  55  10  10   0 0.27  0.0    M  7.1 20 310   M    M   9 13     26 310
10  53  38  46   1  19   0 0.00    M    M  9.7 22 320   M    M   6        29 320
11  64  29  47   1  18   0 0.00  0.0    M  2.4 10 300   M    M   0 1      14 300
12  49  27  38  -8  27   0 0.00    M    M 12.1 32 310   M    M   0        42 300
13  44  25  35 -11  30   0 0.00    M    M  5.1 14 290   M    M   0        19 350
14  60  28  44  -2  21   0 0.00  0.0    0  9.6 30 290   M    M   2        45 310
15  47  20  34 -12  31   0 0.00  0.0    0  8.7 22 310   M    M   3        31 340
16  40  31  36 -10  29   0 0.92  0.0    0  6.2 20 320   M    M  10 1      24 310
17  38  27  33 -14  32   0    T  0.0    0  9.3 18 310   M    M   4 1      26 280
18  38  22  30 -17  35   0    T    T    M 12.8 26 300   M    M   5        41 320
19  27  13  20 -27  45   0 0.00  0.0    M 12.4 23 310   M    M   1        30 310
20  35  15  25 -22  40   0    T  0.0    M  4.7 13 140   M    M   8        16 150
21  51  34  43  -5  22   0 0.13    M    M  5.7 16 170   M    M  10 1      20 180
22  54  42  48   0  17   0 0.33  0.0    M  4.0 14 320   M    M   9 1      16 320
23  47  35  41  -7  24   0 0.30  0.0    M  9.3 21 330   M    M   8 1      28 320
24  37  30  34 -14  31   0 0.15    M    M  2.8 10 320   M    M   9 126    14 330
25  38  31  35 -13  30   0 0.48    M    M  3.1 13  70   M    M   5 1      15  70
================================================================================
SM 1232  715       646   0  3.46    T    162.9          M      106
================================================================================
AV 49.3 28.6                               6.5 FASTST   M    M   4    MAX(MPH)
                                 MISC ---->  # 32 310               # 45  310
================================================================================
NOTES:
# LAST OF SEVERAL OCCURRENCES

COLUMN 17 PEAK WIND IN M.P.H.

PRELIMINARY LOCAL CLIMATOLOGICAL DATA (WS FORM: F-6) , PAGE 2

                                          STATION:  FULTON COUNTY AIRPORT
                                          MONTH:    FEBRUARY
                                          YEAR:     2015
                                          LATITUDE:   33 46 N
                                          LONGITUDE:  84 31 W

[TEMPERATURE DATA]      [PRECIPITATION DATA]       SYMBOLS USED IN COLUMN 16

AVERAGE MONTHLY: 38.9   TOTAL FOR MONTH:   3.46    1 = FOG OR MIST
DPTR FM NORMAL:  -7.1   DPTR FM NORMAL:   -0.83    2 = FOG REDUCING VISIBILITY
HIGHEST:    67 ON  8    GRTST 24HR  0.92 ON 16-16      TO 1/4 MILE OR LESS
LOWEST:     13 ON 19                               3 = THUNDER
                        SNOW, ICE PELLETS, HAIL    4 = ICE PELLETS
                        TOTAL MONTH:    T          5 = HAIL
                        GRTST 24HR    T  ON 18-18  6 = FREEZING RAIN OR DRIZZLE
                        GRTST DEPTH:   0           7 = DUSTSTORM OR SANDSTORM:
                                                       VSBY 1/2 MILE OR LESS
                                                   8 = SMOKE OR HAZE
[NO. OF DAYS WITH]      [WEATHER - DAYS WITH]      9 = BLOWING SNOW
                                                   X = TORNADO
MAX 32 OR BELOW:   1    0.01 INCH OR MORE:   9
MAX 90 OR ABOVE:   0    0.10 INCH OR MORE:   9
MIN 32 OR BELOW:  19    0.50 INCH OR MORE:   2
MIN  0 OR BELOW:   0    1.00 INCH OR MORE:   0

[HDD (BASE 65) ]
TOTAL THIS MO.   646    CLEAR  (SCALE 0-3)  12
DPTR FM NORMAL   169    PTCLDY (SCALE 4-7)   7
TOTAL FM JUL 1  2508    CLOUDY (SCALE 8-10)  6
DPTR FM NORMAL   215

[CDD (BASE 65) ]
TOTAL THIS MO.     0
DPTR FM NORMAL     0    [PRESSURE DATA]
TOTAL FM JAN 1     0    HIGHEST SLP M ON M
DPTR FM NORMAL     0    LOWEST  SLP 29.65 ON  2

[REMARKS]
