000
CXUS56 KSGX 291445
CF6FUL
PRELIMINARY LOCAL CLIMATOLOGICAL DATA (WS FORM: F-6)

                                          STATION:   FULLERTON AIRPORT CA
                                          MONTH:     JUNE
                                          YEAR:      2015
                                          LATITUDE:   33 52 N
                                          LONGITUDE: 117 58 W

  TEMPERATURE IN F:       :PCPN:    SNOW:  WIND      :SUNSHINE: SKY     :PK WND
================================================================================
1   2   3   4   5  6A  6B    7    8   9   10  11  12  13   14  15   16   17  18
                                     12Z  AVG MX 2MIN
DY MAX MIN AVG DEP HDD CDD  WTR  SNW DPTH SPD SPD DIR MIN PSBL S-S WX    SPD DR
================================================================================

 1  78  62  70   2   0   5 0.00  0.0    0  3.8 12 210   M    M   4 8      16 230
 2  77  59  68   0   0   3 0.00  0.0    0  4.9 12 230   M    M   2        16 210
 3  77  63  70   2   0   5    T  0.0    0  5.2 13 190   M    M   8 1      17 210
 4  73  63  68   0   0   3    T  0.0    0  5.0 10 220   M    M   9        14 170
 5  75  62  69   1   0   4 0.00  0.0    0  5.3 14 210   M    M   6        21 210
 6  77  60  69   1   0   4 0.00  0.0    0  3.6 10 280   M    M   4        15 280
 7  84  60  72   4   0   7 0.00  0.0    0  4.1 13 190   M    M   2        17 180
 8  96  61  79  11   0  14 0.00  0.0    0  3.3 14 160   M    M   1 18     18 170
 9  88  67  78   9   0  13    T  0.0    0  4.8 15 170   M    M   5 8      20 170
10  77  64  71   2   0   6 0.00  0.0    0  5.4 12 190   M    M   6        15 200
11  77  63  70   1   0   5 0.00  0.0    0  4.5 12 200   M    M   8 1      16 220
12  75  65  70   1   0   5 0.00  0.0    0  4.4 10 200   M    M   8 1      14 200
13  75  64  70   1   0   5 0.00  0.0    0  4.2 10 210   M    M   8        14 220
14  81  65  73   4   0   8 0.00  0.0    0  3.6 12 200   M    M   6        16 230
15  83  65  74   4   0   9 0.00  0.0    0  4.2 12 200   M    M   5 18     16 210
16  80  64  72   2   0   7 0.00  0.0    0  4.1  8 200   M    M   4 18      M  M
17  80  64  72   2   0   7 0.00  0.0    0  4.0 10 210   M    M   3 18     14 220
18  85  64  75   5   0  10 0.00  0.0    0  4.1 12 190   M    M   3 18     17 160
19  89  60  75   5   0  10 0.00  0.0    0  4.0 10 190   M    M   1 128    13 220
20  85  64  75   5   0  10 0.00  0.0    0  4.1 12 200   M    M   1 18     16 240
21  81  66  74   3   0   9 0.00  0.0    0  5.0 13 220   M    M   3        18 220
22  84  65  75   4   0  10 0.00  0.0    0  3.8 12 190   M    M   1 18     16 200
23  87  65  76   5   0  11 0.00  0.0    0  3.7 12 200   M    M   0        16 220
24  85  66  76   5   0  11 0.00  0.0    0  4.5 12 210   M    M   0        16 170
25  84  65  75   4   0  10 0.00  0.0    0  4.8 10 180   M    M   2 8      14 180
26  86  65  76   4   0  11 0.00  0.0    0  3.9 10 210   M    M   3 18     14 190
27  79  64  72   0   0   7    T  0.0    0  3.4  9 310   M    M   0        14 310
28  97  69  83  11   0  18 0.00  0.0    0  3.8 12 290   M    M   0 8      16 260
================================================================================
SM 2295 1784         0 227    T      0.0 119.5          M      103
================================================================================
AV 82.0 63.7                               4.3 FASTST   M    M   4    MAX(MPH)
                                 MISC ---->  # 15 170               # 21  210
================================================================================
NOTES:
# LAST OF SEVERAL OCCURRENCES

COLUMN 17 PEAK WIND IN M.P.H.

PRELIMINARY LOCAL CLIMATOLOGICAL DATA (WS FORM: F-6) , PAGE 2

                                          STATION:  FULLERTON AIRPORT CA
                                          MONTH:    JUNE
                                          YEAR:     2015
                                          LATITUDE:   33 52 N
                                          LONGITUDE: 117 58 W

[TEMPERATURE DATA]      [PRECIPITATION DATA]       SYMBOLS USED IN COLUMN 16

AVERAGE MONTHLY: 72.8   TOTAL FOR MONTH:      T    1 = FOG OR MIST
DPTR FM NORMAL:   3.2   DPTR FM NORMAL:   -0.09    2 = FOG REDUCING VISIBILITY
HIGHEST:    97 ON 28    GRTST 24HR    T  ON 27-27      TO 1/4 MILE OR LESS
LOWEST:     59 ON  2                               3 = THUNDER
                        SNOW, ICE PELLETS, HAIL    4 = ICE PELLETS
                        TOTAL MONTH:   0.0 INCH    5 = HAIL
                        GRTST 24HR     0.0         6 = FREEZING RAIN OR DRIZZLE
                        GRTST DEPTH:   0           7 = DUSTSTORM OR SANDSTORM:
                                                       VSBY 1/2 MILE OR LESS
                                                   8 = SMOKE OR HAZE
[NO. OF DAYS WITH]      [WEATHER - DAYS WITH]      9 = BLOWING SNOW
                                                   X = TORNADO
MAX 32 OR BELOW:   0    0.01 INCH OR MORE:   0
MAX 90 OR ABOVE:   2    0.10 INCH OR MORE:   0
MIN 32 OR BELOW:   0    0.50 INCH OR MORE:   0
MIN  0 OR BELOW:   0    1.00 INCH OR MORE:   0

[HDD (BASE 65) ]
TOTAL THIS MO.     0    CLEAR  (SCALE 0-3)  15
DPTR FM NORMAL     0    PTCLDY (SCALE 4-7)  12
TOTAL FM JUL 1   453    CLOUDY (SCALE 8-10)  1
DPTR FM NORMAL  -771

[CDD (BASE 65) ]
TOTAL THIS MO.   227
DPTR FM NORMAL    96    [PRESSURE DATA]
TOTAL FM JAN 1   569    HIGHEST SLP M ON M
DPTR FM NORMAL   315    LOWEST  SLP 29.73 ON 14

[REMARKS]
