000
CXUS52 KMFL 251000
CF6FXE
PRELIMINARY LOCAL CLIMATOLOGICAL DATA (WS FORM: F-6)

                                          STATION:   FORT LAUDERDALE EXEC ARPT
                                          MONTH:     JANUARY
                                          YEAR:      2015
                                          LATITUDE:   26 12 N
                                          LONGITUDE:  80 11 W

  TEMPERATURE IN F:       :PCPN:    SNOW:  WIND      :SUNSHINE: SKY     :PK WND
================================================================================
1   2   3   4   5  6A  6B    7    8   9   10  11  12  13   14  15   16   17  18
                                     12Z  AVG MX 2MIN
DY MAX MIN AVG DEP HDD CDD  WTR  SNW DPTH SPD SPD DIR MIN PSBL S-S WX    SPD DR
================================================================================

 1  80  70  75   8   0  10 0.02  0.0    0  4.1 17  80   M    M   7 1      20  90
 2  82  71  77  10   0  12 0.18  0.0    0  8.4 20 120   M    M   5 1      25 110
 3  83  75  79  12   0  14 0.00  0.0    0 13.1 22 140   M    M   4        29 120
 4  83  73  78  11   0  13    T  0.0    0  8.9 21 130   M    M   3        26 160
 5  84  71  78  11   0  13 0.04  0.0    0  6.5 15  60   M    M   5 1      21  30
 6  82  67  75   8   0  10    T  0.0    0  5.8 13 100   M    M   5 1      15 100
 7  80  63  72   5   0   7 0.00  0.0    0  5.4 10 330   M    M   5        14 340
 8  74  56  65  -1   0   0    T  0.0    0 11.7 22  80   M    M   4 1      29  80
 9  79  63  71   5   0   6    T  0.0    0  4.4 16  90   M    M   3 1      21  90
10  78  59  69   3   0   4 0.00  0.0    0  9.0 17  50   M    M   4 8      23  60
11  79  72  76  10   0  11    T  0.0    0 13.8 23  80   M    M   6 1      30  80
12  82  73  78  12   0  13 0.03  0.0    0 12.1 24 110   M    M   7 1      28 110
13  82  70  76  10   0  11 1.03  0.0    0  4.4 16  90   M    M   5 13     20  80
14  79  67  73   7   0   8 0.00  0.0    0  6.1 12 330   M    M   7 1      15 340
15  79  64  72   6   0   7 0.00  0.0    0  5.6 12 340   M    M   8        16 320
16  73  59  66   0   0   1 0.00  0.0    0  7.5 16 340   M    M   5        21 340
17  76  54  65  -1   0   0 0.00  0.0    0  7.7 14 100   M    M   2        21 100
18  74  63  69   3   0   4 0.00  0.0    M  7.3 12 340   M    M   1         M  M
19  75  58  67   1   0   2 0.00  0.0    M  8.1 12  40   M    M   2        18  40
20  74  61  68   1   0   3    T  0.0    M  3.8 14 150   M    M   7        17 170
21  81  64  73   6   0   8 0.00  0.0    0  6.0 13  80   M    M   5        17  70
22  80  65  73   6   0   8 0.00  0.0    0  9.4 17  90   M    M   3        21  90
23  80  72  76   9   0  11 0.00  0.0    0 11.1 22 140   M    M   3        26 130
24  78  57  68   1   0   3    T  0.0    0 11.8 26 260   M    M   3 1      33 250
================================================================================
SM 1897 1567         0 179  1.30     0.0 192.0          M      109
================================================================================
AV 79.0 65.3                               8.0 FASTST   M    M   5    MAX(MPH)
                                 MISC ---->  # 26 260               # 33  250
================================================================================
NOTES:
# LAST OF SEVERAL OCCURRENCES

COLUMN 17 PEAK WIND IN M.P.H.

PRELIMINARY LOCAL CLIMATOLOGICAL DATA (WS FORM: F-6) , PAGE 2

                                          STATION:  FORT LAUDERDALE EXEC ARPT
                                          MONTH:    JANUARY
                                          YEAR:     2015
                                          LATITUDE:   26 12 N
                                          LONGITUDE:  80 11 W

[TEMPERATURE DATA]      [PRECIPITATION DATA]       SYMBOLS USED IN COLUMN 16

AVERAGE MONTHLY: 72.2   TOTAL FOR MONTH:   1.30    1 = FOG OR MIST
DPTR FM NORMAL:   5.7   DPTR FM NORMAL:   -0.45    2 = FOG REDUCING VISIBILITY
HIGHEST:    84 ON  5    GRTST 24HR  1.03 ON 13-13      TO 1/4 MILE OR LESS
LOWEST:     54 ON 17                               3 = THUNDER
                        SNOW, ICE PELLETS, HAIL    4 = ICE PELLETS
                        TOTAL MONTH:   0.0 INCH    5 = HAIL
                        GRTST 24HR     0.0         6 = FREEZING RAIN OR DRIZZLE
                        GRTST DEPTH:   0           7 = DUSTSTORM OR SANDSTORM:
                                                       VSBY 1/2 MILE OR LESS
                                                   8 = SMOKE OR HAZE
[NO. OF DAYS WITH]      [WEATHER - DAYS WITH]      9 = BLOWING SNOW
                                                   X = TORNADO
MAX 32 OR BELOW:   0    0.01 INCH OR MORE:   5
MAX 90 OR ABOVE:   0    0.10 INCH OR MORE:   2
MIN 32 OR BELOW:   0    0.50 INCH OR MORE:   1
MIN  0 OR BELOW:   0    1.00 INCH OR MORE:   1

[HDD (BASE 65) ]
TOTAL THIS MO.     0    CLEAR  (SCALE 0-3)   6
DPTR FM NORMAL   -56    PTCLDY (SCALE 4-7)  18
TOTAL FM JUL 1    39    CLOUDY (SCALE 8-10)  0
DPTR FM NORMAL   -64

[CDD (BASE 65) ]
TOTAL THIS MO.   179
DPTR FM NORMAL    83    [PRESSURE DATA]
TOTAL FM JAN 1   179    HIGHEST SLP M ON M
DPTR FM NORMAL    83    LOWEST  SLP 29.91 ON 24

[REMARKS]
