000
CXUS54 KTSA 280840
CF6FYV
PRELIMINARY LOCAL CLIMATOLOGICAL DATA (WS FORM: F-6)

                                          STATION:   FAYETTEVILLE ARKANSAS
                                          MONTH:     JUNE
                                          YEAR:      2017
                                          LATITUDE:   36  0 N
                                          LONGITUDE:  94 10 W

  TEMPERATURE IN F:       :PCPN:    SNOW:  WIND      :SUNSHINE: SKY     :PK WND
================================================================================
1   2   3   4   5  6A  6B    7    8   9   10  11  12  13   14  15   16   17  18
                                     12Z  AVG MX 2MIN
DY MAX MIN AVG DEP HDD CDD  WTR  SNW DPTH SPD SPD DIR MIN PSBL S-S WX    SPD DR
================================================================================

 1  83  59  71   2   0   6 0.06  0.0    0  1.2 14  80   M    M   3 123    20 130
 2  82  57  70   1   0   5 0.00  0.0    0  3.9 14 150   M    M   5 12     18 160
 3  79  61  70   0   0   5 0.48  0.0    0  3.0 26 180   M    M   3 138    29 180
 4  79  65  72   2   0   7 1.52  0.0    0  1.7 22 220   M    M   8 123    29 210
 5  81  65  73   3   0   8 0.68  0.0    0  2.0 16  80   M    M   6 123    23  80
 6  85  61  73   3   0   8 0.00  0.0    0  3.5 10  60   M    M   4 12      M  M
 7  78  50  64  -7   1   0 0.00  0.0    0  2.4 13  70   M    M   0        17  80
 8  79  50  65  -6   0   0 0.00  0.0    0  2.6  9  80   M    M   0 1      11  80
 9  79  53  66  -5   0   1 0.00  0.0    0  3.8 14 200   M    M   1 8      17 220
10  82  56  69  -3   0   4 0.00  0.0    0  9.1 20 190   M    M   2        25 190
11  84  66  75   3   0  10 0.00  0.0    0 10.7 23 190   M    M   1        30 190
12  87  71  79   7   0  14 0.00  0.0    0 10.6 20 180   M    M   1        26 170
13  87  70  79   7   0  14 0.00  0.0    0 10.7 22 160   M    M   4        27 170
14  87  71  79   6   0  14 0.00  0.0    0 10.3 26 180   M    M   2        32 180
15  86  65  76   3   0  11 0.59  0.0    0  7.1 33 330   M    M   2 13     44 320
16  88  63  76   3   0  11 0.19  0.0    0  6.6 22 190   M    M   2 13     29 320
17  86  71  79   6   0  14 0.01  0.0    0  7.5 18 220   M    M   1 3      28 160
18  76  65  71  -3   0   6 1.11  0.0    0  3.5 26 310   M    M   8 13     33 320
19  81  59  70  -4   0   5 0.00  0.0    0  1.7  7  60   M    M   3 12      9  80
20  89  59  74   0   0   9 0.00  0.0    0  3.3 10 190   M    M   1        13 200
21  88  59  74   0   0   9 0.00  0.0    0  3.1 14 120   M    M   0        19 100
22  86  67  77   2   0  12 0.00  0.0    0  4.6 14 130   M    M   7 1      17 150
23  87  63  75   0   0  10 0.03  0.0    0  4.7 23 340   M    M   4 13     34 340
24  78  61  70  -5   0   5 0.07  0.0    0  2.9 10  80   M    M   2 1      15  30
25  83  59  71  -4   0   6    T  0.0    0  2.0  9  90   M    M   3        12 130
26  82  61  72  -3   0   7 0.00  0.0    0  3.7 15 180   M    M   2        20 170
27  83  59  71  -5   0   6 0.00  0.0    0  4.7 14 130   M    M   1        17 140
================================================================================
SM 2245 1666         1 207  4.74     0.0 130.9          M       76
================================================================================
AV 83.2 61.7                               4.8 FASTST   M    M   3    MAX(MPH)
                                 MISC ---->  # 33 330               # 44  320
================================================================================
NOTES:
# LAST OF SEVERAL OCCURRENCES

COLUMN 17 PEAK WIND IN M.P.H.

PRELIMINARY LOCAL CLIMATOLOGICAL DATA (WS FORM: F-6) , PAGE 2

                                          STATION:  FAYETTEVILLE ARKANSAS
                                          MONTH:    JUNE
                                          YEAR:     2017
                                          LATITUDE:   36  0 N
                                          LONGITUDE:  94 10 W

[TEMPERATURE DATA]      [PRECIPITATION DATA]       SYMBOLS USED IN COLUMN 16

AVERAGE MONTHLY: 72.4   TOTAL FOR MONTH:   4.74    1 = FOG OR MIST
DPTR FM NORMAL:  -0.1   DPTR FM NORMAL:    0.22    2 = FOG REDUCING VISIBILITY
HIGHEST:    89 ON 20    GRTST 24HR  1.52 ON  4- 4      TO 1/4 MILE OR LESS
LOWEST:     50 ON  8, 7                            3 = THUNDER
                        SNOW, ICE PELLETS, HAIL    4 = ICE PELLETS
                        TOTAL MONTH:   0.0 INCH    5 = HAIL
                        GRTST 24HR     0.0         6 = FREEZING RAIN OR DRIZZLE
                        GRTST DEPTH:   0           7 = DUSTSTORM OR SANDSTORM:
                                                       VSBY 1/2 MILE OR LESS
                                                   8 = SMOKE OR HAZE
[NO. OF DAYS WITH]      [WEATHER - DAYS WITH]      9 = BLOWING SNOW
                                                   X = TORNADO
MAX 32 OR BELOW:   0    0.01 INCH OR MORE:  10
MAX 90 OR ABOVE:   0    0.10 INCH OR MORE:   6
MIN 32 OR BELOW:   0    0.50 INCH OR MORE:   4
MIN  0 OR BELOW:   0    1.00 INCH OR MORE:   2

[HDD (BASE 65) ]
TOTAL THIS MO.     1    CLEAR  (SCALE 0-3)  16
DPTR FM NORMAL    -5    PTCLDY (SCALE 4-7)  11
TOTAL FM JUL 1  3215    CLOUDY (SCALE 8-10)  0
DPTR FM NORMAL  -973

[CDD (BASE 65) ]
TOTAL THIS MO.   207
DPTR FM NORMAL    -4    [PRESSURE DATA]
TOTAL FM JAN 1   311    HIGHEST SLP M ON M
DPTR FM NORMAL   -13    LOWEST  SLP 29.64 ON 17

[REMARKS]
