000
CXUS53 KDDC 291200
CF6GCK
PRELIMINARY LOCAL CLIMATOLOGICAL DATA (WS FORM: F-6)

                                          STATION:   GARDEN CITY REGIONAL ARPT KS
                                          MONTH:     JULY
                                          YEAR:      2015
                                          LATITUDE:   37 55 N
                                          LONGITUDE: 100 43 W

  TEMPERATURE IN F:       :PCPN:    SNOW:  WIND      :SUNSHINE: SKY     :PK WND
================================================================================
1   2   3   4   5  6A  6B    7    8   9   10  11  12  13   14  15   16   17  18
                                     12Z  AVG MX 2MIN
DY MAX MIN AVG DEP HDD CDD  WTR  SNW DPTH SPD SPD DIR MIN PSBL S-S WX    SPD DR
================================================================================

 1  98  68  83   6   0  18 0.00    M    M 10.9 22  30   M    M   0        29  50
 2  82  67  75  -2   0  10 0.53    M    M  8.9 23 350   M    M   4 138    28 360
 3  88  64  76  -1   0  11    T    M    M  6.8 31  70   M    M   1 138    38  90
 4  88  63  76  -2   0  11 0.61    M    M 13.5 24 180   M    M   1 138    31 180
 5  94  69  82   4   0  17 0.00    M    M 17.5 29 180   M    M   1 3      35 180
 6  78  66  72  -6   0   7 0.01    M    M 17.3 31 360   M    M   7 18     39 360
 7  78  58  68 -10   0   3 0.00    M    M 12.6 21  50   M    M   3 18     25  50
 8  78  54  66 -12   0   1 0.05    M    M  5.2 16 100   M    M   1 8      21 100
 9  80  64  72  -6   0   7 0.19    M    M  9.5 17 110   M    M   8 1      22 110
10  90  66  78   0   0  13    T    M    M 14.5 26 180   M    M   3        34 180
11  97  67  82   4   0  17 0.00    M    M 14.1 25 180   M    M   0        32 180
12 102  70  86   8   0  21 0.00    M    M  6.9 20 210   M    M   0        26 210
13 105  62  84   6   0  19 0.90    M    M 12.7 54  20   M    M   1 138    67  10
14  93  65  79   1   0  14 0.47    M    M  8.3 30 290   M    M   0 13     37 290
15  91  65  78   0   0  13 0.32    M    M  9.5 35 180   M    M   0 138    43 150
16  94  65  80   2   0  15 0.00    M    M  4.5 10  10   M    M   0        14 340
17  97  67  82   4   0  17 0.00    M    M 11.4 31 180   M    M   0        43 190
18  95  67  81   2   0  16 0.00    M    M  9.3 20 210   M    M   0        26 210
19  95  67  81   2   0  16 1.22    M    M  7.7 56 330   M    M   1 13     64 320
20  89  68  79   0   0  14 0.04    M    M 11.1 20  40   M    M   0 13     24  20
21  82  67  75  -4   0  10 0.00    M    M 11.6 23  80   M    M   2        29  80
22  86  66  76  -3   0  11 0.47    M    M  8.1 21 140   M    M   4 13     25 130
23  94  72  83   4   0  18 0.00    M    M  9.8 18 190   M    M   3 18     22 180
24  96  69  83   5   0  18 0.00    M    M 11.0 21 190   M    M   0        26 190
25  96  71  84   6   0  19 1.19    M    M 10.4 36 100   M    M   2 13     61  90
26  94  70  82   4   0  17    T    M    M 12.6 36  10   M    M   1 3      50  10
27  94  66  80   2   0  15 0.39    M    M 16.3 29 180   M    M   1 13     36 190
28  86  70  78   0   0  13 0.00    M    M 16.3 25  10   M    M   0        34  30
================================================================================
SM 2540 1853         0 381  6.39    M    308.3          M       44
================================================================================
AV 90.7 66.2                              11.0 FASTST   M    M   2    MAX(MPH)
                                 MISC ---->  # 56 330               # 67   10
================================================================================
NOTES:
# LAST OF SEVERAL OCCURRENCES

COLUMN 17 PEAK WIND IN M.P.H.

PRELIMINARY LOCAL CLIMATOLOGICAL DATA (WS FORM: F-6) , PAGE 2

                                          STATION:  GARDEN CITY REGIONAL ARPT KS
                                          MONTH:    JULY
                                          YEAR:     2015
                                          LATITUDE:   37 55 N
                                          LONGITUDE: 100 43 W

[TEMPERATURE DATA]      [PRECIPITATION DATA]       SYMBOLS USED IN COLUMN 16

AVERAGE MONTHLY: 78.4   TOTAL FOR MONTH:   6.39    1 = FOG OR MIST
DPTR FM NORMAL:   0.3   DPTR FM NORMAL:    3.87    2 = FOG REDUCING VISIBILITY
HIGHEST:   105 ON 13    GRTST 24HR  1.36 ON 13-14      TO 1/4 MILE OR LESS
LOWEST:     54 ON  8                               3 = THUNDER
                        SNOW, ICE PELLETS, HAIL    4 = ICE PELLETS
                        TOTAL MONTH:    M          5 = HAIL
                        GRTST 24HR    M  ON   M    6 = FREEZING RAIN OR DRIZZLE
                        GRTST DEPTH:  M  ON   M    7 = DUSTSTORM OR SANDSTORM:
                                                       VSBY 1/2 MILE OR LESS
                                                   8 = SMOKE OR HAZE
[NO. OF DAYS WITH]      [WEATHER - DAYS WITH]      9 = BLOWING SNOW
                                                   X = TORNADO
MAX 32 OR BELOW:   0    0.01 INCH OR MORE:  13
MAX 90 OR ABOVE:  17    0.10 INCH OR MORE:  10
MIN 32 OR BELOW:   0    0.50 INCH OR MORE:   5
MIN  0 OR BELOW:   0    1.00 INCH OR MORE:   2

[HDD (BASE 65) ]
TOTAL THIS MO.     0    CLEAR  (SCALE 0-3)  24
DPTR FM NORMAL     0    PTCLDY (SCALE 4-7)   4
TOTAL FM JUL 1     0    CLOUDY (SCALE 8-10)  0
DPTR FM NORMAL     0

[CDD (BASE 65) ]
TOTAL THIS MO.   381
DPTR FM NORMAL     9    [PRESSURE DATA]
TOTAL FM JAN 1   757    HIGHEST SLP M ON M
DPTR FM NORMAL    44    LOWEST  SLP 29.63 ON 17

[REMARKS]
