000
CXUS54 KFWD 010730
CF6GDJ
PRELIMINARY LOCAL CLIMATOLOGICAL DATA (WS FORM: F-6)

                                          STATION:   GRANBURY
                                          MONTH:     JUNE
                                          YEAR:      2015
                                          LATITUDE:   32 26 N
                                          LONGITUDE:  97 48 W

  TEMPERATURE IN F:       :PCPN:    SNOW:  WIND      :SUNSHINE: SKY     :PK WND
================================================================================
1   2   3   4   5  6A  6B    7    8   9   10  11  12  13   14  15   16   17  18
                                     12Z  AVG MX 2MIN
DY MAX MIN AVG DEP HDD CDD  WTR  SNW DPTH SPD SPD DIR MIN PSBL S-S WX    SPD DR
================================================================================

 1  87  61  74  -2   0   9 0.00  0.0    0  3.6  8 120   M    M   2         M  M
 2  91  68  80   4   0  15 0.00  0.0    0  7.3 13 110   M    M   1        17 140
 3  91  69  80   3   0  15 0.00  0.0    0  9.1 14 140   M    M   0        20 120
 4  91  68  80   3   0  15 0.00  0.0    0  6.0 16 120   M    M   1        20 120
 5  92  68  80   3   0  15 0.00  0.0    0  4.2 12 140   M    M   1        16 130
 6  93  69  81   3   0  16 0.00  0.0    0  3.1 10 150   M    M   2 1       M  M
 7  94  69  82   4   0  17 0.00  0.0    0  6.2 13 150   M    M   1        17 150
 8  95  71  83   5   0  18 0.00  0.0    0  1.7  8 240   M    M   2         M  M
 9  96  71  84   6   0  19 0.00  0.0    0  1.3  8 110   M    M   1         M  M
10  97  73  85   6   0  20 0.00  0.0    0  5.6 12 130   M    M   1        16 140
11  95  71  83   4   0  18 0.00  0.0    0  8.8 15 140   M    M   1        23 130
12  94  76  85   6   0  20 0.00  0.0    0 11.0 16 120   M    M   3        23 120
13  94  75  85   6   0  20 0.00  0.0    0  8.8 15 140   M    M   5        20 130
14  91  74  83   3   0  18    T  0.0    0 11.3 16 150   M    M   5        22 140
15  93  73  83   3   0  18 0.00  0.0    0  7.1 14 110   M    M   7 3      17 120
16  85  75  80   0   0  15 0.50  0.0    0  4.3  9 110   M    M   9 3       M  M
17  82  73  78  -2   0  13 1.78  0.0    0 13.5 21 270   M    M   8 1      33 280
18  94  71  83   3   0  18 0.00  0.0    0  5.8  9 150   M    M   2        10 280
19  93  73  83   2   0  18 0.00  0.0    0  5.2 14 170   M    M   2        17 190
20  87  75  81   0   0  16 0.00  0.0    0  8.9 14 150   M    M   4        20 180
21  92  74  83   2   0  18 0.13  0.0    0  9.8 16 160   M    M   9 3      20 170
22  94  72  83   2   0  18 0.00  0.0    0  8.4 15 190   M    M  10        23 190
23  93  73  83   1   0  18 0.00  0.0    0  4.7 13 120   M    M  10         M  M
24  95  74  85   3   0  20 0.00  0.0    0  4.6 10 140   M    M   4         M  M
25  96  76  86   4   0  21 0.00  0.0    0  5.8 10 140   M    M   4         M  M
26  95  76  86   4   0  21 0.00  0.0    0  4.5 10 330   M    M   6 3      21 330
27  91  72  82   0   0  17 0.31  0.0    0  4.5 12 360   M    M   5 3      17 300
28  92  68  80  -2   0  15 0.00  0.0    0  2.0  7 170   M    M   2         M  M
29  94  72  83   1   0  18 0.00  0.0    0  3.4  9 110   M    M   4        16 160
30  95  71  83   0   0  18 0.00  0.0    0  4.7 13 170   M    M  10 3       M  M
================================================================================
SM 2772 2151         0 517  2.72     0.0 185.2          M      122
================================================================================
AV 92.4 71.7                               6.2 FASTST   M    M   4    MAX(MPH)
                                 MISC ---->    21   M                 33    M
================================================================================
NOTES:
# LAST OF SEVERAL OCCURRENCES

COLUMN 17 PEAK WIND IN M.P.H.

PRELIMINARY LOCAL CLIMATOLOGICAL DATA (WS FORM: F-6) , PAGE 2

                                          STATION:  GRANBURY
                                          MONTH:    JUNE
                                          YEAR:     2015
                                          LATITUDE:   32 26 N
                                          LONGITUDE:  97 48 W

[TEMPERATURE DATA]      [PRECIPITATION DATA]       SYMBOLS USED IN COLUMN 16

AVERAGE MONTHLY: 82.1   TOTAL FOR MONTH:   2.72    1 = FOG OR MIST
DPTR FM NORMAL:   2.2   DPTR FM NORMAL:       M    2 = FOG REDUCING VISIBILITY
HIGHEST:    97 ON 10    GRTST 24HR  1.78 ON 17-17      TO 1/4 MILE OR LESS
LOWEST:     61 ON  1                               3 = THUNDER
                        SNOW, ICE PELLETS, HAIL    4 = ICE PELLETS
                        TOTAL MONTH:   0.0 INCH    5 = HAIL
                        GRTST 24HR     0.0         6 = FREEZING RAIN OR DRIZZLE
                        GRTST DEPTH:   0           7 = DUSTSTORM OR SANDSTORM:
                                                       VSBY 1/2 MILE OR LESS
                                                   8 = SMOKE OR HAZE
[NO. OF DAYS WITH]      [WEATHER - DAYS WITH]      9 = BLOWING SNOW
                                                   X = TORNADO
MAX 32 OR BELOW:   0    0.01 INCH OR MORE:   4
MAX 90 OR ABOVE:  26    0.10 INCH OR MORE:   4
MIN 32 OR BELOW:   0    0.50 INCH OR MORE:   2
MIN  0 OR BELOW:   0    1.00 INCH OR MORE:   1

[HDD (BASE 65) ]
TOTAL THIS MO.     0    CLEAR  (SCALE 0-3)  14
DPTR FM NORMAL     0    PTCLDY (SCALE 4-7)  11
TOTAL FM JUL 1  2249    CLOUDY (SCALE 8-10)  5
DPTR FM NORMAL  -416

[CDD (BASE 65) ]
TOTAL THIS MO.   517
DPTR FM NORMAL    75    [PRESSURE DATA]
TOTAL FM JAN 1   960    HIGHEST SLP M ON M
DPTR FM NORMAL   184    LOWEST  SLP M ON M

[REMARKS]
#FINAL-06-15#
