000
CXUS51 KPHI 220800
CF6GED
PRELIMINARY LOCAL CLIMATOLOGICAL DATA (WS FORM: F-6)

                                          STATION:   GEORGETOWN DE
                                          MONTH:     DECEMBER
                                          YEAR:      2014
                                          LATITUDE:   38 41 N
                                          LONGITUDE:  75 22 W

  TEMPERATURE IN F:       :PCPN:    SNOW:  WIND      :SUNSHINE: SKY     :PK WND
================================================================================
1   2   3   4   5  6A  6B    7    8   9   10  11  12  13   14  15   16   17  18
                                     12Z  AVG MX 2MIN
DY MAX MIN AVG DEP HDD CDD  WTR  SNW DPTH SPD SPD DIR MIN PSBL S-S WX    SPD DR
================================================================================

 1  70  44  57  13   8   0 0.24    M    M  8.6 20  20   M    M   5 1      35 360
 2  44  39  42  -1  23   0 0.24    M    M  8.1 17  40   M    M  10 12     23  40
 3  55  40  48   5  17   0 0.00    M    M  8.1 21 220   M    M   8 1      28 210
 4  46  30  38  -5  27   0    T    M    M  3.0 10 350   M    M   2        13  10
 5  48  38  43   1  22   0 0.03    M    M  2.4  9  40   M    M  10 1      10  40
 6  57  45  51   9  14   0 0.58    M    M  3.6 18 360   M    M  10 18     27 360
 7  46  36  41  -1  24   0 0.10    M    M 14.2 24  30   M    M   3 1      33  20
 8  47  35  41   0  24   0 0.27    M    M 13.6 24  50   M    M   9 1      32  50
 9  48  41  45   4  20   0 0.47    M    M 11.3 32  70   M    M  10 1      43  70
10  48  39  44   3  21   0 0.01    M    M  9.7 20 290   M    M   9 1      28 280
11  42  35  39  -1  26   0    T    M    M  8.4 16 280   M    M   9 1      27 270
12  44  37  41   1  24   0 0.00    M    M  6.9 15 300   M    M  10        22 320
13  44  30  37  -3  28   0 0.00    M    M  5.5 16 330   M    M   2 1      25 330
14  47  29  38  -2  27   0 0.00    M    M  3.0  8 260   M    M   8 1      12 270
15  48  33  41   2  24   0 0.00    M    M  2.9 12  10   M    M   8 1      15  10
16  57  32  45   6  20   0 0.26    M    M  5.7 16 160   M    M   6 128    23 120
17  55  38  47   8  18   0 0.00    M    M  7.2 20 300   M    M   2 1      28 290
18  42  30  36  -2  29   0 0.00    M    M  7.2 17 300   M    M   2        25 310
19  39  31  35  -3  30   0 0.00    M    M  5.6 14 320   M    M   7        21 320
20  39  22  31  -7  34   0 0.00    M    M  1.8  8  20   M    M   2        10  10
21  43  26  35  -3  30   0 0.00    M    M  1.6  9 300   M    M   4 18     14 300
================================================================================
SM 1009  730       490   0  2.20    M    138.4          M      136
================================================================================
AV 48.0 34.8                               6.6 FASTST   M    M   6    MAX(MPH)
                                 MISC ---->  # 32  70               # 43   70
================================================================================
NOTES:
# LAST OF SEVERAL OCCURRENCES

COLUMN 17 PEAK WIND IN M.P.H.

PRELIMINARY LOCAL CLIMATOLOGICAL DATA (WS FORM: F-6) , PAGE 2

                                          STATION:  GEORGETOWN DE
                                          MONTH:    DECEMBER
                                          YEAR:     2014
                                          LATITUDE:   38 41 N
                                          LONGITUDE:  75 22 W

[TEMPERATURE DATA]      [PRECIPITATION DATA]       SYMBOLS USED IN COLUMN 16

AVERAGE MONTHLY: 41.4   TOTAL FOR MONTH:   2.20    1 = FOG OR MIST
DPTR FM NORMAL:   0.9   DPTR FM NORMAL:   -0.18    2 = FOG REDUCING VISIBILITY
HIGHEST:    70 ON  1    GRTST 24HR  0.74 ON  8- 9      TO 1/4 MILE OR LESS
LOWEST:     22 ON 20                               3 = THUNDER
                        SNOW, ICE PELLETS, HAIL    4 = ICE PELLETS
                        TOTAL MONTH:    M          5 = HAIL
                        GRTST 24HR    M  ON   M    6 = FREEZING RAIN OR DRIZZLE
                        GRTST DEPTH:  M  ON   M    7 = DUSTSTORM OR SANDSTORM:
                                                       VSBY 1/2 MILE OR LESS
                                                   8 = SMOKE OR HAZE
[NO. OF DAYS WITH]      [WEATHER - DAYS WITH]      9 = BLOWING SNOW
                                                   X = TORNADO
MAX 32 OR BELOW:   0    0.01 INCH OR MORE:   9
MAX 90 OR ABOVE:   0    0.10 INCH OR MORE:   7
MIN 32 OR BELOW:   8    0.50 INCH OR MORE:   1
MIN  0 OR BELOW:   0    1.00 INCH OR MORE:   0

[HDD (BASE 65) ]
TOTAL THIS MO.   490    CLEAR  (SCALE 0-3)   6
DPTR FM NORMAL   -24    PTCLDY (SCALE 4-7)   7
TOTAL FM JUL 1  1253    CLOUDY (SCALE 8-10)  8
DPTR FM NORMAL   -45

[CDD (BASE 65) ]
TOTAL THIS MO.     0
DPTR FM NORMAL     0    [PRESSURE DATA]
TOTAL FM JAN 1  1151    HIGHEST SLP M ON M
DPTR FM NORMAL   -45    LOWEST  SLP 29.66 ON 10

[REMARKS]
