729
CXUS51 KPHI 290800
CF6GED
PRELIMINARY LOCAL CLIMATOLOGICAL DATA (WS FORM: F-6)

                                          STATION:   GEORGETOWN DE
                                          MONTH:     JULY
                                          YEAR:      2016
                                          LATITUDE:   38 41 N
                                          LONGITUDE:  75 22 W

  TEMPERATURE IN F:       :PCPN:    SNOW:  WIND      :SUNSHINE: SKY     :PK WND
================================================================================
1   2   3   4   5  6A  6B    7    8   9   10  11  12  13   14  15   16   17  18
                                     12Z  AVG MX 2MIN
DY MAX MIN AVG DEP HDD CDD  WTR  SNW DPTH SPD SPD DIR MIN PSBL S-S WX    SPD DR
================================================================================

 1  86  68  77   1   0  12 0.06    M    M  7.9 23 210   M    M   5 13     31 210
 2  81  64  73  -3   0   8 0.00    M    M  5.5 15 270   M    M   0        21 280
 3  70  61  66 -10   0   1 0.20    M    M  3.0 13 160   M    M   5 1      16 160
 4  74  62  68  -8   0   3 0.02    M    M  5.6 13 200   M    M   6 1      17 150
 5  90  74  82   6   0  17 0.01    M    M  6.7 16 290   M    M   5 1      22 290
 6  90  73  82   6   0  17    T    M    M  3.4 12 160   M    M   4 1      13 160
 7  93  74  84   7   0  19 0.00    M    M  5.0 14 220   M    M   1 1      18 220
 8  94  75  85   8   0  20    T    M    M  3.9 10 260   M    M   1 1      15 290
 9  87  73  80   3   0  15 0.02    M    M  4.5 14 100   M    M   5 138    17 100
10  84  68  76  -1   0  11 0.00    M    M  5.9 14 290   M    M   2        22 290
11  86  64  75  -2   0  10 0.00    M    M  5.6 14  20   M    M   1        20  40
12  87  63  75  -2   0  10 0.00    M    M  5.8 13 180   0    0   0         M  M
13  89  70  80   3   0  15 0.29    M    M  6.1 17 150   M    M   4 13     23 150
14  94  75  85   8   0  20 0.00    M    M  7.5 17 240   M    M   3 12     21 260
15  93  75  84   7   0  19 0.00    M    M  5.8 13 280   M    M   0        19 280
16  90  73  82   5   0  17 0.00    M    M  6.0 15 200   M    M   1 1      18 210
17  92  72  82   5   0  17 0.00    M    M  5.8 14 240   M    M   1        18 240
18  96  73  85   8   0  20 0.24    M    M  9.2 25 270   M    M   1 138    41 290
19  90  71  81   4   0  16 0.00    M    M  4.6 12 200   M    M   2        15 300
20  85  67  76  -1   0  11 0.30    M    M  5.6 18 240   M    M   5 13     28 230
21  87  65  76  -1   0  11 0.00    M    M  3.8 13 120   M    M   3 1      16 100
22  92  71  82   5   0  17 0.00    M    M  8.7 18 220   M    M   1 1      24 220
23  97  77  87  10   0  22 0.00    M    M  5.9 15 240   M    M   1 1      19 250
24  93  76  85   8   0  20 0.00    M    M  5.7 12 120   M    M   0 1      15  60
25  98  75  87  10   0  22 0.18    M    M  7.7 17  30   M    M   2 13     23 210
26  94  74  84   7   0  19 0.03    M    M  4.5 17 200   M    M   1 13     23 200
27  95  76  86   9   0  21 0.00    M    M  2.6 10  50   M    M   2 1      16 260
28  93  73  83   6   0  18 2.80    M    M  5.4 22  10   M    M   3 138    29  10
================================================================================
SM 2500 1982         0 428  4.15    M    157.7            0     65
================================================================================
AV 89.3 70.8                               5.6 FASTST    0   0   2    MAX(MPH)
                                 MISC ---->  # 25 270               # 41  290
================================================================================
NOTES:
# LAST OF SEVERAL OCCURRENCES

COLUMN 17 PEAK WIND IN M.P.H.

PRELIMINARY LOCAL CLIMATOLOGICAL DATA (WS FORM: F-6) , PAGE 2

                                          STATION:  GEORGETOWN DE
                                          MONTH:    JULY
                                          YEAR:     2016
                                          LATITUDE:   38 41 N
                                          LONGITUDE:  75 22 W

[TEMPERATURE DATA]      [PRECIPITATION DATA]       SYMBOLS USED IN COLUMN 16

AVERAGE MONTHLY: 80.0   TOTAL FOR MONTH:   4.15    1 = FOG OR MIST
DPTR FM NORMAL:   3.2   DPTR FM NORMAL:    0.38    2 = FOG REDUCING VISIBILITY
HIGHEST:    98 ON 25    GRTST 24HR  2.80 ON 28-28      TO 1/4 MILE OR LESS
LOWEST:     61 ON  3                               3 = THUNDER
                        SNOW, ICE PELLETS, HAIL    4 = ICE PELLETS
                        TOTAL MONTH:    M          5 = HAIL
                        GRTST 24HR    M  ON   M    6 = FREEZING RAIN OR DRIZZLE
                        GRTST DEPTH:  M  ON   M    7 = DUSTSTORM OR SANDSTORM:
                                                       VSBY 1/2 MILE OR LESS
                                                   8 = SMOKE OR HAZE
[NO. OF DAYS WITH]      [WEATHER - DAYS WITH]      9 = BLOWING SNOW
                                                   X = TORNADO
MAX 32 OR BELOW:   0    0.01 INCH OR MORE:  11
MAX 90 OR ABOVE:  17    0.10 INCH OR MORE:   6
MIN 32 OR BELOW:   0    0.50 INCH OR MORE:   1
MIN  0 OR BELOW:   0    1.00 INCH OR MORE:   1

[HDD (BASE 65) ]
TOTAL THIS MO.     0    CLEAR  (SCALE 0-3)  18
DPTR FM NORMAL     0    PTCLDY (SCALE 4-7)  10
TOTAL FM JUL 1     0    CLOUDY (SCALE 8-10)  0
DPTR FM NORMAL     0

[CDD (BASE 65) ]
TOTAL THIS MO.   428
DPTR FM NORMAL    97    [PRESSURE DATA]
TOTAL FM JAN 1   737    HIGHEST SLP  0.00 ON 12
DPTR FM NORMAL    73    LOWEST  SLP 29.73 ON  7

[REMARKS]
