000
CXUS55 KRIW 230945
CF6GEY
PRELIMINARY LOCAL CLIMATOLOGICAL DATA (WS FORM: F-6)

                                          STATION:   GREYBULL WY
                                          MONTH:     FEBRUARY
                                          YEAR:      2018
                                          LATITUDE:   44 30 N
                                          LONGITUDE: 108  4 W

  TEMPERATURE IN F:       :PCPN:    SNOW:  WIND      :SUNSHINE: SKY     :PK WND
================================================================================
1   2   3   4   5  6A  6B    7    8   9   10  11  12  13   14  15   16   17  18
                                     12Z  AVG MX 2MIN
DY MAX MIN AVG DEP HDD CDD  WTR  SNW DPTH SPD SPD DIR MIN PSBL S-S WX    SPD DR
================================================================================

 1  33  16  25   6  40   0 0.00  0.0    M  4.2 13 150   M    M   5        16 150
 2  38  13  26   7  39   0 0.00  0.0    M  3.7 12 100   M    M   6        14 110
 3  43   7  25   6  40   0    T    M    M 10.9 29 320   M    M   7        36 320
 4  16   3  10  -9  55   0 0.12    M    M  7.6 30 320   M    M   8 1      37 320
 5  23  12  18  -2  47   0 0.06    M    M  5.9 32 350   M    M   9 19     37 340
 6  22  10  16  -4  49   0 0.04    M    M  1.8  9 310   M    M  10 1      11 290
 7  30  13  22   2  43   0 0.00  0.0    M  3.1 12  90   M    M   9 1      14  80
 8  40   9  25   4  40   0 0.00  0.0    M 10.3 39 320   M    M   6 89     48 320
 9  10  -9   1 -20  64   0 0.01    M    M  9.4 21 310   M    M   9 12     25 300
10   7 -18  -5 -26  70   0 0.00  0.0    M  1.8  8 340   M    M   3        10 130
11  21 -16   3 -19  62   0    T    M    M  8.8 26 320   M    M   1        33 310
12  11  -8   2 -20  63   0    T    M    M  6.9 20 310   M    M   6 18     24 310
13  22 -14   4 -19  61   0 0.00    M    M  2.7  9 300   M    M   0 1      11 340
14  27  -6  11 -12  54   0 0.00    M    M  2.5  9 140   M    M   2        11 140
15  30   0  15  -9  50   0    T    M    M 13.9 32 310   M    M   7 1      39 310
16  24  -7   9 -15  56   0 0.00  0.0    M  3.0 10  80   M    M   3        12 140
17  40  16  28   4  37   0    T    M    M  4.1 12 140   M    M   4 1      14 150
18  37   4  21  -4  44   0 0.03    M    M 19.1 39 310   M    M  10 12     47 310
19   5  -4   1 -24  64   0    T    M    M 10.6 22 310   M    M   9 18     24 310
20   5 -26 -10 -36  75   0    T    M    M  2.5  8 260   M    M   1 18     11 160
21   7 -26  -9 -35  74   0 0.00  0.0    M  2.4  9 310   M    M   1 18     10 310
22  11 -22  -5 -32  70   0 0.00  0.0    M  2.3  9 320   M    M   1        10 320
================================================================================
SM  502  -53      1197   0  0.26     0.0 137.5          M      117
================================================================================
AV 22.8 -2.4                               6.2 FASTST   M    M   5    MAX(MPH)
                                 MISC ---->  # 39 320               # 48  320
================================================================================
NOTES:
# LAST OF SEVERAL OCCURRENCES

COLUMN 17 PEAK WIND IN M.P.H.

PRELIMINARY LOCAL CLIMATOLOGICAL DATA (WS FORM: F-6) , PAGE 2

                                          STATION:  GREYBULL WY
                                          MONTH:    FEBRUARY
                                          YEAR:     2018
                                          LATITUDE:   44 30 N
                                          LONGITUDE: 108  4 W

[TEMPERATURE DATA]      [PRECIPITATION DATA]       SYMBOLS USED IN COLUMN 16

AVERAGE MONTHLY: 10.2   TOTAL FOR MONTH:   0.26    1 = FOG OR MIST
DPTR FM NORMAL: -12.1   DPTR FM NORMAL:    0.13    2 = FOG REDUCING VISIBILITY
HIGHEST:    43 ON  3    GRTST 24HR  0.12 ON  4- 4      TO 1/4 MILE OR LESS
LOWEST:    -26 ON 21,20                            3 = THUNDER
                        SNOW, ICE PELLETS, HAIL    4 = ICE PELLETS
                        TOTAL MONTH:   0.0 INCH    5 = HAIL
                        GRTST 24HR     0.0         6 = FREEZING RAIN OR DRIZZLE
                        GRTST DEPTH:  M  ON   M    7 = DUSTSTORM OR SANDSTORM:
                                                       VSBY 1/2 MILE OR LESS
                                                   8 = SMOKE OR HAZE
[NO. OF DAYS WITH]      [WEATHER - DAYS WITH]      9 = BLOWING SNOW
                                                   X = TORNADO
MAX 32 OR BELOW:  16    0.01 INCH OR MORE:   5
MAX 90 OR ABOVE:   0    0.10 INCH OR MORE:   1
MIN 32 OR BELOW:  22    0.50 INCH OR MORE:   0
MIN  0 OR BELOW:  12    1.00 INCH OR MORE:   0

[HDD (BASE 65) ]
TOTAL THIS MO.  1197    CLEAR  (SCALE 0-3)   8
DPTR FM NORMAL   256    PTCLDY (SCALE 4-7)   7
TOTAL FM JUL 1  5872    CLOUDY (SCALE 8-10)  7
DPTR FM NORMAL   117

[CDD (BASE 65) ]
TOTAL THIS MO.     0
DPTR FM NORMAL     0    [PRESSURE DATA]
TOTAL FM JAN 1     0    HIGHEST SLP M ON M
DPTR FM NORMAL     0    LOWEST  SLP 29.43 ON 18

[REMARKS]
