000
CXUS53 KIND 240730
CF6GEZ
PRELIMINARY LOCAL CLIMATOLOGICAL DATA (WS FORM: F-6)

                                          STATION:   SHELBYVILLE IN
                                          MONTH:     JANUARY
                                          YEAR:      2017
                                          LATITUDE:   39 35 N
                                          LONGITUDE:  85 48 W

  TEMPERATURE IN F:       :PCPN:    SNOW:  WIND      :SUNSHINE: SKY     :PK WND
================================================================================
1   2   3   4   5  6A  6B    7    8   9   10  11  12  13   14  15   16   17  18
                                     12Z  AVG MX 2MIN
DY MAX MIN AVG DEP HDD CDD  WTR  SNW DPTH SPD SPD DIR MIN PSBL S-S WX    SPD DR
================================================================================

 1  47  25  36   7  29   0 0.00    M    M  5.3 12 150   M    M   4 1      14 140
 2  55  42  49  20  16   0 0.09    M    M  7.6 15 150   M    M  10 1      20  90
 3  54  38  46  17  19   0 0.31    M    M  8.5 24 290   M    M  10 128    31 290
 4  38  20  29   0  36   0 0.00    M    M 15.8 23 290   M    M   2 1      28 300
 5  20   8  14 -15  51   0 0.01    M    M  8.6 15 320   M    M   8 8      17 290
 6  11   3   7 -22  58   0 0.00    M    M  6.3 13 280   M    M   1        17 260
 7  16   0   8 -21  57   0    T    M    M  8.8 17 250   M    M   2        23 250
 8  19   3  11 -18  54   0 0.00    M    M  6.5 14 180   M    M   1        17 180
 9  36  19  28  -1  37   0 0.00    M    M 13.9 22 170   M    M   6        28 160
10  55  36  46  18  19   0 0.19    M    M 21.7 37 260   M    M   9 138    46 270
11  63  30  47  19  18   0 0.12    M    M 12.6 24 200   M    M   6 12     36 200
12  66  33  50  22  15   0 0.87    M    M 17.1 35 210   M    M   9 13     40 220
13  34  28  31   3  34   0    T    M    M  9.2 17  60   M    M   4        20  60
14  36  32  34   5  31   0 0.28    M    M  6.3 13  80   M    M  10 18     14  80
15  37  31  34   5  31   0 0.00    M    M  5.8 10  60   M    M  10 18     13  60
16  53  36  45  16  20   0 0.49    M    M  8.0 14 150   M    M  10 18     18 160
17  58  42  50  21  15   0 0.22    M    M 13.2 23 260   M    M  10 13     27 180
18  42  37  40  11  25   0 0.00    M    M  8.7 18 290   M    M  10 18     24 270
19  47  36  42  13  23   0 0.83    M    M  7.2 14  90   M    M   9 18     17 100
20  57  46  52  23  13   0 0.62    M    M  7.7 17 210   M    M  10 1      22 210
21  63  48  56  27   9   0 0.00    M    M  9.7 21 180   M    M   1 1      24 180
22  61  45  53  24  12   0 0.00    M    M  9.5 16  20   M    M   2 1      21  20
23  52  40  46  17  19   0 0.00    M    M 16.4 24 340   M    M  10 1      29 350
================================================================================
SM 1020  678       641   0  4.03    M    234.4          M      154
================================================================================
AV 44.4 29.5                              10.2 FASTST   M    M   7    MAX(MPH)
                                 MISC ---->  # 37 260               # 46  270
================================================================================
NOTES:
# LAST OF SEVERAL OCCURRENCES

COLUMN 17 PEAK WIND IN M.P.H.

PRELIMINARY LOCAL CLIMATOLOGICAL DATA (WS FORM: F-6) , PAGE 2

                                          STATION:  SHELBYVILLE IN
                                          MONTH:    JANUARY
                                          YEAR:     2017
                                          LATITUDE:   39 35 N
                                          LONGITUDE:  85 48 W

[TEMPERATURE DATA]      [PRECIPITATION DATA]       SYMBOLS USED IN COLUMN 16

AVERAGE MONTHLY: 36.9   TOTAL FOR MONTH:   4.03    1 = FOG OR MIST
DPTR FM NORMAL:   8.1   DPTR FM NORMAL:    2.10    2 = FOG REDUCING VISIBILITY
HIGHEST:    66 ON 12    GRTST 24HR  1.45 ON 19-20      TO 1/4 MILE OR LESS
LOWEST:      0 ON  7                               3 = THUNDER
                        SNOW, ICE PELLETS, HAIL    4 = ICE PELLETS
                        TOTAL MONTH:    M          5 = HAIL
                        GRTST 24HR    M  ON   M    6 = FREEZING RAIN OR DRIZZLE
                        GRTST DEPTH:  M  ON   M    7 = DUSTSTORM OR SANDSTORM:
                                                       VSBY 1/2 MILE OR LESS
                                                   8 = SMOKE OR HAZE
[NO. OF DAYS WITH]      [WEATHER - DAYS WITH]      9 = BLOWING SNOW
                                                   X = TORNADO
MAX 32 OR BELOW:   4    0.01 INCH OR MORE:  11
MAX 90 OR ABOVE:   0    0.10 INCH OR MORE:   9
MIN 32 OR BELOW:  11    0.50 INCH OR MORE:   3
MIN  0 OR BELOW:   1    1.00 INCH OR MORE:   0

[HDD (BASE 65) ]
TOTAL THIS MO.   641    CLEAR  (SCALE 0-3)   6
DPTR FM NORMAL  -187    PTCLDY (SCALE 4-7)   4
TOTAL FM JUL 1  2356    CLOUDY (SCALE 8-10) 13
DPTR FM NORMAL  -576

[CDD (BASE 65) ]
TOTAL THIS MO.     0
DPTR FM NORMAL     0    [PRESSURE DATA]
TOTAL FM JAN 1     0    HIGHEST SLP  0.00 ON  4
DPTR FM NORMAL     0    LOWEST  SLP 29.45 ON 22

[REMARKS]
