000
CXUS55 KALY 270710
CF6GFL
PRELIMINARY LOCAL CLIMATOLOGICAL DATA (WS FORM: F-6)

                                          STATION:   GLENS FALLS NY
                                          MONTH:     FEBRUARY
                                          YEAR:      2015
                                          LATITUDE:   43 20 N
                                          LONGITUDE:  73 37 W

  TEMPERATURE IN F:       :PCPN:    SNOW:  WIND      :SUNSHINE: SKY     :PK WND
================================================================================
1   2   3   4   5  6A  6B    7    8   9   10  11  12  13   14  15   16   17  18
                                     12Z  AVG MX 2MIN
DY MAX MIN AVG DEP HDD CDD  WTR  SNW DPTH SPD SPD DIR MIN PSBL S-S WX    SPD DR
================================================================================

 1  17  -5   6 -12  59   0    T    M    M  5.5 16  60   M    M   5        19  70
 2   9 -12  -1 -19  66   0 0.19    M    M  9.6 17 360   M    M  10 18     24 350
 3  21 -27  -3 -22  68   0 0.00    M    M  2.0 12 200   M    M   3 18     15 240
 4  29 -10  10  -9  55   0    T    M    M  4.2 13 200   M    M   9 18     18 200
 5  27 -11   8 -11  57   0    T    M    M  9.2 22 310   M    M   6 1      31 340
 6  22 -20   1 -18  64   0    T    M    M  6.3 17 150   M    M   6        21 280
 7  27  14  21   2  44   0 0.01    M    M  8.5 16 210   M    M   9 18     22 200
 8  14  10  12  -8  53   0 0.11    M    M  7.7 14  10   M    M  10 18     17  10
 9  22  12  17  -3  48   0 0.11    M    M  8.7 13 360   M    M  10 1      15  10
10  24   5  15  -5  50   0 0.00    M    M  5.8 14  50   M    M   8 8      17  40
11  24  -8   8 -12  57   0 0.00    M    M  2.6 13 360   M    M   1 1      16 350
12  32   8  20   0  45   0    T    M    M  6.5 23 290   M    M  10 8      30 290
13  11  -9   1 -20  64   0 0.00    M    M  5.4 21 290   M    M   3        25 300
14  17  -4   7 -14  58   0 0.05    M    M  3.7 18 360   M    M  10 18     24 360
15  16  -6   5 -16  60   0    T    M    M 14.9 29 310   M    M   5 89     36 330
16  11 -15  -2 -24  67   0 0.00    M    M  6.9 17 340   M    M   0        30 330
17  17 -19  -1 -23  66   0 0.00    M    M  1.6  9  10   M    M   6 8      10  20
18  25 -20   3 -19  62   0    T    M    M  1.6  9 340   M    M   3 18     11 330
19  20   5  13  -9  52   0 0.02    M    M  9.6 24 290   M    M  10 18     34 300
20  19  -6   7 -16  58   0 0.00    M    M  7.0 16 290   M    M   3        20 290
21  22 -17   3 -20  62   0 0.07    M    M  5.9 23 170   M    M   7 128    34 170
22  33  18  26   3  39   0    T    M    M  4.9 16 260   M    M   6 18     24 260
23  26 -20   3 -21  62   0 0.00    M    M 10.3 25 280   M    M   3        33 300
24  18 -26  -4 -28  69   0 0.00    M    M  6.0 21 190   M    M   0 8      28 190
25  30   1  16  -8  49   0 0.00    M    M  6.1 22 290   M    M   3 8      30 300
26  17   0   9 -15  56   0    T    M    M  5.8 13  70   M    M   6 8      16  90
================================================================================
SM  550 -162      1490   0  0.56    M    166.3          M      152
================================================================================
AV 21.2 -6.2                               6.4 FASTST   M    M   6    MAX(MPH)
                                 MISC ---->  # 29 310               # 36  330
================================================================================
NOTES:
# LAST OF SEVERAL OCCURRENCES

COLUMN 17 PEAK WIND IN M.P.H.

PRELIMINARY LOCAL CLIMATOLOGICAL DATA (WS FORM: F-6) , PAGE 2

                                          STATION:  GLENS FALLS NY
                                          MONTH:    FEBRUARY
                                          YEAR:     2015
                                          LATITUDE:   43 20 N
                                          LONGITUDE:  73 37 W

[TEMPERATURE DATA]      [PRECIPITATION DATA]       SYMBOLS USED IN COLUMN 16

AVERAGE MONTHLY:  7.5   TOTAL FOR MONTH:   0.56    1 = FOG OR MIST
DPTR FM NORMAL: -13.6   DPTR FM NORMAL:   -1.36    2 = FOG REDUCING VISIBILITY
HIGHEST:    33 ON 22    GRTST 24HR  0.19 ON  1- 2      TO 1/4 MILE OR LESS
LOWEST:    -27 ON  3                               3 = THUNDER
                        SNOW, ICE PELLETS, HAIL    4 = ICE PELLETS
                        TOTAL MONTH:    M          5 = HAIL
                        GRTST 24HR    M  ON   M    6 = FREEZING RAIN OR DRIZZLE
                        GRTST DEPTH:  M  ON   M    7 = DUSTSTORM OR SANDSTORM:
                                                       VSBY 1/2 MILE OR LESS
                                                   8 = SMOKE OR HAZE
[NO. OF DAYS WITH]      [WEATHER - DAYS WITH]      9 = BLOWING SNOW
                                                   X = TORNADO
MAX 32 OR BELOW:  25    0.01 INCH OR MORE:   7
MAX 90 OR ABOVE:   0    0.10 INCH OR MORE:   3
MIN 32 OR BELOW:  26    0.50 INCH OR MORE:   0
MIN  0 OR BELOW:  18    1.00 INCH OR MORE:   0

[HDD (BASE 65) ]
TOTAL THIS MO.  1490    CLEAR  (SCALE 0-3)   7
DPTR FM NORMAL   346    PTCLDY (SCALE 4-7)  10
TOTAL FM JUL 1  5561    CLOUDY (SCALE 8-10)  9
DPTR FM NORMAL    21

[CDD (BASE 65) ]
TOTAL THIS MO.     0
DPTR FM NORMAL     0    [PRESSURE DATA]
TOTAL FM JAN 1     0    HIGHEST SLP M ON M
DPTR FM NORMAL     0    LOWEST  SLP 29.52 ON  2

[REMARKS]
