000
CXUS55 KGJT 011000
CF6GJT
PRELIMINARY LOCAL CLIMATOLOGICAL DATA (WS FORM: F-6)

                                          STATION:   GRAND JUNCTION CO
                                          MONTH:     FEBRUARY
                                          YEAR:      2017
                                          LATITUDE:   39  7 N
                                          LONGITUDE: 108 32 W

  TEMPERATURE IN F:       :PCPN:    SNOW:  WIND      :SUNSHINE: SKY     :PK WND
================================================================================
1   2   3   4   5  6A  6B    7    8   9   10  11  12  13   14  15   16   17  18
                                     12Z  AVG MX 2MIN
DY MAX MIN AVG DEP HDD CDD  WTR  SNW DPTH SPD SPD DIR MIN PSBL S-S WX    SPD DR
================================================================================

 1  50  26  38   8  27   0 0.00  0.0    0  2.9  8 140   M    M   1        10 320
 2  47  26  37   7  28   0 0.00  0.0    0  3.6 10 300   M    M   5        12 330
 3  51  25  38   8  27   0 0.00  0.0    0  5.0 13 170   M    M   3        17 140
 4  55  25  40   9  25   0 0.00  0.0    0  4.2 15 280   M    M   2        19 270
 5  56  34  45  14  20   0 0.00  0.0    0  7.3 16 120   M    M   1        20 120
 6  56  31  44  13  21   0 0.00  0.0    0  4.9 18  90   M    M   3        21  90
 7  50  37  44  12  21   0    T  0.0    0  4.9 15 140   M    M   7        17 140
 8  64  32  48  16  17   0 0.00  0.0    0  6.8 18 270   M    M   3        23 280
 9  64  37  51  19  14   0 0.00  0.0    0  6.8 15 150   M    M   1        18 140
10  69  47  58  25   7   0 0.00  0.0    0 11.3 23 240   M    M   4        29 240
11  55  38  47  14  18   0 0.22  0.0    0  6.7 22 230   M    M   9 1      29 220
12  49  37  43   9  22   0    T  0.0    0  3.7 12 130   M    M  10        13 130
13  56  32  44  10  21   0    T  0.0    0  5.0 17  70   M    M   3        23 270
14  56  26  41   7  24   0 0.00  0.0    0  4.2 18  40   M    M   0        22  40
15  55  27  41   6  24   0 0.00  0.0    0  5.4 15 130   M    M   0        16 130
16  55  23  39   4  26   0 0.00  0.0    0  6.2 15 110   M    M   0        19 300
17  59  34  47  12  18   0    T  0.0    0  9.2 17 130   M    M   9        19 130
18  52  37  45   9  20   0    T  0.0    0  9.7 20 130   M    M   7        22 130
19  48  35  42   6  23   0 0.12  0.0    0  5.8 15 340   M    M   9 1      18 340
20  54  36  45   8  20   0    T  0.0    0  7.3 20 140   M    M   4        23 150
21  62  40  51  14  14   0 0.00  0.0    0  6.9 17 240   M    M   3        24 260
22  62  37  50  13  15   0 0.00  0.0    0  7.5 21 270   M    M   4        25 310
23  52  24  38   0  27   0    T    T    0 12.7 29 270   M    M   6        40 260
24  38  18  28 -10  37   0    T    T    0  6.3 25 300   M    M   4        30 290
25  38  15  27 -11  38   0 0.00  0.0    0  4.9 20 270   M    M   4        25 270
26  43  13  28 -11  37   0 0.00  0.0    0  4.2 18 150   M    M   1        21 150
27  50  37  44   5  21   0 0.00  0.0    0 14.4 26 230   M    M   9        37 240
28  40  21  31  -9  34   0 0.20  2.2    1  5.4 31 310   M    M   7 1      36 310
================================================================================
SM 1486  850       646   0  0.54     2.2 183.2          M      119
================================================================================
AV 53.1 30.4                               6.5 FASTST   M    M   4    MAX(MPH)
                                 MISC ---->  # 31 310               # 40  260
================================================================================
NOTES:
# LAST OF SEVERAL OCCURRENCES

COLUMN 17 PEAK WIND IN M.P.H.

PRELIMINARY LOCAL CLIMATOLOGICAL DATA (WS FORM: F-6) , PAGE 2

                                          STATION:  GRAND JUNCTION CO
                                          MONTH:    FEBRUARY
                                          YEAR:     2017
                                          LATITUDE:   39  7 N
                                          LONGITUDE: 108 32 W

[TEMPERATURE DATA]      [PRECIPITATION DATA]       SYMBOLS USED IN COLUMN 16

AVERAGE MONTHLY: 41.7   TOTAL FOR MONTH:   0.54    1 = FOG OR MIST
DPTR FM NORMAL:   7.2   DPTR FM NORMAL:    0.00    2 = FOG REDUCING VISIBILITY
HIGHEST:    69 ON 10    GRTST 24HR  0.22 ON 11-11      TO 1/4 MILE OR LESS
LOWEST:     13 ON 26                               3 = THUNDER
                        SNOW, ICE PELLETS, HAIL    4 = ICE PELLETS
                        TOTAL MONTH:   2.2 INCHES  5 = HAIL
                        GRTST 24HR   2.2 ON   M    6 = FREEZING RAIN OR DRIZZLE
                        GRTST DEPTH:   1 ON 28     7 = DUSTSTORM OR SANDSTORM:
                                                       VSBY 1/2 MILE OR LESS
                                                   8 = SMOKE OR HAZE
[NO. OF DAYS WITH]      [WEATHER - DAYS WITH]      9 = BLOWING SNOW
                                                   X = TORNADO
MAX 32 OR BELOW:   0    0.01 INCH OR MORE:   3
MAX 90 OR ABOVE:   0    0.10 INCH OR MORE:   3
MIN 32 OR BELOW:  15    0.50 INCH OR MORE:   0
MIN  0 OR BELOW:   0    1.00 INCH OR MORE:   0

[HDD (BASE 65) ]
TOTAL THIS MO.   646    CLEAR  (SCALE 0-3)  11
DPTR FM NORMAL  -207    PTCLDY (SCALE 4-7)  12
TOTAL FM JUL 1  3647    CLOUDY (SCALE 8-10)  5
DPTR FM NORMAL  -732

[CDD (BASE 65) ]
TOTAL THIS MO.     0
DPTR FM NORMAL     0    [PRESSURE DATA]
TOTAL FM JAN 1     0    HIGHEST SLP 30.35 ON 15
DPTR FM NORMAL     0    LOWEST  SLP 29.38 ON 23

[REMARKS]
#FINAL-02-17#
