000
CXUS53 KGLD 290800
CF6GLD
PRELIMINARY LOCAL CLIMATOLOGICAL DATA (WS FORM: F-6)

                                          STATION:   GOODLAND KS
                                          MONTH:     AUGUST
                                          YEAR:      2016
                                          LATITUDE:   39 22 N
                                          LONGITUDE: 101 42 W

  TEMPERATURE IN F:       :PCPN:    SNOW:  WIND      :SUNSHINE: SKY     :PK WND
================================================================================
1   2   3   4   5  6A  6B    7    8   9   10  11  12  13   14  15   16   17  18
                                     12Z  AVG MX 2MIN
DY MAX MIN AVG DEP HDD CDD  WTR  SNW DPTH SPD SPD DIR MIN PSBL S-S WX    SPD DR
================================================================================

 1  96  62  79   3   0  14 0.00  0.0    0  6.2 13 340   M    M   0        17  20
 2  93  64  79   4   0  14 0.00  0.0    0  8.9 23 130   M    M   1 1      28  20
 3  96  64  80   5   0  15 0.00  0.0    0  7.3 17 150   M    M   3 12     24 150
 4  89  61  75   0   0  10 0.00  0.0    0 13.3 23  30   M    M   0        33  10
 5  74  61  68  -7   0   3 0.02  0.0    0  7.6 15  80   M    M   9        19  70
 6  76  62  69  -6   0   4 0.08  0.0    0 11.5 21 120   M    M   7 13     24 110
 7  78  65  72  -3   0   7 0.15  0.0    0  8.8 16 130   M    M   9 13     21 120
 8  81  64  73  -2   0   8 0.00  0.0    0 10.2 18 160   M    M   6 12     23 170
 9  93  61  77   2   0  12 0.00  0.0    0 10.5 23 170   M    M   1 12     28 180
10  97  67  82   7   0  17 0.00  0.0    0 11.7 23 270   M    M   0 3      29 270
11  92  63  78   3   0  13    T  0.0    0  8.5 36 340   M    M   2        48 340
12  88  61  75   0   0  10 0.12  0.0    0 11.5 25  20   M    M   1 1      32  10
13  90  59  75   1   0  10 0.42  0.0    0  9.3 35 290   M    M   1 13     43 290
14  86  56  71  -3   0   6 0.00  0.0    0  9.2 20 180   M    M   0        24 180
15  92  59  76   2   0  11 0.00  0.0    0 12.4 24 120   M    M   0 3      33  30
16  93  57  75   1   0  10 0.00  0.0    0  8.5 15 220   M    M   0        20 220
17  93  57  75   1   0  10 0.00  0.0    0  7.7 18 190   M    M   0 3      22 190
18  94  62  78   4   0  13 0.00  0.0    0 12.7 23 160   M    M   0        36 150
19  80  56  68  -6   0   3 0.00  0.0    0 14.8 28 350   M    M   7        36 350
20  78  47  63 -10   2   0 0.00  0.0    0  8.3 22 340   M    M   1        26 340
21  90  47  69  -4   0   4 0.00  0.0    0 14.7 25 170   M    M   1        33 170
22  89  59  74   1   0   9 0.51  0.0    0 18.8 36 170   M    M   2 135    46 170
23  95  60  78   5   0  13 0.00  0.0    0  9.4 21 170   M    M   0        26 170
24  73  55  64  -9   1   0 0.04  0.0    0 10.5 22  50   M    M   5        29  50
25  77  50  64  -8   1   0 0.00  0.0    0  7.2 18 110   M    M   1        24 120
26  73  50  62 -10   3   0 0.13  0.0    0  6.5 28  10   M    M   6 13     34  10
27  84  51  68  -4   0   3    T  0.0    0  6.9 16 190   M    M   4 12     21 170
28  86  58  72   0   0   7 0.00  0.0    0  9.3 17 130   M    M   0        24 160
================================================================================
SM 2426 1638         7 226  1.47     0.0 282.2          M       67
================================================================================
AV 86.6 58.5                              10.1 FASTST   M    M   2    MAX(MPH)
                                 MISC ---->  # 36 340               # 48  340
================================================================================
NOTES:
# LAST OF SEVERAL OCCURRENCES

COLUMN 17 PEAK WIND IN M.P.H.

PRELIMINARY LOCAL CLIMATOLOGICAL DATA (WS FORM: F-6) , PAGE 2

                                          STATION:  GOODLAND KS
                                          MONTH:    AUGUST
                                          YEAR:     2016
                                          LATITUDE:   39 22 N
                                          LONGITUDE: 101 42 W

[TEMPERATURE DATA]      [PRECIPITATION DATA]       SYMBOLS USED IN COLUMN 16

AVERAGE MONTHLY: 72.6   TOTAL FOR MONTH:   1.47    1 = FOG OR MIST
DPTR FM NORMAL:  -1.4   DPTR FM NORMAL:   -1.03    2 = FOG REDUCING VISIBILITY
HIGHEST:    97 ON 10    GRTST 24HR  0.51 ON 22-22      TO 1/4 MILE OR LESS
LOWEST:     47 ON 21,20                            3 = THUNDER
                        SNOW, ICE PELLETS, HAIL    4 = ICE PELLETS
                        TOTAL MONTH:   0.0 INCH    5 = HAIL
                        GRTST 24HR     0.0         6 = FREEZING RAIN OR DRIZZLE
                        GRTST DEPTH:   0           7 = DUSTSTORM OR SANDSTORM:
                                                       VSBY 1/2 MILE OR LESS
                                                   8 = SMOKE OR HAZE
[NO. OF DAYS WITH]      [WEATHER - DAYS WITH]      9 = BLOWING SNOW
                                                   X = TORNADO
MAX 32 OR BELOW:   0    0.01 INCH OR MORE:   8
MAX 90 OR ABOVE:  13    0.10 INCH OR MORE:   5
MIN 32 OR BELOW:   0    0.50 INCH OR MORE:   1
MIN  0 OR BELOW:   0    1.00 INCH OR MORE:   0

[HDD (BASE 65) ]
TOTAL THIS MO.     7    CLEAR  (SCALE 0-3)  20
DPTR FM NORMAL     5    PTCLDY (SCALE 4-7)   6
TOTAL FM JUL 1     7    CLOUDY (SCALE 8-10)  2
DPTR FM NORMAL     1

[CDD (BASE 65) ]
TOTAL THIS MO.   226
DPTR FM NORMAL   -31    [PRESSURE DATA]
TOTAL FM JAN 1   941    HIGHEST SLP M ON M
DPTR FM NORMAL   130    LOWEST  SLP 29.69 ON M

[REMARKS]
