000
CXUS53 KAPX 180631
CF6GLR
PRELIMINARY LOCAL CLIMATOLOGICAL DATA (WS FORM: F-6)

                                          STATION:   GAYLORD
                                          MONTH:     JANUARY
                                          YEAR:      2017
                                          LATITUDE:   45  0 N
                                          LONGITUDE:  84 42 W

  TEMPERATURE IN F:       :PCPN:    SNOW:  WIND      :SUNSHINE: SKY     :PK WND
================================================================================
1   2   3   4   5  6A  6B    7    8   9   10  11  12  13   14  15   16   17  18
                                     12Z  AVG MX 2MIN
DY MAX MIN AVG DEP HDD CDD  WTR  SNW DPTH SPD SPD DIR MIN PSBL S-S WX    SPD DR
================================================================================

 1  35  19  27   8  38   0 0.00    M    M  9.3 25 240   M    M   3        32 250
 2  39  24  32  13  33   0    T    M    M  4.4 10  70   M    M   7 18     17 120
 3  35  32  34  16  31   0 0.01    M    M  4.6 14 290   M    M  10 128    20 280
 4  32  12  22   4  43   0 0.08    M    M 14.5 18 270   M    M  10        32 290
 5  14   1   8 -10  57   0 0.01    M    M 12.4 22 240   M    M   8        27 230
 6  14   2   8 -10  57   0    T    M    M  9.4 16 250   M    M   8 8      19 240
 7  12   0   6 -12  59   0 0.03    M    M 11.0 21 250   M    M   7 8      27 260
 8  17   4  11  -7  54   0 0.03    M    M  6.9 14 190   M    M   9 8      17 310
 9  23  13  18   0  47   0    T    M    M 11.0 23 200   M    M  10 18     30 210
10  41  22  32  15  33   0 0.38    M    M 15.1 36 250   M    M  10 1268   46 280
11  31  19  25   8  40   0 0.14    M    M 13.2 38 250   M    M  10 18     50 260
12  22  16  19   2  46   0 0.02    M    M  8.2 25 280   M    M   9 8      35 280
13  16  -3   7 -10  58   0    T    M    M  4.8 17 280   M    M   7        27 310
14  28   3  16  -1  49   0 0.00    M    M  7.0 20 250   M    M   6        24 240
15  29  -4  13  -4  52   0 0.00    M    M  5.1 14 240   M    M   0 18     17 230
16  36  17  27  10  38   0 0.00    M    M  5.2 14 240   M    M   0 18     17 240
17  35  30  33  16  32   0 0.31    M    M  6.0 15  70   M    M  10 126    24  70
================================================================================
SM  459  207       767   0  1.01    M    148.1          M      124
================================================================================
AV 27.0 12.2                               8.7 FASTST   M    M   7    MAX(MPH)
                                 MISC ---->  # 38 250               # 50  260
================================================================================
NOTES:
# LAST OF SEVERAL OCCURRENCES

COLUMN 17 PEAK WIND IN M.P.H.

PRELIMINARY LOCAL CLIMATOLOGICAL DATA (WS FORM: F-6) , PAGE 2

                                          STATION:  GAYLORD
                                          MONTH:    JANUARY
                                          YEAR:     2017
                                          LATITUDE:   45  0 N
                                          LONGITUDE:  84 42 W

[TEMPERATURE DATA]      [PRECIPITATION DATA]       SYMBOLS USED IN COLUMN 16

AVERAGE MONTHLY: 19.6   TOTAL FOR MONTH:   1.01    1 = FOG OR MIST
DPTR FM NORMAL:   1.9   DPTR FM NORMAL:    0.00    2 = FOG REDUCING VISIBILITY
HIGHEST:    41 ON 10    GRTST 24HR  0.38 ON 10-10      TO 1/4 MILE OR LESS
LOWEST:     -4 ON 15                               3 = THUNDER
                        SNOW, ICE PELLETS, HAIL    4 = ICE PELLETS
                        TOTAL MONTH:    M          5 = HAIL
                        GRTST 24HR    M  ON   M    6 = FREEZING RAIN OR DRIZZLE
                        GRTST DEPTH:  M  ON   M    7 = DUSTSTORM OR SANDSTORM:
                                                       VSBY 1/2 MILE OR LESS
                                                   8 = SMOKE OR HAZE
[NO. OF DAYS WITH]      [WEATHER - DAYS WITH]      9 = BLOWING SNOW
                                                   X = TORNADO
MAX 32 OR BELOW:  11    0.01 INCH OR MORE:   9
MAX 90 OR ABOVE:   0    0.10 INCH OR MORE:   3
MIN 32 OR BELOW:  17    0.50 INCH OR MORE:   0
MIN  0 OR BELOW:   3    1.00 INCH OR MORE:   0

[HDD (BASE 65) ]
TOTAL THIS MO.   767    CLEAR  (SCALE 0-3)   2
DPTR FM NORMAL   -38    PTCLDY (SCALE 4-7)   7
TOTAL FM JUL 1  3241    CLOUDY (SCALE 8-10)  8
DPTR FM NORMAL  -851

[CDD (BASE 65) ]
TOTAL THIS MO.     0
DPTR FM NORMAL     0    [PRESSURE DATA]
TOTAL FM JAN 1     0    HIGHEST SLP M ON M
DPTR FM NORMAL     0    LOWEST  SLP 29.07 ON 10

[REMARKS]
