000
CXUS54 KMAF 301100
CF6GNC
PRELIMINARY LOCAL CLIMATOLOGICAL DATA (WS FORM: F-6)

                                          STATION:   Gaines County Airport
                                          MONTH:     SEPTEMBER
                                          YEAR:      2014
                                          LATITUDE:   32 40 N
                                          LONGITUDE: 102 39 W

  TEMPERATURE IN F:       :PCPN:    SNOW:  WIND      :SUNSHINE: SKY     :PK WND
================================================================================
1   2   3   4   5  6A  6B    7    8   9   10  11  12  13   14  15   16   17  18
                                     12Z  AVG MX 2MIN
DY MAX MIN AVG DEP HDD CDD  WTR  SNW DPTH SPD SPD DIR MIN PSBL S-S WX    SPD DR
================================================================================

 1 103  73  88   M   0  23 0.00  0.0    0  9.1 16 220   M    M   0 8      21 190
 2 103  72  88   M   0  23 0.00  0.0    0 10.9 17 150   M    M   0        35 160
 3  94  67  81   M   0  16 0.00  0.0    0 11.2 22 160   M    M   0        28 150
 4  90  66  78   M   0  13 0.00  0.0    0 14.8 22 170   M    M   2 8      33 160
 5  82  67  75   M   0  10 0.51  0.0    0  9.4 18 160   M    M   5 8      27 160
 6  70  61  66   M   0   1 0.37  0.0    0 10.1 20  50   M    M  10 1      25  50
 7  73  61  67   M   0   2 0.08  0.0    0  1.9  8  70   M    M   8 1       M  M
 8  87  63  75   M   0  10 0.00  0.0    0  4.8 12 180   M    M   4 128    18 200
 9  94  67  81   M   0  16 0.00  0.0    0 10.8 20 230   M    M   1 8      27 230
10  93  68  81   M   0  16 0.00  0.0    0  9.4 16  60   M    M   0 8      27  60
11  85  64  75   M   0  10 0.23  0.0    0 10.2 15 110   M    M   4        20  50
12  65  49  57   M   8   0 1.73    M    0 12.2 20  50   M    M   9        30  40
13  57  47  52   M  13   0 0.10    M    0  0.8 10  50   M    M  10 1      20  50
14  67  54  61   M   4   0 0.03  0.0    0  2.9 13 170   M    M  10 12      M  M
15  75  62  69   M   0   4 0.00  0.0    0  3.8  9 170   M    M  10         M  M
16  77  67  72   M   0   7 0.00  0.0    0  2.6  9 310   M    M   6 1       M  M
17  87  66  77   M   0  12 0.22  0.0    0  4.7 13  80   M    M   4 1       M  M
18  74  65  70   M   0   5 0.08  0.0    0  6.6 13 110   M    M   9        16 270
19  72  67  70   M   0   5 1.42  0.0    0  3.9 12 150   M    M  10 1       M  M
20  81  67  74   M   0   9 0.69  0.0    0  4.9 13  80   M    M  10 1      17  80
21  71  66  69   M   0   4 0.61  0.0    0  2.7 15  60   M    M   9        21  60
22  77  66  72   M   0   7 0.00  0.0    0  3.4 12 150   M    M   7 1      20 120
23  79  64  72   M   0   7 0.04  0.0    0  5.2 15 180   M    M   3 1      22 180
24  82  61  72   M   0   7 1.12  0.0    0  6.8 21 360   M    M   5 1      32 360
25  67  61  64   M   1   0 0.06  0.0    0  2.9 12 120   M    M   8         M  M
26  79  58  69   M   0   4 0.00  0.0    0  3.1  7 150   M    M   2 1       M  M
27  77  56  67   M   0   2 0.00  0.0    0  4.8 14 170   M    M   3 1      17 170
28  78  58  68   M   0   3 0.00  0.0    0  4.9 12 140   M    M   2 1      16 140
29  80  57  69   M   0   4 0.00  0.0    0  6.2 15 170   M    M   0        20 140
================================================================================
SM 2319 1820        26 220  7.29     0.0 185.0          M      151
================================================================================
AV 80.0 62.8                               6.4 FASTST   M    M   5    MAX(MPH)
                                 MISC ---->    22   M               # 35  160
================================================================================
NOTES:
# LAST OF SEVERAL OCCURRENCES

COLUMN 17 PEAK WIND IN M.P.H.

PRELIMINARY LOCAL CLIMATOLOGICAL DATA (WS FORM: F-6) , PAGE 2

                                          STATION:  Gaines County Airport
                                          MONTH:    SEPTEMBER
                                          YEAR:     2014
                                          LATITUDE:   32 40 N
                                          LONGITUDE: 102 39 W

[TEMPERATURE DATA]      [PRECIPITATION DATA]       SYMBOLS USED IN COLUMN 16

AVERAGE MONTHLY: 71.4   TOTAL FOR MONTH:   7.29    1 = FOG OR MIST
DPTR FM NORMAL:     M   DPTR FM NORMAL:       M    2 = FOG REDUCING VISIBILITY
HIGHEST:   103 ON  2, 1 GRTST 24HR  1.73 ON 12-12      TO 1/4 MILE OR LESS
LOWEST:     47 ON 13                               3 = THUNDER
                        SNOW, ICE PELLETS, HAIL    4 = ICE PELLETS
                        TOTAL MONTH:   0.0 INCH    5 = HAIL
                        GRTST 24HR     0.0         6 = FREEZING RAIN OR DRIZZLE
                        GRTST DEPTH:   0           7 = DUSTSTORM OR SANDSTORM:
                                                       VSBY 1/2 MILE OR LESS
                                                   8 = SMOKE OR HAZE
[NO. OF DAYS WITH]      [WEATHER - DAYS WITH]      9 = BLOWING SNOW
                                                   X = TORNADO
MAX 32 OR BELOW:   0    0.01 INCH OR MORE:  15
MAX 90 OR ABOVE:   6    0.10 INCH OR MORE:  10
MIN 32 OR BELOW:   0    0.50 INCH OR MORE:   6
MIN  0 OR BELOW:   0    1.00 INCH OR MORE:   3

[HDD (BASE 65) ]
TOTAL THIS MO.    26    CLEAR  (SCALE 0-3)  10
DPTR FM NORMAL     M    PTCLDY (SCALE 4-7)   9
TOTAL FM JUL 1    26    CLOUDY (SCALE 8-10) 10
DPTR FM NORMAL     M

[CDD (BASE 65) ]
TOTAL THIS MO.   220
DPTR FM NORMAL     M    [PRESSURE DATA]
TOTAL FM JAN 1  1950    HIGHEST SLP M ON M
DPTR FM NORMAL     M    LOWEST  SLP M ON M

[REMARKS]
