000
CXUS54 KOUN 300800
CF6GOK
PRELIMINARY LOCAL CLIMATOLOGICAL DATA (WS FORM: F-6)

                                          STATION:   GUTHRIE MUNICIPAL
                                          MONTH:     JULY
                                          YEAR:      2015
                                          LATITUDE:   35 50 N
                                          LONGITUDE:  97 25 W

  TEMPERATURE IN F:       :PCPN:    SNOW:  WIND      :SUNSHINE: SKY     :PK WND
================================================================================
1   2   3   4   5  6A  6B    7    8   9   10  11  12  13   14  15   16   17  18
                                     12Z  AVG MX 2MIN
DY MAX MIN AVG DEP HDD CDD  WTR  SNW DPTH SPD SPD DIR MIN PSBL S-S WX    SPD DR
================================================================================

 1  98  78  88   7   0  23 0.00  0.0    0 13.8 23 200   M    M   0        29 210
 2  94  69  82   1   0  17 4.17  0.0    0  9.7 33 190   M    M   3 13     43 170
 3  91  68  80  -1   0  15    T  0.0    0  4.3  9  50   M    M   1 1      15 270
 4  90  70  80  -2   0  15    T  0.0    0  6.5 18 280   M    M   1 138    27 260
 5  93  74  84   2   0  19 0.00  0.0    0 11.1 20 190   M    M   1 8      24 180
 6  92  70  81  -1   0  16 2.12  0.0    0 13.3 22 190   M    M   1 138    29 360
 7  77  65  71 -11   0   6 0.94  0.0    0  5.8 14  40   M    M   7 1      19  30
 8  71  64  68 -14   0   3 0.04  0.0    0  3.3 10 300   M    M  10 18     29 330
 9  84  68  76  -6   0  11 0.09  0.0    0  4.1 12 110   M    M   6 138    26 340
10  89  73  81  -1   0  16 0.00  0.0    0 11.2 17 180   M    M   1 8      27 200
11  92  76  84   1   0  19 0.00  0.0    0 12.0 21 210   M    M   0 8      27 210
12  95  74  85   2   0  20 0.00  0.0    0 10.9 20 200   M    M   0        30 190
13  98  75  87   4   0  22 0.00  0.0    0 10.4 17 200   M    M   0        21 190
14  99  75  87   4   0  22 0.00  0.0    0  7.8 14 170   M    M   0        18 180
15  97  74  86   3   0  21 0.00  0.0    0  7.7 15 170   M    M   0 8      21 170
16  97  75  86   3   0  21 0.00  0.0    0 10.4 17 180   M    M   0        30 200
17  97  79  88   5   0  23 0.00  0.0    0 11.8 17 160   M    M   0        27 200
18  97  79  88   5   0  23 0.00  0.0    0 12.5 20 190   M    M   0        27 190
19  99  77  88   5   0  23 0.00  0.0    0  9.4 16 170   M    M   0 8      23 220
20  96  75  86   3   0  21 0.13  0.0    0  5.8 16 230   M    M   1 138    23 230
21  79  72  76  -8   0  11 0.57  0.0    0  4.6 16 290   M    M   5 13     24 180
22  93  72  83  -1   0  18 0.90  0.0    0  6.2 31 230   M    M   3 138    58 240
23  94  75  85   1   0  20 0.00  0.0    0  7.5 15 170   M    M   1 18     20 170
24  97  74  86   2   0  21 0.00  0.0    0  7.5 13 140   M    M   0        30 110
25  96  73  85   1   0  20 0.00  0.0    0  7.7 15 160   M    M   0        31 100
26  96  72  84   0   0  19 0.00  0.0    0  7.4 14 150   M    M   0        26 130
27  96  73  85   1   0  20 0.00  0.0    0  9.4 18 180   M    M   0        25 180
28  97  75  86   2   0  21 0.00  0.0    0 11.1 20 190   M    M   0        28 190
29  96  73  85   1   0  20 0.00  0.0    0  5.9 14 140   M    M   0        19 130
================================================================================
SM 2690 2117         0 526  8.96     0.0 249.1          M       41
================================================================================
AV 92.8 73.0                               8.6 FASTST   M    M   1    MAX(MPH)
                                 MISC ---->  # 33 190               # 58  240
================================================================================
NOTES:
# LAST OF SEVERAL OCCURRENCES

COLUMN 17 PEAK WIND IN M.P.H.

PRELIMINARY LOCAL CLIMATOLOGICAL DATA (WS FORM: F-6) , PAGE 2

                                          STATION:  GUTHRIE MUNICIPAL
                                          MONTH:    JULY
                                          YEAR:     2015
                                          LATITUDE:   35 50 N
                                          LONGITUDE:  97 25 W

[TEMPERATURE DATA]      [PRECIPITATION DATA]       SYMBOLS USED IN COLUMN 16

AVERAGE MONTHLY: 82.9   TOTAL FOR MONTH:   8.96    1 = FOG OR MIST
DPTR FM NORMAL:   0.0   DPTR FM NORMAL:    6.78    2 = FOG REDUCING VISIBILITY
HIGHEST:    99 ON 19,14 GRTST 24HR  4.17 ON  2- 2      TO 1/4 MILE OR LESS
LOWEST:     64 ON  8                               3 = THUNDER
                        SNOW, ICE PELLETS, HAIL    4 = ICE PELLETS
                        TOTAL MONTH:   0.0 INCH    5 = HAIL
                        GRTST 24HR     0.0         6 = FREEZING RAIN OR DRIZZLE
                        GRTST DEPTH:   0           7 = DUSTSTORM OR SANDSTORM:
                                                       VSBY 1/2 MILE OR LESS
                                                   8 = SMOKE OR HAZE
[NO. OF DAYS WITH]      [WEATHER - DAYS WITH]      9 = BLOWING SNOW
                                                   X = TORNADO
MAX 32 OR BELOW:   0    0.01 INCH OR MORE:   8
MAX 90 OR ABOVE:  24    0.10 INCH OR MORE:   6
MIN 32 OR BELOW:   0    0.50 INCH OR MORE:   5
MIN  0 OR BELOW:   0    1.00 INCH OR MORE:   2

[HDD (BASE 65) ]
TOTAL THIS MO.     0    CLEAR  (SCALE 0-3)  25
DPTR FM NORMAL     0    PTCLDY (SCALE 4-7)   3
TOTAL FM JUL 1     0    CLOUDY (SCALE 8-10)  1
DPTR FM NORMAL     0

[CDD (BASE 65) ]
TOTAL THIS MO.   526
DPTR FM NORMAL     9    [PRESSURE DATA]
TOTAL FM JAN 1  1164    HIGHEST SLP M ON M
DPTR FM NORMAL    22    LOWEST  SLP 29.72 ON 13

[REMARKS]
