000
CXUS55 KLIX 290830
CF6GPT
PRELIMINARY LOCAL CLIMATOLOGICAL DATA (WS FORM: F-6)

                                          STATION:   GULFPORT
                                          MONTH:     DECEMBER
                                          YEAR:      2014
                                          LATITUDE:   30 23 N
                                          LONGITUDE:  89  4 W

  TEMPERATURE IN F:       :PCPN:    SNOW:  WIND      :SUNSHINE: SKY     :PK WND
================================================================================
1   2   3   4   5  6A  6B    7    8   9   10  11  12  13   14  15   16   17  18
                                     12Z  AVG MX 2MIN
DY MAX MIN AVG DEP HDD CDD  WTR  SNW DPTH SPD SPD DIR MIN PSBL S-S WX    SPD DR
================================================================================

 1  74  54  64   8   1   0 0.00  0.0    0  7.3 17 120   M    M   3 1      21 120
 2  76  53  65   9   0   0 0.00  0.0    0  3.1 10 150   M    M   4 128    14 140
 3  74  54  64   8   1   0 0.00  0.0    0  3.0 10 140   M    M   3 18     16  90
 4  75  59  67  11   0   2 0.00  0.0    0  7.6 17 110   M    M   5 12     22 110
 5  75  59  67  12   0   2 0.00  0.0    0  7.9 17 140   M    M   4 1      21 130
 6  79  57  68  13   0   3    T  0.0    0  6.6 23  30   M    M   7 12     29  30
 7  59  45  52  -3  13   0 0.00  0.0    0 10.8 18  20   M    M   3        25  20
 8  68  44  56   1   9   0 0.00  0.0    0  3.6 10  10   M    M   0 1      14 340
 9  68  40  54   0  11   0 0.00  0.0    0  5.6 17 310   M    M   0 18     22 310
10  60  36  48  -6  17   0 0.00  0.0    0  4.8 12 350   M    M   1 8      15 340
11  60  38  49  -5  16   0 0.00  0.0    0  2.6  9 340   M    M   1 8      13 340
12  62  43  53  -1  12   0 0.00  0.0    0  3.1  9  30   M    M   6 18     12  30
13  69  41  55   1  10   0 0.00  0.0    0  2.2  9  90   M    M   1 18     12 110
14  65  39  52  -1  13   0 0.00  0.0    0  2.0  9 200   M    M   0 128    13  50
15  69  43  56   3   9   0 0.00  0.0    0  6.4 16 140   M    M   5 12     20 140
16  67  43  55   2  10   0 0.01    M    0  8.3 23 300   M    M   3 1      30 300
17  60  35  48  -5  17   0 0.00  0.0    0  3.0  9 360   M    M   0 18     12  20
18  61  43  52  -1  13   0    T  0.0    0  4.5 14 140   M    M   4 18     16 140
19  55  47  51  -1  14   0 2.65    M    0  9.4 20  50   M    M  10 13     28  40
20  53  47  50  -2  15   0 0.31    M    0 10.6 16  10   M    M  10 18     21  10
21  60  50  55   3  10   0 0.00  0.0    0  5.4 12  70   M    M   7 1      14  70
22  68  56  62  10   3   0 0.52  0.0    0  6.9 14 190   M    M  10 123    20 200
23  68  63  66  14   0   1 1.22  0.0    0  7.3 24 140   M    M  10 123    29 130
24  64  40  52   0  13   0 0.26  0.0    0  9.8 22 310   M    M   4 13     30 300
25  56  34  45  -7  20   0 0.00  0.0    0  2.8 10 150   M    M   0        12 160
26  67  42  55   4  10   0 0.00  0.0    0 10.1 22 100   M    M   4        27 110
27  66  61  64  13   1   0 0.62  0.0    0 11.8 20 120   M    M  10 12     24 120
28  75  57  66  15   0   1 0.07  0.0    0  5.2 16 340   M    M  10 128    20 340
================================================================================
SM 1853 1323       238   9  5.66     0.0 171.7          M      125
================================================================================
AV 66.2 47.2                               6.1 FASTST   M    M   4    MAX(MPH)
                                 MISC ---->  # 24 140               # 30  300
================================================================================
NOTES:
# LAST OF SEVERAL OCCURRENCES

COLUMN 17 PEAK WIND IN M.P.H.

PRELIMINARY LOCAL CLIMATOLOGICAL DATA (WS FORM: F-6) , PAGE 2

                                          STATION:  GULFPORT
                                          MONTH:    DECEMBER
                                          YEAR:     2014
                                          LATITUDE:   30 23 N
                                          LONGITUDE:  89  4 W

[TEMPERATURE DATA]      [PRECIPITATION DATA]       SYMBOLS USED IN COLUMN 16

AVERAGE MONTHLY: 56.7   TOTAL FOR MONTH:   5.66    1 = FOG OR MIST
DPTR FM NORMAL:   3.3   DPTR FM NORMAL:    1.12    2 = FOG REDUCING VISIBILITY
HIGHEST:    79 ON  6    GRTST 24HR  2.96 ON 19-20      TO 1/4 MILE OR LESS
LOWEST:     34 ON 25                               3 = THUNDER
                        SNOW, ICE PELLETS, HAIL    4 = ICE PELLETS
                        TOTAL MONTH:   0.0 INCH    5 = HAIL
                        GRTST 24HR     0.0         6 = FREEZING RAIN OR DRIZZLE
                        GRTST DEPTH:   0           7 = DUSTSTORM OR SANDSTORM:
                                                       VSBY 1/2 MILE OR LESS
                                                   8 = SMOKE OR HAZE
[NO. OF DAYS WITH]      [WEATHER - DAYS WITH]      9 = BLOWING SNOW
                                                   X = TORNADO
MAX 32 OR BELOW:   0    0.01 INCH OR MORE:   8
MAX 90 OR ABOVE:   0    0.10 INCH OR MORE:   6
MIN 32 OR BELOW:   0    0.50 INCH OR MORE:   4
MIN  0 OR BELOW:   0    1.00 INCH OR MORE:   2

[HDD (BASE 65) ]
TOTAL THIS MO.   238    CLEAR  (SCALE 0-3)   9
DPTR FM NORMAL  -101    PTCLDY (SCALE 4-7)  13
TOTAL FM JUL 1   588    CLOUDY (SCALE 8-10)  6
DPTR FM NORMAL    27

[CDD (BASE 65) ]
TOTAL THIS MO.     9
DPTR FM NORMAL    -3    [PRESSURE DATA]
TOTAL FM JAN 1  2851    HIGHEST SLP M ON M
DPTR FM NORMAL   262    LOWEST  SLP 29.47 ON 23

[REMARKS]
