000
CXUS53 KGRB 160630
CF6GRB
PRELIMINARY LOCAL CLIMATOLOGICAL DATA (WS FORM: F-6)

                                          STATION:   GREEN BAY WI
                                          MONTH:     JANUARY
                                          YEAR:      2018
                                          LATITUDE:   44 28 N
                                          LONGITUDE:  88  8 W

  TEMPERATURE IN F:       :PCPN:    SNOW:  WIND      :SUNSHINE: SKY     :PK WND
================================================================================
1   2   3   4   5  6A  6B    7    8   9   10  11  12  13   14  15   16   17  18
                                     12Z  AVG MX 2MIN
DY MAX MIN AVG DEP HDD CDD  WTR  SNW DPTH SPD SPD DIR MIN PSBL S-S WX    SPD DR
================================================================================

 1   1 -11  -5 -23  70   0 0.00  0.0    4 13.0 22 290   M    M   0        26 280
 2  14  -3   6 -11  59   0    T  0.2    4 11.3 20 210   M    M   1        27 240
 3  15   0   8  -9  57   0 0.01  0.2    4 10.4 21 310   M    M   7 8      25 310
 4   9  -6   2 -15  63   0 0.00  0.0    4  8.7 17 330   M    M   0        21 320
 5   8  -6   1 -16  64   0 0.00  0.0    4  9.5 20 330   M    M   0        25 320
 6  11 -10   1 -16  64   0 0.00  0.0    4  7.2 15 200   M    M   0        23 190
 7  30  11  21   4  44   0 0.03  0.6    5 13.1 23 210   M    M   8 8      30 210
 8  37  21  29  12  36   0 0.02  0.3    5 10.7 23 260   M    M   1 18     29 280
 9  35  15  25   8  40   0 0.00  0.0    5  5.6 12 150   M    M   5 12     13 140
10  38  27  33  16  32   0    T  0.0    5 10.0 21 170   M    M   8 128    26 170
11  48  20  34  18  31   0 0.10  0.3    2 11.6 23 340   M    M  10 126    30 320
12  20   6  13  -3  52   0    T    T    T 13.8 23 350   M    M   3        29 360
13  12  -1   6 -10  59   0 0.00  0.0    T  9.7 16 320   M    M   0        20 290
14  19  -2   9  -7  56   0 0.01  0.2    T  8.2 16 170   M    M   4        22 170
15  24  14  19   3  46   0 0.11  2.6    2  8.9 17  30   M    M  10 18     20  40
================================================================================
SM  321   75       773   0  0.28     4.4 151.7          M       57
================================================================================
AV 21.4  5.0                              10.1 FASTST   M    M   4    MAX(MPH)
                                 MISC ---->  # 23 210               # 30  210
================================================================================
NOTES:
# LAST OF SEVERAL OCCURRENCES

COLUMN 17 PEAK WIND IN M.P.H.

PRELIMINARY LOCAL CLIMATOLOGICAL DATA (WS FORM: F-6) , PAGE 2

                                          STATION:  GREEN BAY WI
                                          MONTH:    JANUARY
                                          YEAR:     2018
                                          LATITUDE:   44 28 N
                                          LONGITUDE:  88  8 W

[TEMPERATURE DATA]      [PRECIPITATION DATA]       SYMBOLS USED IN COLUMN 16

AVERAGE MONTHLY: 13.2   TOTAL FOR MONTH:   0.28    1 = FOG OR MIST
DPTR FM NORMAL:  -3.5   DPTR FM NORMAL:   -0.30    2 = FOG REDUCING VISIBILITY
HIGHEST:    48 ON 11    GRTST 24HR  0.11 ON 15-15      TO 1/4 MILE OR LESS
LOWEST:    -11 ON  1                               3 = THUNDER
                        SNOW, ICE PELLETS, HAIL    4 = ICE PELLETS
                        TOTAL MONTH:   4.4 INCHES  5 = HAIL
                        GRTST 24HR   2.6 ON 15-15  6 = FREEZING RAIN OR DRIZZLE
                        GRTST DEPTH:   5 ON 10, 9  7 = DUSTSTORM OR SANDSTORM:
                                                       VSBY 1/2 MILE OR LESS
                                                   8 = SMOKE OR HAZE
[NO. OF DAYS WITH]      [WEATHER - DAYS WITH]      9 = BLOWING SNOW
                                                   X = TORNADO
MAX 32 OR BELOW:  11    0.01 INCH OR MORE:   6
MAX 90 OR ABOVE:   0    0.10 INCH OR MORE:   2
MIN 32 OR BELOW:  15    0.50 INCH OR MORE:   0
MIN  0 OR BELOW:   8    1.00 INCH OR MORE:   0

[HDD (BASE 65) ]
TOTAL THIS MO.   773    CLEAR  (SCALE 0-3)   7
DPTR FM NORMAL    48    PTCLDY (SCALE 4-7)   5
TOTAL FM JUL 1  3616    CLOUDY (SCALE 8-10)  3
DPTR FM NORMAL  -199

[CDD (BASE 65) ]
TOTAL THIS MO.     0
DPTR FM NORMAL     0    [PRESSURE DATA]
TOTAL FM JAN 1     0    HIGHEST SLP M ON M
DPTR FM NORMAL     0    LOWEST  SLP 29.58 ON 11

[REMARKS]
