000
CXUS53 KGID 250730
CF6GRI
PRELIMINARY LOCAL CLIMATOLOGICAL DATA (WS FORM: F-6)

                                          STATION:   GRAND ISLAND NE
                                          MONTH:     OCTOBER
                                          YEAR:      2014
                                          LATITUDE:   40 58 N
                                          LONGITUDE:  98 19 W

  TEMPERATURE IN F:       :PCPN:    SNOW:  WIND      :SUNSHINE: SKY     :PK WND
================================================================================
1   2   3   4   5  6A  6B    7    8   9   10  11  12  13   14  15   16   17  18
                                     12Z  AVG MX 2MIN
DY MAX MIN AVG DEP HDD CDD  WTR  SNW DPTH SPD SPD DIR MIN PSBL S-S WX    SPD DR
================================================================================

 1  80  57  69  11   0   4    T  0.0    0  4.6 10  50   M    M   4 123    13  10
 2  69  47  58   0   7   0 0.39  0.0    0 13.5 32 290   M    M   4 13     42 290
 3  57  36  47 -11  18   0 0.05  0.0    0 20.3 33 330   M    M   4        44 330
 4  63  33  48  -9  17   0 0.00  0.0    0  7.4 14 320   M    M   1        19 300
 5  72  47  60   3   5   0    T  0.0    0 13.5 31 310   M    M   3        41 330
 6  78  49  64   8   1   0    T  0.0    0  8.9 22 280   M    M   3        27 270
 7  76  48  62   6   3   0 0.00  0.0    0  9.8 22 320   M    M   1        27 320
 8  68  44  56   1   9   0 0.00  0.0    0  5.6 13 130   M    M   4        19 120
 9  69  49  59   4   6   0 0.00  0.0    0 11.6 18  40   M    M   5        26  90
10  57  36  47  -8  18   0 0.00  0.0    0  6.5 14  20   M    M   1        18  50
11  64  33  49  -5  16   0 0.00  0.0    0  8.2 15 180   M    M   0        20 170
12  63  43  53  -1  12   0 0.08  0.0    0 10.7 23 330   M    M   5 1      28 180
13  65  47  56   3   9   0    T  0.0    0 21.4 37 350   M    M   4        46 350
14  68  38  53   0  12   0 0.00  0.0    0 10.9 23 360   M    M   0        30  10
15  75  34  55   2  10   0 0.00  0.0    0  7.6 16 180   M    M   0        19 210
16  78  43  61   9   4   0 0.00  0.0    0 11.4 30 350   M    M   0        34 340
17  66  39  53   1  12   0 0.00  0.0    0 13.9 26 350   M    M   0        35 350
18  58  32  45  -6  20   0 0.00  0.0    0  5.8 14 170   M    M   2        17 170
19  75  43  59   8   6   0 0.00  0.0    0  9.9 21 220   M    M   0        28 210
20  76  40  58   7   7   0 0.00  0.0    0  4.7  9 170   M    M   0        12 100
21  78  41  60  10   5   0 0.00  0.0    0 10.5 23 160   M    M   0        29 170
22  73  54  64  14   1   0 0.76  0.0    0 10.3 21 250   M    M   5 123    28 250
23  65  45  55   6  10   0 0.00  0.0    0  6.4 14 200   M    M   5 128    17 210
24  80  48  64  15   1   0 0.00  0.0    0  6.8 15 220   M    M   0 18     21 220
================================================================================
SM 1673 1026       209   4  1.28     0.0 240.2          M       51
================================================================================
AV 69.7 42.8                              10.0 FASTST   M    M   2    MAX(MPH)
                                 MISC ---->  # 37 350               # 46  350
================================================================================
NOTES:
# LAST OF SEVERAL OCCURRENCES

COLUMN 17 PEAK WIND IN M.P.H.

PRELIMINARY LOCAL CLIMATOLOGICAL DATA (WS FORM: F-6) , PAGE 2

                                          STATION:  GRAND ISLAND NE
                                          MONTH:    OCTOBER
                                          YEAR:     2014
                                          LATITUDE:   40 58 N
                                          LONGITUDE:  98 19 W

[TEMPERATURE DATA]      [PRECIPITATION DATA]       SYMBOLS USED IN COLUMN 16

AVERAGE MONTHLY: 56.2   TOTAL FOR MONTH:   1.28    1 = FOG OR MIST
DPTR FM NORMAL:   2.6   DPTR FM NORMAL:   -0.25    2 = FOG REDUCING VISIBILITY
HIGHEST:    80 ON 24, 1 GRTST 24HR  0.76 ON 22-22      TO 1/4 MILE OR LESS
LOWEST:     32 ON 18                               3 = THUNDER
                        SNOW, ICE PELLETS, HAIL    4 = ICE PELLETS
                        TOTAL MONTH:   0.0 INCH    5 = HAIL
                        GRTST 24HR     0.0         6 = FREEZING RAIN OR DRIZZLE
                        GRTST DEPTH:   0           7 = DUSTSTORM OR SANDSTORM:
                                                       VSBY 1/2 MILE OR LESS
                                                   8 = SMOKE OR HAZE
[NO. OF DAYS WITH]      [WEATHER - DAYS WITH]      9 = BLOWING SNOW
                                                   X = TORNADO
MAX 32 OR BELOW:   0    0.01 INCH OR MORE:   4
MAX 90 OR ABOVE:   0    0.10 INCH OR MORE:   2
MIN 32 OR BELOW:   1    0.50 INCH OR MORE:   1
MIN  0 OR BELOW:   0    1.00 INCH OR MORE:   0

[HDD (BASE 65) ]
TOTAL THIS MO.   209    CLEAR  (SCALE 0-3)  15
DPTR FM NORMAL   -75    PTCLDY (SCALE 4-7)   9
TOTAL FM JUL 1   315    CLOUDY (SCALE 8-10)  0
DPTR FM NORMAL   -84

[CDD (BASE 65) ]
TOTAL THIS MO.     4
DPTR FM NORMAL    -6    [PRESSURE DATA]
TOTAL FM JAN 1  1031    HIGHEST SLP M ON M
DPTR FM NORMAL    -2    LOWEST  SLP 29.63 ON  6

[REMARKS]
