000
CXUS53 KIWX 010800
CF6GSH
PRELIMINARY LOCAL CLIMATOLOGICAL DATA (WS FORM: F-6)

                                          STATION:   GOSHEN
                                          MONTH:     SEPTEMBER
                                          YEAR:      2014
                                          LATITUDE:   41 31 N
                                          LONGITUDE:  85 47 W

  TEMPERATURE IN F:       :PCPN:    SNOW:  WIND      :SUNSHINE: SKY     :PK WND
================================================================================
1   2   3   4   5  6A  6B    7    8   9   10  11  12  13   14  15   16   17  18
                                     12Z  AVG MX 2MIN
DY MAX MIN AVG DEP HDD CDD  WTR  SNW DPTH SPD SPD DIR MIN PSBL S-S WX    SPD DR
================================================================================

 1  85  70  78  10   0  13 0.01  0.0    0 12.1 28 220   M    M   5 18     36 230
 2  80  63  72   4   0   7 0.17  0.0    0  7.0 17 280   M    M   4 1      23 270
 3  84  60  72   4   0   7 0.00  0.0    0  4.4 14 220   M    M   1 1      17 220
 4  86  65  76   9   0  11 0.00  0.0    0  8.8 23 200   M    M   2        27 200
 5  94  67  81  14   0  16 0.42  0.0    0 10.9 28 240   M    M   3 13     41 260
 6  73  54  64  -3   1   0 0.02  0.0    0  7.5 18 340   M    M   5 1      21 340
 7  78  50  64  -2   1   0 0.00  0.0    0  1.6  8 160   M    M   1 1      10 150
 8  79  51  65  -1   0   0 0.00  0.0    0  3.0 13 150   M    M   1 1      15 130
 9  75  54  65  -1   0   0 0.00  0.0    0  5.2 13 150   M    M   4 1      17 140
10  76  61  69   4   0   4 1.37  0.0    0 12.7 25 300   M    M   7 18     33 260
11  61  53  57  -8   8   0 0.01  0.0    0 10.4 21 320   M    M  10 18     28 320
12  57  51  54 -11  11   0 0.09  0.0    0  6.0 13  20   M    M  10 18     15  20
13  61  44  53 -11  12   0 0.11  0.0    0  7.6 18 290   M    M   8 1      23 300
14  65  41  53 -11  12   0 0.00  0.0    0  3.0 13 250   M    M   4 12     18 210
15  60  45  53 -10  12   0 0.22  0.0    0  3.5 16 200   M    M   6 12     20 200
16  66  45  56  -7   9   0 0.00  0.0    0  4.6 12 270   M    M   4 128    15 350
17  69  41  55  -8  10   0 0.00  0.0    0  3.4 12 300   M    M   1 1      16 250
18  72  41  57  -5   8   0 0.00  0.0    0  4.3 12  40   M    M   0 128    15  30
19  72  50  61  -1   4   0 0.00  0.0    0  8.2 16 160   M    M   0 18     21 130
20   M   M   M   M   M   M 0.41  0.0    0 12.2 22 210   M    M   3 138    33 220
21   M   M   M   M   M   M 0.12  0.0    0 15.0 27 290   M    M   8 8      33 290
22   M   M   M   M   M   M 0.00  0.0    0  7.3 12 340   M    M   2         M  M
23  72   M   M   M   M   M 0.00  0.0    0  1.2  6  80   M    M   0 18      M  M
24  77  45  61   1   4   0 0.00  0.0    0  4.1 13 100   M    M   0 12     16 120
25  80  50  65   6   0   0 0.00  0.0    0  3.3 10 110   M    M   0 1      15 130
26  81  48  65   6   0   0 0.00  0.0    0  3.7 10  60   M    M   0 1      13 170
27  78  47  63   5   2   0 0.00  0.0    0  3.4 10  80   M    M   M        13  60
28  78  52  65   7   0   0 0.00  0.0    0  1.0  9  20   M    M   M        12  40
29  78  48  63   6   2   0 0.00  0.0    0   M   M   M   M    M   M         M  M
30  62  51  57   0   8   0    T  0.0    M  6.9  7  10   M    M  10         M  M
================================================================================
SM 1999 1347       104  58  2.95     0.0 182.3          M       99
================================================================================
AV 74.0 51.8                               6.3 FASTST   M    M   4    MAX(MPH)
                                 MISC ---->  # 28 220               # 41  260
================================================================================
NOTES:
# LAST OF SEVERAL OCCURRENCES

COLUMN 17 PEAK WIND IN M.P.H.

PRELIMINARY LOCAL CLIMATOLOGICAL DATA (WS FORM: F-6) , PAGE 2

                                          STATION:  GOSHEN
                                          MONTH:    SEPTEMBER
                                          YEAR:     2014
                                          LATITUDE:   41 31 N
                                          LONGITUDE:  85 47 W

[TEMPERATURE DATA]      [PRECIPITATION DATA]       SYMBOLS USED IN COLUMN 16

AVERAGE MONTHLY: 62.9   TOTAL FOR MONTH:   2.95    1 = FOG OR MIST
DPTR FM NORMAL:  -0.1   DPTR FM NORMAL:   -0.28    2 = FOG REDUCING VISIBILITY
HIGHEST:    94 ON  5    GRTST 24HR  1.37 ON  9-10      TO 1/4 MILE OR LESS
LOWEST:     41 ON 18,17                            3 = THUNDER
                        SNOW, ICE PELLETS, HAIL    4 = ICE PELLETS
                        TOTAL MONTH:   0.0 INCH    5 = HAIL
                        GRTST 24HR     0.0         6 = FREEZING RAIN OR DRIZZLE
                        GRTST DEPTH:   0           7 = DUSTSTORM OR SANDSTORM:
                                                       VSBY 1/2 MILE OR LESS
                                                   8 = SMOKE OR HAZE
[NO. OF DAYS WITH]      [WEATHER - DAYS WITH]      9 = BLOWING SNOW
                                                   X = TORNADO
MAX 32 OR BELOW:   0    0.01 INCH OR MORE:  11
MAX 90 OR ABOVE:   1    0.10 INCH OR MORE:   7
MIN 32 OR BELOW:   0    0.50 INCH OR MORE:   1
MIN  0 OR BELOW:   0    1.00 INCH OR MORE:   1

[HDD (BASE 65) ]
TOTAL THIS MO.   104    CLEAR  (SCALE 0-3)  14
DPTR FM NORMAL   -20    PTCLDY (SCALE 4-7)  10
TOTAL FM JUL 1   133    CLOUDY (SCALE 8-10)  3
DPTR FM NORMAL   -10

[CDD (BASE 65) ]
TOTAL THIS MO.    58
DPTR FM NORMAL    -4    [PRESSURE DATA]
TOTAL FM JAN 1   742    HIGHEST SLP M ON M
DPTR FM NORMAL    90    LOWEST  SLP 29.54 ON 10

[REMARKS]
#FINAL-09-14#
