000
CXGM50 PGUM 161850
CF6GSN
PRELIMINARY LOCAL CLIMATOLOGICAL DATA (WS FORM: F-6)

                                          STATION:   SAIPAN/ISLEY_(CGS) MP
                                          MONTH:     SEPTEMBER
                                          YEAR:      2014
                                          LATITUDE:   15  7 N
                                          LONGITUDE: 145-44 E

  TEMPERATURE IN F:       :PCPN:    SNOW:  WIND      :SUNSHINE: SKY     :PK WND
================================================================================
1   2   3   4   5  6A  6B    7    8   9   10  11  12  13   14  15   16   17  18
                                     12Z  AVG MX 2MIN
DY MAX MIN AVG DEP HDD CDD  WTR  SNW DPTH SPD SPD DIR MIN PSBL S-S WX    SPD DR
================================================================================

 1  85  79  82   M   0  17 0.10  0.0    0  3.9 13 300   M    M   3 1      16 150
 2  89  78  84   M   0  19 0.01  0.0    0  4.7 16 210   M    M   3 3      22 210
 3  88  79  84   M   0  19    T  0.0    0  6.3 16 230   M    M   3 1X     21 230
 4  88  80  84   M   0  19 0.00  0.0    0  5.9 10  90   M    M   2        16 160
 5  90  78  84   M   0  19 0.19  0.0    0  7.7 20 120   M    M   3 13     25 120
 6  89  77  83   M   0  18 0.33  0.0    0  5.5 22  60   M    M   3 18     26  90
 7  89  78  84   M   0  19 0.37  0.0    0  3.3 14 200   M    M   3 1      18 200
 8  89  77  83   M   0  18 1.17  0.0    0  4.4 21 260   M    M   3 18     29 250
 9  86  75  81   M   0  16 0.32  0.0    0  8.4 18 340   M    M   3 1      25 330
10  87  74  81   M   0  16 0.68  0.0    0  9.4 24 160   M    M   3 1      33 160
11  89  78  84   M   0  19 0.06  0.0    0 13.1 23 110   M    M   3 18     35 130
12  88  80  84   M   0  19    T  0.0    0  6.4 10 150   M    M   1        17 130
13  89  75  82   M   0  17 0.14  0.0    0  7.8 21 100   M    M   3 13     25 110
14  86  75  81   M   0  16 0.49  0.0    0 13.8 28 100   M    M   5 1      33  90
15  86  75  81   M   0  16 0.65  0.0    0 11.3 23  80   M    M   5 18     28  80
16   M   M   M   M   M   M    M    M    M   M   M   M   M    M   M 18      M  M
================================================================================
SM 1318 1158         0 267  4.51     0.0 111.9          M       46
================================================================================
AV 87.9 77.2                               7.5 FASTST   M    M   3    MAX(MPH)
                                 MISC ---->  # 28 100               # 35  130
================================================================================
NOTES:
# LAST OF SEVERAL OCCURRENCES

COLUMN 17 PEAK WIND IN M.P.H.

PRELIMINARY LOCAL CLIMATOLOGICAL DATA (WS FORM: F-6) , PAGE 2

                                          STATION:  SAIPAN/ISLEY_(CGS) MP
                                          MONTH:    SEPTEMBER
                                          YEAR:     2014
                                          LATITUDE:   15  7 N
                                          LONGITUDE: 145-44 E

[TEMPERATURE DATA]      [PRECIPITATION DATA]       SYMBOLS USED IN COLUMN 16

AVERAGE MONTHLY: 82.5   TOTAL FOR MONTH:   4.51    1 = FOG OR MIST
DPTR FM NORMAL:     M   DPTR FM NORMAL:   -0.93    2 = FOG REDUCING VISIBILITY
HIGHEST:    90 ON  5    GRTST 24HR  1.87 ON 16-16      TO 1/4 MILE OR LESS
LOWEST:     74 ON 10                               3 = THUNDER
                        SNOW, ICE PELLETS, HAIL    4 = ICE PELLETS
                        TOTAL MONTH:   0.0 INCH    5 = HAIL
                        GRTST 24HR     0.0         6 = FREEZING RAIN OR DRIZZLE
                        GRTST DEPTH:   0           7 = DUSTSTORM OR SANDSTORM:
                                                       VSBY 1/2 MILE OR LESS
                                                   8 = SMOKE OR HAZE
[NO. OF DAYS WITH]      [WEATHER - DAYS WITH]      9 = BLOWING SNOW
                                                   X = TORNADO
MAX 32 OR BELOW:   0    0.01 INCH OR MORE:  12
MAX 90 OR ABOVE:   1    0.10 INCH OR MORE:  10
MIN 32 OR BELOW:   0    0.50 INCH OR MORE:   3
MIN  0 OR BELOW:   0    1.00 INCH OR MORE:   1

[HDD (BASE 65) ]
TOTAL THIS MO.     0    CLEAR  (SCALE 0-3)  10
DPTR FM NORMAL     M    PTCLDY (SCALE 4-7)   5
TOTAL FM JUL 1     0    CLOUDY (SCALE 8-10)  0
DPTR FM NORMAL     M

[CDD (BASE 65) ]
TOTAL THIS MO.   267
DPTR FM NORMAL     M    [PRESSURE DATA]
TOTAL FM JAN 1  4424    HIGHEST SLP M ON M
DPTR FM NORMAL     M    LOWEST  SLP 29.76 ON 15

[REMARKS]
