000
CXGM50 PGUM 151850
CF6GSN
PRELIMINARY LOCAL CLIMATOLOGICAL DATA (WS FORM: F-6)

                                          STATION:   SAIPAN/ISLEY_(CGS) MP
                                          MONTH:     APRIL
                                          YEAR:      2014
                                          LATITUDE:   15  7 N
                                          LONGITUDE: 145-44 E

  TEMPERATURE IN F:       :PCPN:    SNOW:  WIND      :SUNSHINE: SKY     :PK WND
================================================================================
1   2   3   4   5  6A  6B    7    8   9   10  11  12  13   14  15   16   17  18
                                     12Z  AVG MX 2MIN
DY MAX MIN AVG DEP HDD CDD  WTR  SNW DPTH SPD SPD DIR MIN PSBL S-S WX    SPD DR
================================================================================

 1  88  75  82   M   0  17 0.12  0.0    0 11.4 23  70   M    M   3 1      26  70
 2  89  78  84   M   0  19 0.11  0.0    0 13.9 21 100   M    M   3 1      26  80
 3  89  78  84   M   0  19    T  0.0    0 12.4 20  60   M    M   5        24 100
 4  89  78  84   M   0  19 0.08  0.0    0 14.7 21  90   M    M   5 1      28  90
 5  89  79  84   M   0  19    T  0.0    0 17.5 25  80   M    M   5        31  80
 6  89  77  83   M   0  18 0.01  0.0    0 14.4 22  70   M    M   7 18     28 100
 7  88  76  82   M   0  17 0.01  0.0    0 11.7 18  70   M    M   4 1      23  80
 8  89  77  83   M   0  18    T  0.0    0 15.4 22  80   M    M   4        28 100
 9  89  79  84   M   0  19 0.00  0.0    0 16.1 25  70   M    M   3        30  70
10  89  79  84   M   0  19 0.00  0.0    0 11.5 17  80   M    M   4        23  70
11  88  78  83   M   0  18 0.22  0.0    0  9.8 18  90   M    M   6 18     23  90
12  89  77  83   M   0  18 0.46  0.0    0 11.3 20  80   M    M   4 1      24  70
13  87  76  82   M   0  17 0.69  0.0    0  7.5 17  80   M    M   5 1      22 100
14  88  75  82   M   0  17 0.00  0.0    0  8.0 15  90   M    M   2        21  70
15  87  77  82   M   0  17 0.00  0.0    0  3.9 13 240   M    M   1        15 240
================================================================================
SM 1327 1159         0 271  1.70     0.0 179.5          M       61
================================================================================
AV 88.5 77.3                              12.0 FASTST   M    M   4    MAX(MPH)
                                 MISC ---->  # 25  80               # 31   80
================================================================================
NOTES:
# LAST OF SEVERAL OCCURRENCES

COLUMN 17 PEAK WIND IN M.P.H.

PRELIMINARY LOCAL CLIMATOLOGICAL DATA (WS FORM: F-6) , PAGE 2

                                          STATION:  SAIPAN/ISLEY_(CGS) MP
                                          MONTH:    APRIL
                                          YEAR:     2014
                                          LATITUDE:   15  7 N
                                          LONGITUDE: 145-44 E

[TEMPERATURE DATA]      [PRECIPITATION DATA]       SYMBOLS USED IN COLUMN 16

AVERAGE MONTHLY: 82.9   TOTAL FOR MONTH:   1.70    1 = FOG OR MIST
DPTR FM NORMAL:     M   DPTR FM NORMAL:    0.59    2 = FOG REDUCING VISIBILITY
HIGHEST:    89 ON 12,10 GRTST 24HR  1.15 ON 12-13      TO 1/4 MILE OR LESS
LOWEST:     75 ON 14, 1                            3 = THUNDER
                        SNOW, ICE PELLETS, HAIL    4 = ICE PELLETS
                        TOTAL MONTH:   0.0 INCH    5 = HAIL
                        GRTST 24HR     0.0         6 = FREEZING RAIN OR DRIZZLE
                        GRTST DEPTH:   0           7 = DUSTSTORM OR SANDSTORM:
                                                       VSBY 1/2 MILE OR LESS
                                                   8 = SMOKE OR HAZE
[NO. OF DAYS WITH]      [WEATHER - DAYS WITH]      9 = BLOWING SNOW
                                                   X = TORNADO
MAX 32 OR BELOW:   0    0.01 INCH OR MORE:   8
MAX 90 OR ABOVE:   0    0.10 INCH OR MORE:   5
MIN 32 OR BELOW:   0    0.50 INCH OR MORE:   1
MIN  0 OR BELOW:   0    1.00 INCH OR MORE:   0

[HDD (BASE 65) ]
TOTAL THIS MO.     0    CLEAR  (SCALE 0-3)   4
DPTR FM NORMAL     M    PTCLDY (SCALE 4-7)  11
TOTAL FM JUL 1    10    CLOUDY (SCALE 8-10)  0
DPTR FM NORMAL     M

[CDD (BASE 65) ]
TOTAL THIS MO.   271
DPTR FM NORMAL     M    [PRESSURE DATA]
TOTAL FM JAN 1  1622    HIGHEST SLP M ON M
DPTR FM NORMAL     M    LOWEST  SLP 29.82 ON M

[REMARKS]
