000
CXUS52 KGSP 270817
CF6GSP
PRELIMINARY LOCAL CLIMATOLOGICAL DATA (WS FORM: F-6)

                                          STATION:   GREENVILLE-SPARTANBURG SC
                                          MONTH:     JULY
                                          YEAR:      2017
                                          LATITUDE:   34 54 N
                                          LONGITUDE:  82 13 W

  TEMPERATURE IN F:       :PCPN:    SNOW:  WIND      :SUNSHINE: SKY     :PK WND
================================================================================
1   2   3   4   5  6A  6B    7    8   9   10  11  12  13   14  15   16   17  18
                                     12Z  AVG MX 2MIN
DY MAX MIN AVG DEP HDD CDD  WTR  SNW DPTH SPD SPD DIR MIN PSBL S-S WX    SPD DR
================================================================================

 1  90  71  81   2   0  16 0.07  0.0    0  8.7 18 210   M    M   5 1      23 200
 2  90  68  79   0   0  14 0.12  0.0    0  3.4 12 280   M    M   1 13     17 220
 3  89  69  79  -1   0  14 1.75  0.0    0  3.8 16  30   M    M   3 138    21  30
 4  90  68  79  -1   0  14 0.03  0.0    0  4.3 20 290   M    M   1 138    28 310
 5  92  70  81   1   0  16 0.01  0.0    0  5.4 16  10   M    M   3 13     25  10
 6  91  69  80   0   0  15    T  0.0    0  6.2 23 230   M    M   1 3      30 210
 7  89  71  80   0   0  15 0.00  0.0    0  9.2 18 240   M    M   0 3      24 240
 8  91  67  79  -1   0  14 0.34  0.0    0  5.5 25 300   M    M   1 13     39 300
 9  87  64  76  -4   0  11 0.00  0.0    0  2.3 10  30   M    M   1 1      14  60
10  90  67  79  -1   0  14 0.00  0.0    0  3.7 16 190   M    M   1 3      22 190
11  91  70  81   1   0  16 0.00  0.0    0  6.1 12 230   M    M   2        15 220
12  92  73  83   3   0  18 0.00  0.0    0  7.1 14 190   M    M   1        18 180
13  93  74  84   4   0  19 0.00  0.0    0  7.2 16 210   M    M   1        19 200
14  94  71  83   3   0  18 0.40  0.0    0  6.9 21 200   M    M   3 13     24 200
15  91  70  81   1   0  16 0.05  0.0    0  4.5 16 340   M    M   1 138    23 340
16  89  68  79  -1   0  14 0.55  0.0    0  4.7 20 150   M    M   3 13     24 130
17  87  69  78  -2   0  13 0.01  0.0    0  4.2 14 350   M    M   3 13     19 340
18  91  66  79  -1   0  14 0.00  0.0    0  2.8 16 100   M    M   3 3      20 110
19  93  69  81   1   0  16    T  0.0    0  2.0 10  70   M    M   2        13  70
20  95  72  84   4   0  19 0.00  0.0    0  2.3  8 300   M    M   1        11 280
21  96  72  84   4   0  19 0.00  0.0    0  2.7 13 210   M    M   1        16 210
22  95  74  85   5   0  20 0.00  0.0    0  6.2 14 210   M    M   0        17 220
23  95  71  83   3   0  18 0.35  0.0    0  5.9 20  40   M    M   1 13     26  40
24  91  71  81   1   0  16 0.00  0.0    0  4.3 10 280   M    M   1 1      14 280
25  91  72  82   2   0  17 0.00  0.0    0  2.4 10 150   M    M   1        12 150
26  85  75  80   0   0  15 0.00  0.0    0  5.5 15  50   M    M   7 8      22  40
================================================================================
SM 2368 1821         0 411  3.68     0.0 127.3          M       48
================================================================================
AV 91.1 70.0                               4.9 FASTST   M    M   2    MAX(MPH)
                                 MISC ---->  # 25 300               # 39  300
================================================================================
NOTES:
# LAST OF SEVERAL OCCURRENCES

COLUMN 17 PEAK WIND IN M.P.H.

PRELIMINARY LOCAL CLIMATOLOGICAL DATA (WS FORM: F-6) , PAGE 2

                                          STATION:  GREENVILLE-SPARTANBURG SC
                                          MONTH:    JULY
                                          YEAR:     2017
                                          LATITUDE:   34 54 N
                                          LONGITUDE:  82 13 W

[TEMPERATURE DATA]      [PRECIPITATION DATA]       SYMBOLS USED IN COLUMN 16

AVERAGE MONTHLY: 80.6   TOTAL FOR MONTH:   3.68    1 = FOG OR MIST
DPTR FM NORMAL:   0.6   DPTR FM NORMAL:   -0.30    2 = FOG REDUCING VISIBILITY
HIGHEST:    96 ON 21    GRTST 24HR  1.76 ON  3- 4      TO 1/4 MILE OR LESS
LOWEST:     64 ON  9                               3 = THUNDER
                        SNOW, ICE PELLETS, HAIL    4 = ICE PELLETS
                        TOTAL MONTH:   0.0 INCH    5 = HAIL
                        GRTST 24HR     0.0         6 = FREEZING RAIN OR DRIZZLE
                        GRTST DEPTH:   0           7 = DUSTSTORM OR SANDSTORM:
                                                       VSBY 1/2 MILE OR LESS
                                                   8 = SMOKE OR HAZE
[NO. OF DAYS WITH]      [WEATHER - DAYS WITH]      9 = BLOWING SNOW
                                                   X = TORNADO
MAX 32 OR BELOW:   0    0.01 INCH OR MORE:  11
MAX 90 OR ABOVE:  20    0.10 INCH OR MORE:   6
MIN 32 OR BELOW:   0    0.50 INCH OR MORE:   2
MIN  0 OR BELOW:   0    1.00 INCH OR MORE:   1

[HDD (BASE 65) ]
TOTAL THIS MO.     0    CLEAR  (SCALE 0-3)  23
DPTR FM NORMAL     0    PTCLDY (SCALE 4-7)   3
TOTAL FM JUL 1     0    CLOUDY (SCALE 8-10)  0
DPTR FM NORMAL     0

[CDD (BASE 65) ]
TOTAL THIS MO.   411
DPTR FM NORMAL    23    [PRESSURE DATA]
TOTAL FM JAN 1   988    HIGHEST SLP M ON M
DPTR FM NORMAL    48    LOWEST  SLP 29.81 ON 23

[REMARKS]
