000
CXUS52 KGSP 260817
CF6GSP
PRELIMINARY LOCAL CLIMATOLOGICAL DATA (WS FORM: F-6)

                                          STATION:   GREENVILLE-SPARTANBURG SC
                                          MONTH:     NOVEMBER
                                          YEAR:      2014
                                          LATITUDE:   34 54 N
                                          LONGITUDE:  82 13 W

  TEMPERATURE IN F:       :PCPN:    SNOW:  WIND      :SUNSHINE: SKY     :PK WND
================================================================================
1   2   3   4   5  6A  6B    7    8   9   10  11  12  13   14  15   16   17  18
                                     12Z  AVG MX 2MIN
DY MAX MIN AVG DEP HDD CDD  WTR  SNW DPTH SPD SPD DIR MIN PSBL S-S WX    SPD DR
================================================================================

 1  49  35  42 -15  23   0 0.27    T    0 13.8 24 350   M    M   5 1      36 310
 2  56  33  45 -12  20   0 0.00  0.0    0  6.8 17 310   M    M   0        26 310
 3  65  29  47  -9  18   0 0.00  0.0    0  4.2 13 210   M    M   0        17 210
 4  70  41  56   0   9   0 0.00  0.0    0  8.1 16 210   M    M   0        21 210
 5  67  49  58   2   7   0 0.00  0.0    0  7.7 15 220   M    M   0        19 230
 6  71  47  59   4   6   0 0.04  0.0    0 10.4 22 230   M    M   5 1      29 350
 7  61  43  52  -3  13   0 0.00  0.0    0  5.2 20  20   M    M   0        25 330
 8  59  36  48  -7  17   0 0.00  0.0    0  4.2 13 220   M    M   0        16 220
 9  66  38  52  -2  13   0 0.00  0.0    0  2.1  8  60   M    M   0        11  80
10  68  38  53  -1  12   0 0.00  0.0    0  3.2  9 100   M    M   0        16 130
11  74  39  57   3   8   0 0.00  0.0    0  4.2 10 200   M    M   0        12 200
12  78  43  61   7   4   0 0.00  0.0    0  4.7 17 230   M    M   0        25 230
13  65  43  54   1  11   0    T  0.0    0  5.3 12  40   M    M   3 8      14  70
14  47  28  38 -15  27   0 0.00  0.0    0  7.4 14  30   M    M   7 8      19 360
15  45  24  35 -18  30   0 0.00  0.0    0  3.4 14  50   M    M   0        16  50
16  55  32  44  -8  21   0    T  0.0    0  2.8  9 160   M    M   7        11 220
17  55  33  44  -8  21   0 0.92  0.0    0  5.9 20 240   M    M   6 1      24 240
18  40  22  31 -21  34   0 0.00  0.0    0  4.0 14 250   M    M   1        19 240
19  44  18  31 -20  34   0 0.00  0.0    0  3.7 15 220   M    M   0        19 210
20  60  30  45  -6  20   0 0.00  0.0    0 10.0 22 250   M    M   0        28 240
21  61  32  47  -4  18   0 0.00  0.0    0  3.7  8  90   M    M   0        11  90
22  56  31  44  -6  21   0 0.00  0.0    0  3.1  8 150   M    M   2        10 110
23  56  41  49  -1  16   0 2.43  0.0    0  8.4 17  60   M    M  10 13     20  60
24  72  56  64  14   1   0 0.00  0.0    0 12.6 23 220   M    M   6        30 230
25  62  47  55   6  10   0 0.05  0.0    0  3.3 10  60   M    M   3 1      12  70
================================================================================
SM 1502  908       414   0  3.71    T    148.2          M       55
================================================================================
AV 60.1 36.3                               5.9 FASTST   M    M   2    MAX(MPH)
                                 MISC ---->  # 24 350               # 36  310
================================================================================
NOTES:
# LAST OF SEVERAL OCCURRENCES

COLUMN 17 PEAK WIND IN M.P.H.

PRELIMINARY LOCAL CLIMATOLOGICAL DATA (WS FORM: F-6) , PAGE 2

                                          STATION:  GREENVILLE-SPARTANBURG SC
                                          MONTH:    NOVEMBER
                                          YEAR:     2014
                                          LATITUDE:   34 54 N
                                          LONGITUDE:  82 13 W

[TEMPERATURE DATA]      [PRECIPITATION DATA]       SYMBOLS USED IN COLUMN 16

AVERAGE MONTHLY: 48.2   TOTAL FOR MONTH:   3.71    1 = FOG OR MIST
DPTR FM NORMAL:  -5.0   DPTR FM NORMAL:    0.71    2 = FOG REDUCING VISIBILITY
HIGHEST:    78 ON 12    GRTST 24HR  2.43 ON 23-23      TO 1/4 MILE OR LESS
LOWEST:     18 ON 19                               3 = THUNDER
                        SNOW, ICE PELLETS, HAIL    4 = ICE PELLETS
                        TOTAL MONTH:    T          5 = HAIL
                        GRTST 24HR    T  ON  1- 1  6 = FREEZING RAIN OR DRIZZLE
                        GRTST DEPTH:   0           7 = DUSTSTORM OR SANDSTORM:
                                                       VSBY 1/2 MILE OR LESS
                                                   8 = SMOKE OR HAZE
[NO. OF DAYS WITH]      [WEATHER - DAYS WITH]      9 = BLOWING SNOW
                                                   X = TORNADO
MAX 32 OR BELOW:   0    0.01 INCH OR MORE:   5
MAX 90 OR ABOVE:   0    0.10 INCH OR MORE:   3
MIN 32 OR BELOW:   9    0.50 INCH OR MORE:   2
MIN  0 OR BELOW:   0    1.00 INCH OR MORE:   1

[HDD (BASE 65) ]
TOTAL THIS MO.   414    CLEAR  (SCALE 0-3)  17
DPTR FM NORMAL   114    PTCLDY (SCALE 4-7)   7
TOTAL FM JUL 1   538    CLOUDY (SCALE 8-10)  1
DPTR FM NORMAL    68

[CDD (BASE 65) ]
TOTAL THIS MO.     0
DPTR FM NORMAL     0    [PRESSURE DATA]
TOTAL FM JAN 1  1693    HIGHEST SLP M ON M
DPTR FM NORMAL   -17    LOWEST  SLP 29.64 ON 17

[REMARKS]
