000
CXGM50 PGUM 271850
CF6GUM
PRELIMINARY LOCAL CLIMATOLOGICAL DATA (WS FORM: F-6)

                                          STATION:   GUAM INTERNATIONAL AIRPORT
                                          MONTH:     MARCH
                                          YEAR:      2015
                                          LATITUDE:   13 29 N
                                          LONGITUDE: 144-48 E

  TEMPERATURE IN F:       :PCPN:    SNOW:  WIND      :SUNSHINE: SKY     :PK WND
================================================================================
1   2   3   4   5  6A  6B    7    8   9   10  11  12  13   14  15   16   17  18
                                     12Z  AVG MX 2MIN
DY MAX MIN AVG DEP HDD CDD  WTR  SNW DPTH SPD SPD DIR MIN PSBL S-S WX    SPD DR
================================================================================

 1  89  77  83   3   0  18    T  0.0    0 14.7 23  50   M    M   2        31  60
 2  87  76  82   2   0  17 0.10  0.0    0 13.2 22  80   M    M   3 1      29  80
 3  87  74  81   1   0  16 0.14  0.0    0 11.9 25  80   M    M   4 1      33  70
 4  89  77  83   3   0  18    T  0.0    0 16.9 29  60   M    M   3        35  60
 5  87  74  81   1   0  16 0.20  0.0    0 11.3 24  80   M    M   4 1      28  90
 6  90  76  83   3   0  18 0.02  0.0    0 13.4 23  40   M    M   5 18     30  30
 7  89  75  82   2   0  17 0.07  0.0    0 11.9 23  60   M    M   6 1      29  70
 8  89  73  81   1   0  16 0.00  0.0    0 10.0 18  40   M    M   3        24  40
 9  90  75  83   3   0  18 0.00  0.0    0 10.4 20  30   M    M   2        26  40
10  89  73  81   1   0  16 0.09  0.0    0  9.4 21  30   M    M   3        25  30
11  89  73  81   1   0  16 0.02  0.0    0 10.7 20  40   M    M   2        25  30
12  89  73  81   1   0  16 0.02  0.0    0  9.7 21  40   M    M   4        25  50
13  90  73  82   2   0  17 0.02  0.0    0 12.7 22  40   M    M   4        28  30
14  88  76  82   1   0  17 0.00  0.0    0 17.0 26  20   M    M   4        33  10
15  80  75  78  -3   0  13 0.69  0.0    0 21.7 37 350   M    M  10 18     48 320
16  86  75  81   0   0  16 1.27  0.0    0 13.9 29 130   M    M   9 1      43 140
17  82  75  79  -2   0  14 0.58  0.0    0  8.8 16 140   M    M   8 1      22 140
18  86  75  81   0   0  16 0.06  0.0    0  4.6 13 110   M    M   4        28 110
19  88  72  80  -1   0  15 0.00  0.0    0  5.0 12 120   M    M   4        16 140
20  86  75  81   0   0  16 0.00  0.0    0  5.9 12 110   M    M   2        16 140
21  85  75  80  -1   0  15 0.06  0.0    0  4.8 12 350   M    M   5 1      15 360
22  88  75  82   1   0  17 0.00  0.0    0  8.8 16 350   M    M   2        23 360
23  88  73  81   0   0  16    T  0.0    0  8.2 20  60   M    M   5        23  70
24  87  75  81   0   0  16 0.01  0.0    0 12.0 21  60   M    M   4        26  80
25  88  76  82   1   0  17 0.02  0.0    0 12.7 24  50   M    M   3        28  50
26  88  74  81   0   0  16 0.01  0.0    0 17.3 25  50   M    M   6 1      31  50
27  86  74  80  -1   0  15 0.21  0.0    0 14.0 26  50   M    M   7 18     35  60
================================================================================
SM 2360 2014         0 438  3.59     0.0 310.9          M      118
================================================================================
AV 87.4 74.6                              11.5 FASTST   M    M   4    MAX(MPH)
                                 MISC ---->  # 37 350               # 48  320
================================================================================
NOTES:
# LAST OF SEVERAL OCCURRENCES

COLUMN 17 PEAK WIND IN M.P.H.

PRELIMINARY LOCAL CLIMATOLOGICAL DATA (WS FORM: F-6) , PAGE 2

                                          STATION:  GUAM INTERNATIONAL AIRPORT
                                          MONTH:    MARCH
                                          YEAR:     2015
                                          LATITUDE:   13 29 N
                                          LONGITUDE: 144-48 E

[TEMPERATURE DATA]      [PRECIPITATION DATA]       SYMBOLS USED IN COLUMN 16

AVERAGE MONTHLY: 81.0   TOTAL FOR MONTH:   3.59    1 = FOG OR MIST
DPTR FM NORMAL:   0.5   DPTR FM NORMAL:    1.10    2 = FOG REDUCING VISIBILITY
HIGHEST:    90 ON 13, 9 GRTST 24HR  1.27 ON 16-16      TO 1/4 MILE OR LESS
LOWEST:     72 ON 19                               3 = THUNDER
                        SNOW, ICE PELLETS, HAIL    4 = ICE PELLETS
                        TOTAL MONTH:   0.0 INCH    5 = HAIL
                        GRTST 24HR     0.0         6 = FREEZING RAIN OR DRIZZLE
                        GRTST DEPTH:   0           7 = DUSTSTORM OR SANDSTORM:
                                                       VSBY 1/2 MILE OR LESS
                                                   8 = SMOKE OR HAZE
[NO. OF DAYS WITH]      [WEATHER - DAYS WITH]      9 = BLOWING SNOW
                                                   X = TORNADO
MAX 32 OR BELOW:   0    0.01 INCH OR MORE:  18
MAX 90 OR ABOVE:   3    0.10 INCH OR MORE:   7
MIN 32 OR BELOW:   0    0.50 INCH OR MORE:   3
MIN  0 OR BELOW:   0    1.00 INCH OR MORE:   1

[HDD (BASE 65) ]
TOTAL THIS MO.     0    CLEAR  (SCALE 0-3)   8
DPTR FM NORMAL     0    PTCLDY (SCALE 4-7)  17
TOTAL FM JUL 1     0    CLOUDY (SCALE 8-10)  2
DPTR FM NORMAL     0

[CDD (BASE 65) ]
TOTAL THIS MO.   438
DPTR FM NORMAL    17    [PRESSURE DATA]
TOTAL FM JAN 1  1391    HIGHEST SLP M ON M
DPTR FM NORMAL    80    LOWEST  SLP 29.43 ON 15

[REMARKS]
