000
CXUS54 KJAN 010800
CF6GWO
PRELIMINARY LOCAL CLIMATOLOGICAL DATA (WS FORM: F-6)

                                          STATION:   GREENWOOD
                                          MONTH:     SEPTEMBER
                                          YEAR:      2016
                                          LATITUDE:   33 30 N
                                          LONGITUDE:  90  5 W

  TEMPERATURE IN F:       :PCPN:    SNOW:  WIND      :SUNSHINE: SKY     :PK WND
================================================================================
1   2   3   4   5  6A  6B    7    8   9   10  11  12  13   14  15   16   17  18
                                     12Z  AVG MX 2MIN
DY MAX MIN AVG DEP HDD CDD  WTR  SNW DPTH SPD SPD DIR MIN PSBL S-S WX    SPD DR
================================================================================

 1  94  73  84   5   0  19 0.00  0.0    0  7.3 15 350   M    M   0 18     22 360
 2  89  65  77  -2   0  12 0.00  0.0    0  6.2 14  10   M    M   0        18  40
 3  92  61  77  -2   0  12 0.00  0.0    0  2.9 10 360   M    M   0 1      17  30
 4  94  69  82   3   0  17    T  0.0    0  5.8 13 170   M    M   2        16 160
 5  93  75  84   6   0  19 0.00  0.0    0  5.2 13  90   M    M   3        16  80
 6  91  71  81   3   0  16 0.00  0.0    0  3.4 12 170   M    M   2        16 160
 7  93  71  82   4   0  17 0.00  0.0    0  3.4 13 180   M    M   1 1      18 210
 8  92  71  82   5   0  17    T  0.0    0  4.9 14 200   M    M   1 1      17 180
 9  92  69  81   4   0  16    T  0.0    0  4.5 12 210   M    M   3        14 200
10  94  71  83   6   0  18    T  0.0    0  5.4 17 330   M    M   2 3      25 340
11  88  69  79   2   0  14 0.00  0.0    0  5.4 13  40   M    M   1        17  40
12  93  66  80   4   0  15 0.00  0.0    0  2.0 10 110   M    M   1        15 110
13  95  70  83   7   0  18 0.00  0.0    0  4.2 15  80   M    M   0        18  70
14  95  69  82   6   0  17 0.00  0.0    0  4.1 14  50   M    M   1        18  40
15  97  70  84   9   0  19 0.00  0.0    0  2.5 14  70   M    M   1        17 120
16  95  68  82   7   0  17    T  0.0    0  5.9 18 200   M    M   3        24 200
17  92  75  84  10   0  19 0.01  0.0    0  4.1 12 210   M    M   5 1      13 210
18  87  68  78   4   0  13 1.87  0.0    0  4.3 22  20   M    M   7 123    28  20
19  91  65  78   4   0  13 0.00  0.0    0  1.9  9 360   M    M   3 12     13 350
20  93  66  80   7   0  15 0.00  0.0    0  4.3 16  20   M    M   0 18     21  20
21  94  63  79   6   0  14 0.00  0.0    0  3.0  9  30   M    M   0        11  50
22  94  68  81   8   0  16 0.00  0.0    0  2.1  8 210   M    M   0 1      11 200
23  96  65  81   9   0  16 0.00  0.0    0  0.3  6 340   M    M   0 1       8 180
24  97  68  83  11   0  18 0.00  0.0    0  1.3  7 300   M    M   1 1       9 290
25  99  69  84  12   0  19    T  0.0    0  1.8 12 180   M    M   2 1      15 280
26  86  67  77   6   0  12 0.00  0.0    0  6.9 16  30   M    M   3 1      21 350
27  84  55  70  -1   0   5 0.00  0.0    0  4.2 14  50   M    M   0        19  60
28  87  49  68  -2   0   3 0.00  0.0    0  4.2 15 220   M    M   1 1      21 220
29  78  53  66  -4   0   1 0.00  0.0    0  6.7 16  20   M    M   2        23  20
30  80  50  65  -5   0   0 0.00  0.0    0  2.6 10 320   M    M   2 1      18 340
================================================================================
SM 2745 1989         0 427  1.88     0.0 120.8          M       47
================================================================================
AV 91.5 66.3                               4.0 FASTST   M    M   2    MAX(MPH)
                                 MISC ---->  # 22  20               # 28   20
================================================================================
NOTES:
# LAST OF SEVERAL OCCURRENCES

COLUMN 17 PEAK WIND IN M.P.H.

PRELIMINARY LOCAL CLIMATOLOGICAL DATA (WS FORM: F-6) , PAGE 2

                                          STATION:  GREENWOOD
                                          MONTH:    SEPTEMBER
                                          YEAR:     2016
                                          LATITUDE:   33 30 N
                                          LONGITUDE:  90  5 W

[TEMPERATURE DATA]      [PRECIPITATION DATA]       SYMBOLS USED IN COLUMN 16

AVERAGE MONTHLY: 78.9   TOTAL FOR MONTH:   1.88    1 = FOG OR MIST
DPTR FM NORMAL:   4.2   DPTR FM NORMAL:   -1.78    2 = FOG REDUCING VISIBILITY
HIGHEST:    99 ON 25    GRTST 24HR  1.87 ON 18-18      TO 1/4 MILE OR LESS
LOWEST:     49 ON 28                               3 = THUNDER
                        SNOW, ICE PELLETS, HAIL    4 = ICE PELLETS
                        TOTAL MONTH:   0.0 INCH    5 = HAIL
                        GRTST 24HR     0.0         6 = FREEZING RAIN OR DRIZZLE
                        GRTST DEPTH:   0           7 = DUSTSTORM OR SANDSTORM:
                                                       VSBY 1/2 MILE OR LESS
                                                   8 = SMOKE OR HAZE
[NO. OF DAYS WITH]      [WEATHER - DAYS WITH]      9 = BLOWING SNOW
                                                   X = TORNADO
MAX 32 OR BELOW:   0    0.01 INCH OR MORE:   2
MAX 90 OR ABOVE:  22    0.10 INCH OR MORE:   1
MIN 32 OR BELOW:   0    0.50 INCH OR MORE:   1
MIN  0 OR BELOW:   0    1.00 INCH OR MORE:   1

[HDD (BASE 65) ]
TOTAL THIS MO.     0    CLEAR  (SCALE 0-3)  28
DPTR FM NORMAL   -12    PTCLDY (SCALE 4-7)   2
TOTAL FM JUL 1     0    CLOUDY (SCALE 8-10)  0
DPTR FM NORMAL   -12

[CDD (BASE 65) ]
TOTAL THIS MO.   427
DPTR FM NORMAL   122    [PRESSURE DATA]
TOTAL FM JAN 1  2374    HIGHEST SLP M ON M
DPTR FM NORMAL   327    LOWEST  SLP 29.79 ON  1

[REMARKS]
