000
CXUS55 KBOU 291413
CF6GXY
PRELIMINARY LOCAL CLIMATOLOGICAL DATA (WS FORM: F-6)

                                          STATION:   GREELEY  CO
                                          MONTH:     SEPTEMBER
                                          YEAR:      2014
                                          LATITUDE:   40 25 N
                                          LONGITUDE: 104 38 W

  TEMPERATURE IN F:       :PCPN:    SNOW:  WIND      :SUNSHINE: SKY     :PK WND
================================================================================
1   2   3   4   5  6A  6B    7    8   9   10  11  12  13   14  15   16   17  18
                                     12Z  AVG MX 2MIN
DY MAX MIN AVG DEP HDD CDD  WTR  SNW DPTH SPD SPD DIR MIN PSBL S-S WX    SPD DR
================================================================================

 1  81  48  65   M   0   0    M    M    M  4.7 12  30   M    M   1        16  40
 2  88  43  66   M   0   1    M    M    M  3.6  9 230   M    M   0         M  M
 3  97  48  73   M   0   8    M    M    M  5.8 16 180   M    M   0        22 190
 4  77  55  66   M   0   1    M    M    M  6.8 10 140   M    M   1         M  M
 5  63  48  56   M   9   0    M    M    M  7.5 15 140   M    M   9        18 140
 6  75  46  61   M   4   0    M    M    M  2.9  8  60   M    M   2         M  M
 7  84  46  65   M   0   0    M    M    M  4.0 15 210   M    M   1        20 210
 8  88  48  68   M   0   3    M    M    M  6.2 16 280   M    M   1        21 280
 9  75  57  66   M   0   1    M    M    M  5.8 20 340   M    M   3        27 340
10  73  52  63   M   2   0    M    M    M  6.5 10 110   M    M   5         M  M
11  54  36  45   M  20   0    M    M    M 12.2 16  50   M    M  10        21  50
12  52  34  43   M  22   0    M    M    M  4.8 10 210   M    M   8         M  M
13  75  28  52   M  13   0    M    M    M  4.3 16 130   M    M   1         M  M
14  88  41  65   M   0   0    M    M    M  6.7 17 310   M    M   0        27 310
15  72  45  59   M   6   0    M    M    M  6.3 13 180   M    M   0        16 180
16  90  43  67   M   0   2    M    M    M  5.4 16 320   M    M   0        20 340
17  90  46  68   M   0   3    M    M    M  4.2  7 270   M    M   0         M  M
18  91  46  69   M   0   4    M    M    M  4.2 10 140   M    M   0        17 170
19  91  50  71   M   0   6    M    M    M  6.0 13  20   M    M   1        20  20
20  82  54  68   M   0   3    M    M    M  5.6 13  20   M    M   1         M  M
21  79  57  68   M   0   3    M    M    M  8.9 16  90   M    M   3        22 160
22  79  55  67   M   0   2    M    M    M  4.9 13 130   M    M   2         M  M
23  81  54  68   M   0   3    M    M    M  3.6  9 200   M    M   2         M  M
24  84  46  65   M   0   0    M    M    M  3.2  7 140   M    M   0         M  M
25  91  45  68   M   0   3    M    M    M  5.0 12 140   M    M   0        18 140
26  90  45  68   M   0   3    M    M    M  5.6 12 120   M    M   0        16 120
27  88  45  67   M   0   2    M    M    M  5.6 13 130   M    M   0        17 100
28  79  50  65   M   0   0    M    M    M  9.4 17  10   M    M   1        21  90
================================================================================
SM 2257 1311        76  48    M     M    159.7          M       52
================================================================================
AV 80.6 46.8                               5.7 FASTST   M    M   2    MAX(MPH)
                                 MISC ---->    20   M               # 27  340
================================================================================
NOTES:
# LAST OF SEVERAL OCCURRENCES

COLUMN 17 PEAK WIND IN M.P.H.

PRELIMINARY LOCAL CLIMATOLOGICAL DATA (WS FORM: F-6) , PAGE 2

                                          STATION:  GREELEY  CO
                                          MONTH:    SEPTEMBER
                                          YEAR:     2014
                                          LATITUDE:   40 25 N
                                          LONGITUDE: 104 38 W

[TEMPERATURE DATA]      [PRECIPITATION DATA]       SYMBOLS USED IN COLUMN 16

AVERAGE MONTHLY: 63.7   TOTAL FOR MONTH:      M    1 = FOG OR MIST
DPTR FM NORMAL:     M   DPTR FM NORMAL:       M    2 = FOG REDUCING VISIBILITY
HIGHEST:    97 ON  3    GRTST 24HR    M  ON   M        TO 1/4 MILE OR LESS
LOWEST:     28 ON 13                               3 = THUNDER
                        SNOW, ICE PELLETS, HAIL    4 = ICE PELLETS
                        TOTAL MONTH:    M          5 = HAIL
                        GRTST 24HR    M  ON   M    6 = FREEZING RAIN OR DRIZZLE
                        GRTST DEPTH:  M  ON   M    7 = DUSTSTORM OR SANDSTORM:
                                                       VSBY 1/2 MILE OR LESS
                                                   8 = SMOKE OR HAZE
[NO. OF DAYS WITH]      [WEATHER - DAYS WITH]      9 = BLOWING SNOW
                                                   X = TORNADO
MAX 32 OR BELOW:   0    0.01 INCH OR MORE:   0
MAX 90 OR ABOVE:   7    0.10 INCH OR MORE:   0
MIN 32 OR BELOW:   1    0.50 INCH OR MORE:   0
MIN  0 OR BELOW:   0    1.00 INCH OR MORE:   0

[HDD (BASE 65) ]
TOTAL THIS MO.    76    CLEAR  (SCALE 0-3)  24
DPTR FM NORMAL     M    PTCLDY (SCALE 4-7)   2
TOTAL FM JUL 1    89    CLOUDY (SCALE 8-10)  2
DPTR FM NORMAL     M

[CDD (BASE 65) ]
TOTAL THIS MO.    48
DPTR FM NORMAL     M    [PRESSURE DATA]
TOTAL FM JAN 1   462    HIGHEST SLP M ON M
DPTR FM NORMAL     M    LOWEST  SLP M ON M

[REMARKS]
