000
CXUS54 KEWX 300910
CF6GYB
PRELIMINARY LOCAL CLIMATOLOGICAL DATA (WS FORM: F-6)

                                          STATION:   Giddings-Lee County Airport
                                          MONTH:     JANUARY
                                          YEAR:      2015
                                          LATITUDE:   30 10 N
                                          LONGITUDE:  96 59 W

  TEMPERATURE IN F:       :PCPN:    SNOW:  WIND      :SUNSHINE: SKY     :PK WND
================================================================================
1   2   3   4   5  6A  6B    7    8   9   10  11  12  13   14  15   16   17  18
                                     12Z  AVG MX 2MIN
DY MAX MIN AVG DEP HDD CDD  WTR  SNW DPTH SPD SPD DIR MIN PSBL S-S WX    SPD DR
================================================================================

 1  40  37  39   M  26   0 0.21    M    M  6.4  9 360   M    M  10 1       M  M
 2  44  40  42   M  23   0 0.07    M    M  5.6 12 330   M    M  10 1       M  M
 3  57  40  49   M  16   0 0.15    M    M  3.5 10 310   M    M   5         M  M
 4  46  33  40   M  25   0 0.00    M    M  8.5 16  10   M    M   0        28 360
 5  51  28  40   M  25   0 0.00    M    M  3.5  8  10   M    M   0         M  M
 6  66  32  49   M  16   0 0.00    M    M  2.0  6 210   M    M   0         M  M
 7  51  30  41   M  24   0 0.00    M    M  9.4 18 360   M    M   4        31 360
 8  37  22  30   M  35   0 0.00    M    M  4.9 13 360   M    M   4        18  10
 9  38  34  36   M  29   0    T    M    M  5.3 12  20   M    M  10        21  20
10  36  33  35   M  30   0 0.06    M    M  4.8  8  10   M    M  10 1       M  M
11  44  34  39   M  26   0 1.19    M    M  3.1  8  60   M    M  10 1       M  M
12  45  41  43   M  22   0 0.00    M    M  5.9 13  10   M    M  10 12     20 360
13  41  37  39   M  26   0 0.00    M    M  7.9 13 330   M    M  10 18     20  10
14  42  39  41   M  24   0 0.00    M    M  5.4 10  20   M    M  10 18      M  M
15  54  35  45   M  20   0 0.00    M    M  5.7 10 350   M    M   3 1      17 360
16  63  29  46   M  19   0 0.00    M    M  1.1  6 180   M    M   1         M  M
17  69  38  54   M  11   0 0.00    M    M  5.8 13 220   M    M   1        17 220
18  69  40  55   M  10   0 0.00    M    M  3.9  8 340   M    M   0         M  M
19   M   M   M   M   M   M    M    M    M   M   M   M   M    M   M         M  M
20   M   M   M   M   M   M    M    M    M   M   M   M   M    M   M         M  M
21   M   M   M   M   M   M    M    M    M   M   M   M   M    M   M         M  M
22   M   M   M   M   M   M 0.87    M    M 12.3 15  20   M    M  10        25  20
23  41  41  41   M  24   0 0.00  0.0    M  3.5  4 250   M    M   0         M  M
24  49  35  42   M  23   0 0.00    M    M  2.9  5 270   M    M   0         M  M
25  69  49  59   M   6   0 0.00  0.0    M  8.4 10 320   M    M   0        20 330
26   0   0   0   M  65   0 0.00  0.0    M  0.0  0   0   M    M   0         0   0
27  78  42  60   M   5   0 0.00  0.0    M  1.3  7 340   M    M   0         M  M
28  78  42  60   M   5   0 0.00    M    M  4.1 15 200   M    M   0        18 200
29  73  58  66   M   0   1 0.00  0.0    0  6.2 12 240   M    M   6 1      16  10
================================================================================
SM 1281  889       535   1  2.55     0.0 131.4          M      114
================================================================================
AV 51.2 35.6                               5.1 FASTST   M    M   4    MAX(MPH)
                                 MISC ---->    18   M                 31    M
================================================================================
NOTES:
# LAST OF SEVERAL OCCURRENCES

COLUMN 17 PEAK WIND IN M.P.H.

PRELIMINARY LOCAL CLIMATOLOGICAL DATA (WS FORM: F-6) , PAGE 2

                                          STATION:  Giddings-Lee County Airport
                                          MONTH:    JANUARY
                                          YEAR:     2015
                                          LATITUDE:   30 10 N
                                          LONGITUDE:  96 59 W

[TEMPERATURE DATA]      [PRECIPITATION DATA]       SYMBOLS USED IN COLUMN 16

AVERAGE MONTHLY: 43.4   TOTAL FOR MONTH:   2.55    1 = FOG OR MIST
DPTR FM NORMAL:     M   DPTR FM NORMAL:       M    2 = FOG REDUCING VISIBILITY
HIGHEST:    78 ON 28,27 GRTST 24HR  1.19 ON 11-11      TO 1/4 MILE OR LESS
LOWEST:      0 ON 26                               3 = THUNDER
                        SNOW, ICE PELLETS, HAIL    4 = ICE PELLETS
                        TOTAL MONTH:   0.0 INCH    5 = HAIL
                        GRTST 24HR     0.0         6 = FREEZING RAIN OR DRIZZLE
                        GRTST DEPTH:   0           7 = DUSTSTORM OR SANDSTORM:
                                                       VSBY 1/2 MILE OR LESS
                                                   8 = SMOKE OR HAZE
[NO. OF DAYS WITH]      [WEATHER - DAYS WITH]      9 = BLOWING SNOW
                                                   X = TORNADO
MAX 32 OR BELOW:   1    0.01 INCH OR MORE:   6
MAX 90 OR ABOVE:   0    0.10 INCH OR MORE:   4
MIN 32 OR BELOW:   6    0.50 INCH OR MORE:   2
MIN  0 OR BELOW:   1    1.00 INCH OR MORE:   1

[HDD (BASE 65) ]
TOTAL THIS MO.   535    CLEAR  (SCALE 0-3)  13
DPTR FM NORMAL     M    PTCLDY (SCALE 4-7)   4
TOTAL FM JUL 1  1178    CLOUDY (SCALE 8-10)  9
DPTR FM NORMAL     M

[CDD (BASE 65) ]
TOTAL THIS MO.     1
DPTR FM NORMAL     M    [PRESSURE DATA]
TOTAL FM JAN 1     1    HIGHEST SLP M ON M
DPTR FM NORMAL     M    LOWEST  SLP M ON M

[REMARKS]
