000
CXUS54 KFWD 250730
CF6GYI
PRELIMINARY LOCAL CLIMATOLOGICAL DATA (WS FORM: F-6)

                                          STATION:   SHERMAN DENISON
                                          MONTH:     NOVEMBER
                                          YEAR:      2014
                                          LATITUDE:   33 42 N
                                          LONGITUDE:  96 40 W

  TEMPERATURE IN F:       :PCPN:    SNOW:  WIND      :SUNSHINE: SKY     :PK WND
================================================================================
1   2   3   4   5  6A  6B    7    8   9   10  11  12  13   14  15   16   17  18
                                     12Z  AVG MX 2MIN
DY MAX MIN AVG DEP HDD CDD  WTR  SNW DPTH SPD SPD DIR MIN PSBL S-S WX    SPD DR
================================================================================

 1  61  34  48 -11  17   0 0.00  0.0    0  7.6 15 120   M    M   0        17 110
 2  66  43  55  -4  10   0 0.00  0.0    0 13.3 18 170   M    M   2        24 170
 3  75  54  65   6   0   0 0.00  0.0    0 15.1 22 170   M    M   8        29 170
 4  69  51  60   2   5   0 1.39  0.0    0 11.4 17  30   M    M  10        23  30
 5  58  49  54  -4  11   0 0.03  0.0    0  3.5  7 320   M    M   6         M  M
 6  70  42  56  -1   9   0 0.00  0.0    0  5.7 17  10   M    M   0 8      21  10
 7  67  38  53  -4  12   0 0.00  0.0    0  7.9 16 160   M    M   0         M  M
 8  69  45  57   0   8   0 0.00  0.0    0  8.6 18 360   M    M   0        30 360
 9  72  37  55  -1  10   0 0.00  0.0    0  8.0 18 190   M    M   0        23 190
10  79  53  66  10   0   1 0.00  0.0    0 20.4 30 200   M    M   0        39 200
11  67  36  52  -3  13   0 0.00  0.0    0 16.6 25 330   M    M   4        32 340
12  39  30  35 -20  30   0 0.00  0.0    0 16.1 21 350   M    M   6        28 350
13  37  27  32 -22  33   0 0.00  0.0    0 11.8 20 350   M    M   6        24 350
14  41  25  33 -21  32   0 0.00  0.0    0  2.7  8 150   M    M   6         M  M
15  47  36  42 -12  23   0 0.00  0.0    0 10.7 17 160   M    M   9 1      23 140
16  40  28  34 -19  31   0 0.01    M    0 12.3 18 320   M    M  10 1      28  10
17  42  21  32 -21  33   0 0.00  0.0    M  7.2 17 350   M    M   0        23 340
18  56  22  39 -13  26   0 0.00  0.0    0  7.7 17 190   M    M   0        23 190
19  62  39  51  -1  14   0 0.00  0.0    0 10.9 18 200   M    M   0        21 200
20  70  38  54   3  11   0 0.00  0.0    0  8.4 14 190   M    M   1        20 190
21  65  57  61  10   4   0 0.00  0.0    0 10.8 15 150   M    M  10 1      21 140
22  61  57  59   8   6   0 0.20  0.0    0 12.7 22 150   M    M   9 13     27 150
23  75  47  61  11   4   0 0.00  0.0    0 17.1 33 280   M    M   5 1      43 280
24  62  36  49  -1  16   0 0.00  0.0    0  6.6 16 280   M    M   1 8      21 270
================================================================================
SM 1450  945       358   1  1.63     0.0 253.1          M       93
================================================================================
AV 60.4 39.4                              10.5 FASTST   M    M   4    MAX(MPH)
                                 MISC ---->    33   M                 43    M
================================================================================
NOTES:
# LAST OF SEVERAL OCCURRENCES

COLUMN 17 PEAK WIND IN M.P.H.

PRELIMINARY LOCAL CLIMATOLOGICAL DATA (WS FORM: F-6) , PAGE 2

                                          STATION:  SHERMAN DENISON
                                          MONTH:    NOVEMBER
                                          YEAR:     2014
                                          LATITUDE:   33 42 N
                                          LONGITUDE:  96 40 W

[TEMPERATURE DATA]      [PRECIPITATION DATA]       SYMBOLS USED IN COLUMN 16

AVERAGE MONTHLY: 49.9   TOTAL FOR MONTH:   1.63    1 = FOG OR MIST
DPTR FM NORMAL:  -4.7   DPTR FM NORMAL:   -1.42    2 = FOG REDUCING VISIBILITY
HIGHEST:    79 ON 10    GRTST 24HR  1.39 ON  4- 4      TO 1/4 MILE OR LESS
LOWEST:     21 ON 17                               3 = THUNDER
                        SNOW, ICE PELLETS, HAIL    4 = ICE PELLETS
                        TOTAL MONTH:   0.0 INCH    5 = HAIL
                        GRTST 24HR     0.0         6 = FREEZING RAIN OR DRIZZLE
                        GRTST DEPTH:   0           7 = DUSTSTORM OR SANDSTORM:
                                                       VSBY 1/2 MILE OR LESS
                                                   8 = SMOKE OR HAZE
[NO. OF DAYS WITH]      [WEATHER - DAYS WITH]      9 = BLOWING SNOW
                                                   X = TORNADO
MAX 32 OR BELOW:   0    0.01 INCH OR MORE:   4
MAX 90 OR ABOVE:   0    0.10 INCH OR MORE:   2
MIN 32 OR BELOW:   6    0.50 INCH OR MORE:   1
MIN  0 OR BELOW:   0    1.00 INCH OR MORE:   1

[HDD (BASE 65) ]
TOTAL THIS MO.   358    CLEAR  (SCALE 0-3)  12
DPTR FM NORMAL    99    PTCLDY (SCALE 4-7)   7
TOTAL FM JUL 1   397    CLOUDY (SCALE 8-10)  5
DPTR FM NORMAL    19

[CDD (BASE 65) ]
TOTAL THIS MO.     1
DPTR FM NORMAL    -9    [PRESSURE DATA]
TOTAL FM JAN 1  2441    HIGHEST SLP M ON M
DPTR FM NORMAL   279    LOWEST  SLP M ON M

[REMARKS]
