000
CXUS51 KGYX 281000
CF6GYX
PRELIMINARY LOCAL CLIMATOLOGICAL DATA (WS FORM: F-6)

                                          STATION:   GRAY ME
                                          MONTH:     AUGUST
                                          YEAR:      2015
                                          LATITUDE:   43 53 N
                                          LONGITUDE:  70 15 W

  TEMPERATURE IN F:       :PCPN:    SNOW:  WIND      :SUNSHINE: SKY     :PK WND
================================================================================
1   2   3   4   5  6A  6B    7    8   9   10  11  12  13   14  15   16   17  18
                                     12Z  AVG MX 2MIN
DY MAX MIN AVG DEP HDD CDD  WTR  SNW DPTH SPD SPD DIR MIN PSBL S-S WX    SPD DR
================================================================================

 1  83  62  73   3   0   8 0.00  0.0    M   M   M   M   M    M   M         M  M
 2  81  61  71   1   0   6 0.00  0.0    0   M   M   M   M    M   M         M  M
 3  83  61  72   2   0   7 0.03  0.0    M   M   M   M   M    M   M 3       M  M
 4  82  62  72   2   0   7 0.42  0.0    0   M   M   M   M    M   M         M  M
 5  79  58  69  -1   0   4 0.01  0.0    0   M   M   M   M    M   M         M  M
 6  76  55  66  -4   0   1 0.00  0.0    0   M   M   M   M    M   M         M  M
 7  76  56  66  -4   0   1 0.00  0.0    0   M   M   M   M    M   M         M  M
 8  80  55  68  -2   0   3 0.00  0.0    0   M   M   M   M    M   M         M  M
 9  76  60  68  -2   0   3 0.00  0.0    0   M   M   M   M    M   M         M  M
10  76  59  68  -2   0   3 0.00  0.0    0   M   M   M   M    M   M         M  M
11  65  59  62  -7   3   0 0.92  0.0    0   M   M   M   M    M   M         M  M
12  80  61  71   2   0   6 0.03  0.0    0   M   M   M   M    M   M         M  M
13  77  60  69   0   0   4 0.00  0.0    0   M   M   M   M    M   M         M  M
14  81  58  70   1   0   5 0.00  0.0    0   M   M   M   M    M   M         M  M
15  85  62  74   5   0   9 0.02  0.0    0   M   M   M   M    M   M         M  M
16  87  66  77   8   0  12 0.00  0.0    0   M   M   M   M    M   M         M  M
17  87  67  77   8   0  12 0.00  0.0    0   M   M   M   M    M   M         M  M
18  86  67  77   8   0  12 0.00  0.0    0   M   M   M   M    M   M         M  M
19  83  65  74   5   0   9 0.00  0.0    M   M   M   M   M    M   M         M  M
20  77  64  71   3   0   6 0.04  0.0    0   M   M   M   M    M   M 1       M  M
21  72  67  70   2   0   5 0.88  0.0    0   M   M   M   M    M   M 1       M  M
22  78  64  71   3   0   6 0.00  0.0    0   M   M   M   M    M   M         M  M
23  68  61  65  -3   0   0 1.43  0.0    0   M   M   M   M    M   M 1       M  M
24  78  65  72   4   0   7 0.01  0.0    0   M   M   M   M    M   M 1       M  M
25  70  66  68   0   0   3 0.12  0.0    0   M   M   M   M    M   M         M  M
26  79  64  72   5   0   7 0.01  0.0    0   M   M   M   M    M   M         M  M
27  77  60  69   2   0   4 0.00  0.0    0   M   M   M   M    M   M         M  M
================================================================================
SM 2122 1665         3 150  3.92     0.0     M          M        M
================================================================================
AV 78.6 61.7                                 M FASTST   M    M   5    MAX(MPH)
                                 MISC ---->     M   M                  M    M
================================================================================
NOTES:
# LAST OF SEVERAL OCCURRENCES

COLUMN 17 PEAK WIND IN M.P.H.

PRELIMINARY LOCAL CLIMATOLOGICAL DATA (WS FORM: F-6) , PAGE 2

                                          STATION:  GRAY ME
                                          MONTH:    AUGUST
                                          YEAR:     2015
                                          LATITUDE:   43 53 N
                                          LONGITUDE:  70 15 W

[TEMPERATURE DATA]      [PRECIPITATION DATA]       SYMBOLS USED IN COLUMN 16

AVERAGE MONTHLY: 70.1   TOTAL FOR MONTH:   3.92    1 = FOG OR MIST
DPTR FM NORMAL:   1.1   DPTR FM NORMAL:    0.81    2 = FOG REDUCING VISIBILITY
HIGHEST:    87 ON 17,16 GRTST 24HR  1.43 ON 23-23      TO 1/4 MILE OR LESS
LOWEST:     55 ON  8, 6                            3 = THUNDER
                        SNOW, ICE PELLETS, HAIL    4 = ICE PELLETS
                        TOTAL MONTH:   0.0 INCH    5 = HAIL
                        GRTST 24HR     0.0         6 = FREEZING RAIN OR DRIZZLE
                        GRTST DEPTH:   0           7 = DUSTSTORM OR SANDSTORM:
                                                       VSBY 1/2 MILE OR LESS
                                                   8 = SMOKE OR HAZE
[NO. OF DAYS WITH]      [WEATHER - DAYS WITH]      9 = BLOWING SNOW
                                                   X = TORNADO
MAX 32 OR BELOW:   0    0.01 INCH OR MORE:  12
MAX 90 OR ABOVE:   0    0.10 INCH OR MORE:   5
MIN 32 OR BELOW:   0    0.50 INCH OR MORE:   3
MIN  0 OR BELOW:   0    1.00 INCH OR MORE:   1

[HDD (BASE 65) ]
TOTAL THIS MO.     3    CLEAR  (SCALE 0-3)   0
DPTR FM NORMAL   -12    PTCLDY (SCALE 4-7)   0
TOTAL FM JUL 1    16    CLOUDY (SCALE 8-10)  0
DPTR FM NORMAL   -13

[CDD (BASE 65) ]
TOTAL THIS MO.   150
DPTR FM NORMAL    28    [PRESSURE DATA]
TOTAL FM JAN 1   356    HIGHEST SLP M ON M
DPTR FM NORMAL     8    LOWEST  SLP M ON M

[REMARKS]
