000
CXUS54 KOUN 240800
CF6HBR
PRELIMINARY LOCAL CLIMATOLOGICAL DATA (WS FORM: F-6)

                                          STATION:   HOBART
                                          MONTH:     OCTOBER
                                          YEAR:      2014
                                          LATITUDE:   35  0 N
                                          LONGITUDE:  99  3 W

  TEMPERATURE IN F:       :PCPN:    SNOW:  WIND      :SUNSHINE: SKY     :PK WND
================================================================================
1   2   3   4   5  6A  6B    7    8   9   10  11  12  13   14  15   16   17  18
                                     12Z  AVG MX 2MIN
DY MAX MIN AVG DEP HDD CDD  WTR  SNW DPTH SPD SPD DIR MIN PSBL S-S WX    SPD DR
================================================================================

 1  96  70  83  16   0  18 0.00  0.0    0 16.0 30 190   M    M   2 3      40 190
 2  82  54  68   1   0   3 0.00  0.0    0 16.2 31 350   M    M   1        39 340
 3  72  45  59  -8   6   0    T  0.0    0 12.6 35  10   M    M   0        41  10
 4  80  40  60  -6   5   0 0.00  0.0    0 10.2 23 250   M    M   1        30 240
 5  77  51  64  -2   1   0 0.00  0.0    0  7.1 13 190   M    M   0         M  M
 6  89  51  70   5   0   5 0.00  0.0    M  8.5 21 220   M    M   0        24 210
 7  96  60  78  13   0  13 0.00  0.0    0  6.9 15 190   M    M   0 1      19 180
 8  91  64  78  13   0  13 0.00  0.0    M 15.6 24 160   M    M   0        31 160
 9  90  67  79  15   0  14 0.00  0.0    0 14.6 24 200   M    M   2        29 180
10  78  48  63  -1   2   0 0.43    M    0 17.2 29  20   M    M   8 138    35  20
11  63  47  55  -9  10   0 0.00  0.0    0 12.4 22  10   M    M   6        27  10
12  80  45  63   0   2   0 0.26    M    0 16.8 45 310   M    M   0 138    55 300
13  67  48  58  -5   7   0 0.61    M    0 22.8 43 340   M    M   7 1      49 340
14  76  44  60  -2   5   0 0.00  0.0    0 10.0 20 330   M    M   0        25 310
15  79  46  63   1   2   0 0.00  0.0    0  7.9 14 180   M    M   0        17 170
16  91  51  71   9   0   6 0.00  0.0    0 12.2 22 240   M    M   0 8      28 230
17  78  54  66   5   0   1 0.00  0.0    0 12.9 22  60   M    M   0        26  30
18  73  52  63   2   2   0 0.00  0.0    0 11.0 18  60   M    M   0 8      24  80
19  75  50  63   2   2   0 0.00  0.0    0 11.2 20 180   M    M   4        24 180
20  84  58  71  11   0   6 0.00  0.0    0  8.2 16 220   M    M   2 18     18 210
21  83  58  71  11   0   6 0.00  0.0    0 10.1 17 190   M    M   1 18     22 180
22  76  56  66   6   0   1 0.08  0.0    0 10.1 22 200   M    M   4 18     26 190
23  80  60  70  11   0   5 0.00  0.0    0  8.8 17 210   M    M   3 18     21 210
================================================================================
SM 1856 1219        44  91  1.38     0.0 279.3          M       41
================================================================================
AV 80.7 53.0                              12.1 FASTST   M    M   2    MAX(MPH)
                                 MISC ---->  # 45 310               # 55  300
================================================================================
NOTES:
# LAST OF SEVERAL OCCURRENCES

COLUMN 17 PEAK WIND IN M.P.H.

PRELIMINARY LOCAL CLIMATOLOGICAL DATA (WS FORM: F-6) , PAGE 2

                                          STATION:  HOBART
                                          MONTH:    OCTOBER
                                          YEAR:     2014
                                          LATITUDE:   35  0 N
                                          LONGITUDE:  99  3 W

[TEMPERATURE DATA]      [PRECIPITATION DATA]       SYMBOLS USED IN COLUMN 16

AVERAGE MONTHLY: 66.8   TOTAL FOR MONTH:   1.38    1 = FOG OR MIST
DPTR FM NORMAL:   3.6   DPTR FM NORMAL:   -0.97    2 = FOG REDUCING VISIBILITY
HIGHEST:    96 ON  7, 1 GRTST 24HR  0.87 ON 12-13      TO 1/4 MILE OR LESS
LOWEST:     40 ON  4                               3 = THUNDER
                        SNOW, ICE PELLETS, HAIL    4 = ICE PELLETS
                        TOTAL MONTH:   0.0 INCH    5 = HAIL
                        GRTST 24HR     0.0         6 = FREEZING RAIN OR DRIZZLE
                        GRTST DEPTH:   0           7 = DUSTSTORM OR SANDSTORM:
                                                       VSBY 1/2 MILE OR LESS
                                                   8 = SMOKE OR HAZE
[NO. OF DAYS WITH]      [WEATHER - DAYS WITH]      9 = BLOWING SNOW
                                                   X = TORNADO
MAX 32 OR BELOW:   0    0.01 INCH OR MORE:   4
MAX 90 OR ABOVE:   5    0.10 INCH OR MORE:   3
MIN 32 OR BELOW:   0    0.50 INCH OR MORE:   1
MIN  0 OR BELOW:   0    1.00 INCH OR MORE:   0

[HDD (BASE 65) ]
TOTAL THIS MO.    44    CLEAR  (SCALE 0-3)  18
DPTR FM NORMAL   -55    PTCLDY (SCALE 4-7)   4
TOTAL FM JUL 1    55    CLOUDY (SCALE 8-10)  1
DPTR FM NORMAL   -65

[CDD (BASE 65) ]
TOTAL THIS MO.    91
DPTR FM NORMAL    35    [PRESSURE DATA]
TOTAL FM JAN 1  2207    HIGHEST SLP M ON M
DPTR FM NORMAL   149    LOWEST  SLP 29.47 ON 13

[REMARKS]
