831
CXUS53 KGID 160730
CF6HDE
PRELIMINARY LOCAL CLIMATOLOGICAL DATA (WS FORM: F-6)

                                          STATION:   HOLDREGE
                                          MONTH:     AUGUST
                                          YEAR:      2017
                                          LATITUDE:   40 27 N
                                          LONGITUDE:  99 20 W

  TEMPERATURE IN F:       :PCPN:    SNOW:  WIND      :SUNSHINE: SKY     :PK WND
================================================================================
1   2   3   4   5  6A  6B    7    8   9   10  11  12  13   14  15   16   17  18
                                     12Z  AVG MX 2MIN
DY MAX MIN AVG DEP HDD CDD  WTR  SNW DPTH SPD SPD DIR MIN PSBL S-S WX    SPD DR
================================================================================

 1  81  61  71  -4   0   6 0.00    M    M  3.3  9 330   M    M   4 1       M  M
 2  81  58  70  -5   0   5 1.10    M    M  3.4 10 330   M    M   1 3       M  M
 3  73  54  64 -11   1   0 0.00    M    M  8.9 22 140   M    M   3        27 140
 4  74  47  61 -14   4   0 0.00    M    M  5.3 10 150   M    M   3         M  M
 5  75  59  67  -7   0   2 0.00    M    M  8.9 20 140   M    M   6 3      24 140
 6  72  60  66  -8   0   1 0.00    M    M  5.0 10  80   M    M   7 1      16  80
 7  75  58  67  -7   0   2 0.03    M    M  4.8  9  60   M    M   5 1       M  M
 8  77  53  65  -9   0   0 0.00    M    M  4.5 12 140   M    M   6 1       M  M
 9  79  63  71  -3   0   6 0.01    M    M  7.7 15 180   M    M   6 1      18 180
10  70  58  64 -10   1   0 0.26    M    M  4.4 12  50   M    M   6 12      M  M
11  75  54  65  -9   0   0 0.00    M    M  3.1  6 110   M    M   2         M  M
12  78  57  68  -6   0   3 0.10    M    M  8.0 15 160   M    M   8 3      22 160
13  83  64  74   0   0   9    T    M    M  8.2 13 180   M    M   6 13     18 180
14  83  63  73  -1   0   8 0.07    M    M  8.5 12  90   M    M   1 3      18 230
15  88  65  77   3   0  12 0.02    M    M  8.9 20 170   M    M   4 13     23 170
================================================================================
SM 1164  874         6  54  1.59    M     92.9          M       68
================================================================================
AV 77.6 58.3                               6.2 FASTST   M    M   5    MAX(MPH)
                                 MISC ---->  # 22 140               # 27  140
================================================================================
NOTES:
# LAST OF SEVERAL OCCURRENCES

COLUMN 17 PEAK WIND IN M.P.H.

PRELIMINARY LOCAL CLIMATOLOGICAL DATA (WS FORM: F-6) , PAGE 2

                                          STATION:  HOLDREGE
                                          MONTH:    AUGUST
                                          YEAR:     2017
                                          LATITUDE:   40 27 N
                                          LONGITUDE:  99 20 W

[TEMPERATURE DATA]      [PRECIPITATION DATA]       SYMBOLS USED IN COLUMN 16

AVERAGE MONTHLY: 67.9   TOTAL FOR MONTH:   1.59    1 = FOG OR MIST
DPTR FM NORMAL:  -6.3   DPTR FM NORMAL:   -0.28    2 = FOG REDUCING VISIBILITY
HIGHEST:    88 ON 15    GRTST 24HR  1.10 ON  2- 2      TO 1/4 MILE OR LESS
LOWEST:     47 ON  4                               3 = THUNDER
                        SNOW, ICE PELLETS, HAIL    4 = ICE PELLETS
                        TOTAL MONTH:    M          5 = HAIL
                        GRTST 24HR    M  ON   M    6 = FREEZING RAIN OR DRIZZLE
                        GRTST DEPTH:  M  ON   M    7 = DUSTSTORM OR SANDSTORM:
                                                       VSBY 1/2 MILE OR LESS
                                                   8 = SMOKE OR HAZE
[NO. OF DAYS WITH]      [WEATHER - DAYS WITH]      9 = BLOWING SNOW
                                                   X = TORNADO
MAX 32 OR BELOW:   0    0.01 INCH OR MORE:   7
MAX 90 OR ABOVE:   0    0.10 INCH OR MORE:   3
MIN 32 OR BELOW:   0    0.50 INCH OR MORE:   1
MIN  0 OR BELOW:   0    1.00 INCH OR MORE:   1

[HDD (BASE 65) ]
TOTAL THIS MO.     6    CLEAR  (SCALE 0-3)   5
DPTR FM NORMAL     6    PTCLDY (SCALE 4-7)  10
TOTAL FM JUL 1     6    CLOUDY (SCALE 8-10)  0
DPTR FM NORMAL     3

[CDD (BASE 65) ]
TOTAL THIS MO.    54
DPTR FM NORMAL   -88    [PRESSURE DATA]
TOTAL FM JAN 1   717    HIGHEST SLP M ON M
DPTR FM NORMAL    25    LOWEST  SLP M ON M

[REMARKS]
