319
CXUS53 KGID 250730
CF6HDE
PRELIMINARY LOCAL CLIMATOLOGICAL DATA (WS FORM: F-6)

                                          STATION:   HOLDREGE
                                          MONTH:     JUNE
                                          YEAR:      2017
                                          LATITUDE:   40 27 N
                                          LONGITUDE:  99 20 W

  TEMPERATURE IN F:       :PCPN:    SNOW:  WIND      :SUNSHINE: SKY     :PK WND
================================================================================
1   2   3   4   5  6A  6B    7    8   9   10  11  12  13   14  15   16   17  18
                                     12Z  AVG MX 2MIN
DY MAX MIN AVG DEP HDD CDD  WTR  SNW DPTH SPD SPD DIR MIN PSBL S-S WX    SPD DR
================================================================================

 1  82  57  70   5   0   5 0.00    M    M 11.1 16 140   M    M   3        23 160
 2  84  60  72   6   0   7 0.00    M    M 13.0 22 180   M    M   0        28 160
 3  82  58  70   4   0   5 0.00    M    M  5.8 13 310   M    M   2        22 310
 4  86  58  72   6   0   7 0.00    M    M  3.0  7 110   M    M   1         M  M
 5  88  62  75   8   0  10 0.00    M    M  3.8  7 250   M    M   3         M  M
 6  76  65  71   4   0   6    T    M    M  6.7 21 100   M    M   4 3      22  80
 7  82  61  72   4   0   7 0.00    M    M  6.6 14 150   M    M   5 1      21 140
 8  83  60  72   4   0   7 0.00    M    M  8.7 14 200   M    M   3        21 150
 9  88  60  74   6   0   9 0.00    M    M 14.0 22 200   M    M   0        32 180
10  93  67  80  12   0  15 0.00    M    M 16.4 25 190   M    M   2        36 190
11  94  71  83  14   0  18 0.00    M    M 14.8 23 200   M    M   0        35 200
12  92  69  81  12   0  16 0.00    M    M 13.7 20 140   M    M   1        30 170
13  96  70  83  13   0  18    T    M    M 18.9 31 200   M    M   1 3      37 200
14  87  63  75   5   0  10 0.00    M    M  6.4 15  20   M    M   2 3      22  20
15  93  58  76   6   0  11 0.00    M    M  4.8 13  20   M    M   0         M  M
16  94  59  77   7   0  12 0.00    M    M  6.6 16  30   M    M   0        21 200
17  84  60  72   1   0   7    T    M    M  8.9 17  10   M    M   1        20  10
18  82  54  68  -3   0   3    T    M    M  6.9 15 300   M    M   3        23 290
19  85  63  74   3   0   9    T    M    M  6.0 13 310   M    M   3        18 270
20  95  57  76   4   0  11 0.00    M    M  6.0 14 250   M    M   1        23 180
21  97  68  83  11   0  18 0.18    M    M 12.4 22 180   M    M   0        31 190
22  90  65  78   6   0  13 0.00    M    M 14.0 23  30   M    M   0        29 360
23  76  53  65  -7   0   0 0.03    M    M 11.2 25 350   M    M   3 8      40 350
24  75  49  62 -11   3   0 0.00    M    M  5.1 10 250   M    M   4         M  M
================================================================================
SM 2084 1467         3 224  0.21    M    224.8          M       42
================================================================================
AV 86.8 61.1                               9.4 FASTST   M    M   2    MAX(MPH)
                                 MISC ---->  # 31 200               # 40  350
================================================================================
NOTES:
# LAST OF SEVERAL OCCURRENCES

COLUMN 17 PEAK WIND IN M.P.H.

PRELIMINARY LOCAL CLIMATOLOGICAL DATA (WS FORM: F-6) , PAGE 2

                                          STATION:  HOLDREGE
                                          MONTH:    JUNE
                                          YEAR:     2017
                                          LATITUDE:   40 27 N
                                          LONGITUDE:  99 20 W

[TEMPERATURE DATA]      [PRECIPITATION DATA]       SYMBOLS USED IN COLUMN 16

AVERAGE MONTHLY: 74.0   TOTAL FOR MONTH:   0.21    1 = FOG OR MIST
DPTR FM NORMAL:   4.8   DPTR FM NORMAL:   -2.96    2 = FOG REDUCING VISIBILITY
HIGHEST:    97 ON 21    GRTST 24HR  0.18 ON 21-21      TO 1/4 MILE OR LESS
LOWEST:     49 ON 24                               3 = THUNDER
                        SNOW, ICE PELLETS, HAIL    4 = ICE PELLETS
                        TOTAL MONTH:    M          5 = HAIL
                        GRTST 24HR    M  ON   M    6 = FREEZING RAIN OR DRIZZLE
                        GRTST DEPTH:  M  ON   M    7 = DUSTSTORM OR SANDSTORM:
                                                       VSBY 1/2 MILE OR LESS
                                                   8 = SMOKE OR HAZE
[NO. OF DAYS WITH]      [WEATHER - DAYS WITH]      9 = BLOWING SNOW
                                                   X = TORNADO
MAX 32 OR BELOW:   0    0.01 INCH OR MORE:   2
MAX 90 OR ABOVE:   9    0.10 INCH OR MORE:   1
MIN 32 OR BELOW:   0    0.50 INCH OR MORE:   0
MIN  0 OR BELOW:   0    1.00 INCH OR MORE:   0

[HDD (BASE 65) ]
TOTAL THIS MO.     3    CLEAR  (SCALE 0-3)  19
DPTR FM NORMAL   -28    PTCLDY (SCALE 4-7)   5
TOTAL FM JUL 1  5322    CLOUDY (SCALE 8-10)  0
DPTR FM NORMAL  -946

[CDD (BASE 65) ]
TOTAL THIS MO.   224
DPTR FM NORMAL    93    [PRESSURE DATA]
TOTAL FM JAN 1   262    HIGHEST SLP M ON M
DPTR FM NORMAL    81    LOWEST  SLP M ON M

[REMARKS]
