000
CXUS54 KEWX 210910
CF6HDO
PRELIMINARY LOCAL CLIMATOLOGICAL DATA (WS FORM: F-6)

                                          STATION:   HONDO
                                          MONTH:     AUGUST
                                          YEAR:      2017
                                          LATITUDE:   29 21 N
                                          LONGITUDE:  99 10 W

  TEMPERATURE IN F:       :PCPN:    SNOW:  WIND      :SUNSHINE: SKY     :PK WND
================================================================================
1   2   3   4   5  6A  6B    7    8   9   10  11  12  13   14  15   16   17  18
                                     12Z  AVG MX 2MIN
DY MAX MIN AVG DEP HDD CDD  WTR  SNW DPTH SPD SPD DIR MIN PSBL S-S WX    SPD DR
================================================================================

 1 102  75  89   5   0  24 0.00    M    M  6.8 18  90   M    M   2        23  90
 2 102  73  88   4   0  23 0.05    M    M  5.6 18 240   M    M   4        24 230
 3  98  77  88   4   0  23    T    M    M  4.8 20 120   M    M   7 1      25 130
 4 101  73  87   3   0  22 0.00    M    M  5.8 15 150   M    M   3 1      19  60
 5 103  77  90   6   0  25 0.00    M    M 10.0 20 150   M    M   2        25 130
 6 101  78  90   6   0  25    T    M    M 10.5 21 130   M    M   2        24 120
 7  89  73  81  -3   0  16 1.72    M    M  6.4 23 220   M    M   4 13     33 230
 8  94  74  84   0   0  19    T    M    M  7.3 20  50   M    M   2        23  50
 9  98  73  86   2   0  21 0.00    M    M  6.2 15 110   M    M   2        19 120
10  98  74  86   2   0  21 0.00    M    M  6.6 18 160   M    M   2        22 160
11  98  72  85   1   0  20 0.00    M    M  6.6 15 170   M    M   2        23 170
12  99  76  88   4   0  23 0.00    M    M  8.3 18 130   M    M   1        22 130
13 100  74  87   3   0  22 0.00    M    M  8.7 20 140   M    M   0        24 140
14  99  76  88   4   0  23 0.00    M    M 10.0 21 130   M    M   2        28 130
15 100  77  89   5   0  24 0.00    M    M 11.3 22 130   M    M   4        28 160
16 100  80  90   6   0  25 0.00    M    M 12.8 23 140   M    M   4 8      29 170
17 100  80  90   6   0  25 0.00    M    M  9.1 18 140   M    M   3 8      23 130
18  99  77  88   4   0  23 0.00    M    M  8.1 17 150   M    M   3        23 140
19   M  73   M   M   M   M 0.00    M    M  7.1 14 140   M    M   0         M  M
20   M   M   M   M   M   M    M    M    M   M   M   M   M    M   M         M  M
================================================================================
SM 1781 1432         0 404  1.77    M    152.0          M       49
================================================================================
AV 98.9 75.4                               8.0 FASTST   M    M   3    MAX(MPH)
                                 MISC ---->  # 23 220               # 33  230
================================================================================
NOTES:
# LAST OF SEVERAL OCCURRENCES

COLUMN 17 PEAK WIND IN M.P.H.

PRELIMINARY LOCAL CLIMATOLOGICAL DATA (WS FORM: F-6) , PAGE 2

                                          STATION:  HONDO
                                          MONTH:    AUGUST
                                          YEAR:     2017
                                          LATITUDE:   29 21 N
                                          LONGITUDE:  99 10 W

[TEMPERATURE DATA]      [PRECIPITATION DATA]       SYMBOLS USED IN COLUMN 16

AVERAGE MONTHLY: 87.2   TOTAL FOR MONTH:   1.77    1 = FOG OR MIST
DPTR FM NORMAL:   3.2   DPTR FM NORMAL:    0.96    2 = FOG REDUCING VISIBILITY
HIGHEST:   103 ON  5    GRTST 24HR  1.72 ON  7- 7      TO 1/4 MILE OR LESS
LOWEST:     72 ON 11                               3 = THUNDER
                        SNOW, ICE PELLETS, HAIL    4 = ICE PELLETS
                        TOTAL MONTH:    M          5 = HAIL
                        GRTST 24HR    M  ON   M    6 = FREEZING RAIN OR DRIZZLE
                        GRTST DEPTH:  M  ON   M    7 = DUSTSTORM OR SANDSTORM:
                                                       VSBY 1/2 MILE OR LESS
                                                   8 = SMOKE OR HAZE
[NO. OF DAYS WITH]      [WEATHER - DAYS WITH]      9 = BLOWING SNOW
                                                   X = TORNADO
MAX 32 OR BELOW:   0    0.01 INCH OR MORE:   2
MAX 90 OR ABOVE:  17    0.10 INCH OR MORE:   1
MIN 32 OR BELOW:   0    0.50 INCH OR MORE:   1
MIN  0 OR BELOW:   0    1.00 INCH OR MORE:   1

[HDD (BASE 65) ]
TOTAL THIS MO.     0    CLEAR  (SCALE 0-3)  13
DPTR FM NORMAL     0    PTCLDY (SCALE 4-7)   6
TOTAL FM JUL 1     0    CLOUDY (SCALE 8-10)  0
DPTR FM NORMAL     0

[CDD (BASE 65) ]
TOTAL THIS MO.   404
DPTR FM NORMAL    24    [PRESSURE DATA]
TOTAL FM JAN 1  2478    HIGHEST SLP M ON M
DPTR FM NORMAL   441    LOWEST  SLP 29.70 ON 14

[REMARKS]
