000
CXUS53 KBIS 240725
CF6HEI
PRELIMINARY LOCAL CLIMATOLOGICAL DATA (WS FORM: F-6)

                                          STATION:   HETTINGER ND
                                          MONTH:     APRIL
                                          YEAR:      2017
                                          LATITUDE:   46  0 N
                                          LONGITUDE: 102 39 W

  TEMPERATURE IN F:       :PCPN:    SNOW:  WIND      :SUNSHINE: SKY     :PK WND
================================================================================
1   2   3   4   5  6A  6B    7    8   9   10  11  12  13   14  15   16   17  18
                                     12Z  AVG MX 2MIN
DY MAX MIN AVG DEP HDD CDD  WTR  SNW DPTH SPD SPD DIR MIN PSBL S-S WX    SPD DR
================================================================================

 1  61  27  44   8  21   0 0.00    M    M 10.0 23 190   M    M   1        28 180
 2  57  33  45   9  20   0    T    M    M  8.9 24 330   M    M   5        28 330
 3  61  28  45   8  20   0 0.05    M    M  7.3 25 310   M    M   5 1      30 310
 4  51  25  38   1  27   0 0.01    M    M  8.6 23 300   M    M   7 13     27 300
 5  55  23  39   1  26   0 0.00    M    M  5.3 20  50   M    M   3 12     22  70
 6  62  28  45   7  20   0 0.00    M    M 13.7 25 170   M    M   1 1      31 170
 7  77  40  59  20   6   0 0.00    M    M  7.3 17 140   M    M   0        22 140
 8  63  40  52  13  13   0    T    M    M 10.6 28 330   M    M   5        32 330
 9  53  32  43   4  22   0 0.05    M    M 15.0 28  50   M    M   7        34  50
10  48  25  37  -3  28   0 0.00    M    M  8.7 21  10   M    M   3        26 360
11  60  18  39  -1  26   0 0.00    M    M  6.4 22 290   M    M   1        27 280
12  60  32  46   5  19   0    T    M    M  5.4 14 180   M    M   5        17 180
13  64  37  51  10  14   0 0.00    M    M 19.8 33 140   M    M   0        43 120
14  67  39  53  12  12   0 0.00    M    M 15.0 28 160   M    M   2        36 160
15  57  28  43   1  22   0    T    M    M  9.7 32 270   M    M   6        40 270
16  57  20  39  -3  26   0 0.00    M    M 13.9 30 290   M    M   2        36 310
17  55  12  34  -8  31   0 0.15    M    M 13.2 30 120   M    M   3 13     37 130
18  61  33  47   4  18   0 0.00    M    M 10.6 20  80   M    M   1 12     23  80
19  43  38  41  -2  24   0 0.19    M    M  7.0 17 130   M    M   9 1      20 130
20  58  34  46   2  19   0 0.00    M    M 10.3 22 320   M    M   5        26 310
21  60  27  44   0  21   0 0.00    M    M  7.2 16 150   M    M   3 12     22 130
22  65  35  50   6  15   0 0.00    M    M  7.9 28  70   M    M   4        33  70
23  48  31  40  -5  25   0 0.05    M    M 16.5 25  60   M    M   9 12     32  70
================================================================================
SM 1343  685       475   0  0.50    M    238.3          M       87
================================================================================
AV 58.4 29.8                              10.4 FASTST   M    M   4    MAX(MPH)
                                 MISC ---->  # 33 140               # 43  120
================================================================================
NOTES:
# LAST OF SEVERAL OCCURRENCES

COLUMN 17 PEAK WIND IN M.P.H.

PRELIMINARY LOCAL CLIMATOLOGICAL DATA (WS FORM: F-6) , PAGE 2

                                          STATION:  HETTINGER ND
                                          MONTH:    APRIL
                                          YEAR:     2017
                                          LATITUDE:   46  0 N
                                          LONGITUDE: 102 39 W

[TEMPERATURE DATA]      [PRECIPITATION DATA]       SYMBOLS USED IN COLUMN 16

AVERAGE MONTHLY: 44.1   TOTAL FOR MONTH:   0.50    1 = FOG OR MIST
DPTR FM NORMAL:   3.6   DPTR FM NORMAL:   -0.47    2 = FOG REDUCING VISIBILITY
HIGHEST:    77 ON  7    GRTST 24HR  0.19 ON 19-19      TO 1/4 MILE OR LESS
LOWEST:     12 ON 17                               3 = THUNDER
                        SNOW, ICE PELLETS, HAIL    4 = ICE PELLETS
                        TOTAL MONTH:    M          5 = HAIL
                        GRTST 24HR    M  ON   M    6 = FREEZING RAIN OR DRIZZLE
                        GRTST DEPTH:  M  ON   M    7 = DUSTSTORM OR SANDSTORM:
                                                       VSBY 1/2 MILE OR LESS
                                                   8 = SMOKE OR HAZE
[NO. OF DAYS WITH]      [WEATHER - DAYS WITH]      9 = BLOWING SNOW
                                                   X = TORNADO
MAX 32 OR BELOW:   0    0.01 INCH OR MORE:   6
MAX 90 OR ABOVE:   0    0.10 INCH OR MORE:   2
MIN 32 OR BELOW:  14    0.50 INCH OR MORE:   0
MIN  0 OR BELOW:   0    1.00 INCH OR MORE:   0

[HDD (BASE 65) ]
TOTAL THIS MO.   475    CLEAR  (SCALE 0-3)   9
DPTR FM NORMAL   -88    PTCLDY (SCALE 4-7)  12
TOTAL FM JUL 1  7549    CLOUDY (SCALE 8-10)  2
DPTR FM NORMAL  -423

[CDD (BASE 65) ]
TOTAL THIS MO.     0
DPTR FM NORMAL     0    [PRESSURE DATA]
TOTAL FM JAN 1     0    HIGHEST SLP M ON M
DPTR FM NORMAL     0    LOWEST  SLP 29.43 ON  8

[REMARKS]
