000
CXUS51 KLWX 240620
CF6HGR
PRELIMINARY LOCAL CLIMATOLOGICAL DATA (WS FORM: F-6)

                                          STATION:   HAGERSTOWN MD
                                          MONTH:     MARCH
                                          YEAR:      2017
                                          LATITUDE:   39 42 N
                                          LONGITUDE:  77 43 W

  TEMPERATURE IN F:       :PCPN:    SNOW:  WIND      :SUNSHINE: SKY     :PK WND
================================================================================
1   2   3   4   5  6A  6B    7    8   9   10  11  12  13   14  15   16   17  18
                                     12Z  AVG MX 2MIN
DY MAX MIN AVG DEP HDD CDD  WTR  SNW DPTH SPD SPD DIR MIN PSBL S-S WX    SPD DR
================================================================================

 1  70  51  61  25   4   0 0.25    M    M 10.8 35 270   M    M   3 13     47 270
 2  55  33  44   7  21   0 0.00    M    M 19.2 36 280   M    M   7        49 280
 3  39  24  32  -5  33   0    T    M    M 12.9 30 280   M    M   5 18     36 330
 4  39  22  31  -6  34   0 0.00    M    M  9.2 24 320   M    M   2        32 330
 5  37  15  26 -12  39   0 0.00    M    M  3.8 12  10   M    M   0        13  20
 6  50  27  39   1  26   0    T    M    M  3.7 13 160   M    M   6 8      15 160
 7  57  42  50  12  15   0 0.24    M    M  4.3 16 160   M    M  10 1      21 160
 8  63  44  54  15  11   0 0.04    M    M 14.2 32 320   M    M   3        40 310
 9  68  48  58  19   7   0 0.00    M    M 12.6 25 280   M    M   1        33 270
10  48  25  37  -2  28   0 0.22    M    M 15.6 35 290   M    M   6 1      45 320
11  33  20  27 -13  38   0 0.00    M    M 13.3 29 300   M    M   3        34 290
12  37  20  29 -11  36   0 0.00    M    M  8.2 22 290   M    M   3        28 300
13  42  19  31  -9  34   0 0.13    M    M  8.3 20 150   M    M   3 1      26 160
14  35  20  28 -13  37   0 0.32    M    M 17.5 33 320   M    M  10 1289   41 310
15  29  18  24 -17  41   0    T    M    M 21.6 37 300   M    M   8 89     47 310
16  38  23  31 -10  34   0 0.00    M    M 14.9 28 290   M    M   4        34 300
17  46  27  37  -5  28   0    T    M    M  5.7 14 230   M    M   3        21 230
18  53  34  44   2  21   0 0.28    M    M  5.8 12  80   M    M   8 18     15  30
19  46  34  40  -2  25   0    T    M    M  9.6 18 330   M    M   9 1      23 330
20  49  32  41  -2  24   0 0.00    M    M  2.9  9 290   M    M   6        14 290
21  59  42  51   8  14   0 0.03    M    M  6.9 20 290   M    M   7 18     25 290
22  50  29  40  -4  25   0 0.00    M    M 16.3 31 330   M    M   0        39 330
23  47  23  35  -9  30   0 0.00    M    M  5.1 13 160   M    M   0        17 150
================================================================================
SM 1090  672       605   0  1.51    M    242.4          M      107
================================================================================
AV 47.4 29.2                              10.5 FASTST   M    M   5    MAX(MPH)
                                 MISC ---->  # 37 300               # 49  280
================================================================================
NOTES:
# LAST OF SEVERAL OCCURRENCES

COLUMN 17 PEAK WIND IN M.P.H.

PRELIMINARY LOCAL CLIMATOLOGICAL DATA (WS FORM: F-6) , PAGE 2

                                          STATION:  HAGERSTOWN MD
                                          MONTH:    MARCH
                                          YEAR:     2017
                                          LATITUDE:   39 42 N
                                          LONGITUDE:  77 43 W

[TEMPERATURE DATA]      [PRECIPITATION DATA]       SYMBOLS USED IN COLUMN 16

AVERAGE MONTHLY: 38.3   TOTAL FOR MONTH:   1.51    1 = FOG OR MIST
DPTR FM NORMAL:  -1.7   DPTR FM NORMAL:   -0.80    2 = FOG REDUCING VISIBILITY
HIGHEST:    70 ON  1    GRTST 24HR  0.32 ON 14-14      TO 1/4 MILE OR LESS
LOWEST:     15 ON  5                               3 = THUNDER
                        SNOW, ICE PELLETS, HAIL    4 = ICE PELLETS
                        TOTAL MONTH:    M          5 = HAIL
                        GRTST 24HR    M  ON   M    6 = FREEZING RAIN OR DRIZZLE
                        GRTST DEPTH:  M  ON   M    7 = DUSTSTORM OR SANDSTORM:
                                                       VSBY 1/2 MILE OR LESS
                                                   8 = SMOKE OR HAZE
[NO. OF DAYS WITH]      [WEATHER - DAYS WITH]      9 = BLOWING SNOW
                                                   X = TORNADO
MAX 32 OR BELOW:   1    0.01 INCH OR MORE:   8
MAX 90 OR ABOVE:   0    0.10 INCH OR MORE:   6
MIN 32 OR BELOW:  15    0.50 INCH OR MORE:   0
MIN  0 OR BELOW:   0    1.00 INCH OR MORE:   0

[HDD (BASE 65) ]
TOTAL THIS MO.   605    CLEAR  (SCALE 0-3)  10
DPTR FM NORMAL    32    PTCLDY (SCALE 4-7)   9
TOTAL FM JUL 1  3612    CLOUDY (SCALE 8-10)  4
DPTR FM NORMAL  -864

[CDD (BASE 65) ]
TOTAL THIS MO.     0
DPTR FM NORMAL     0    [PRESSURE DATA]
TOTAL FM JAN 1     1    HIGHEST SLP M ON M
DPTR FM NORMAL     1    LOWEST  SLP 29.52 ON 14

[REMARKS]
