000
CXUS55 KLOX 011655
CF6HHR
PRELIMINARY LOCAL CLIMATOLOGICAL DATA (WS FORM: F-6)

                                          STATION:   HAWTHORNE AIRPORT CA
                                          MONTH:     FEBRUARY
                                          YEAR:      2015
                                          LATITUDE:   33 55 N
                                          LONGITUDE: 118 20 W

  TEMPERATURE IN F:       :PCPN:    SNOW:  WIND      :SUNSHINE: SKY     :PK WND
================================================================================
1   2   3   4   5  6A  6B    7    8   9   10  11  12  13   14  15   16   17  18
                                     12Z  AVG MX 2MIN
DY MAX MIN AVG DEP HDD CDD  WTR  SNW DPTH SPD SPD DIR MIN PSBL S-S WX    SPD DR
================================================================================

 1  74  51  63   5   2   0 0.00  0.0    0  2.1 12 260   M    M   0 18     13 260
 2  75  52  64   6   1   0 0.00  0.0    0  1.6 10 260   M    M   0 18     13 270
 3  68  54  61   3   4   0 0.00  0.0    0  3.1 10 260   M    M   4 128    14 260
 4  67  57  62   4   3   0 0.00  0.0    0  3.4 10 250   M    M   4 18     12 260
 5  75  52  64   6   1   0 0.00  0.0    0  2.0 15 260   M    M   2 128    19 270
 6  72  55  64   6   1   0 0.00  0.0    0  3.8 10 250   M    M   3 18     14 260
 7  68  53  61   3   4   0    T  0.0    0  2.4 12 260   M    M   8 18     14 270
 8  76  61  69  11   0   4 0.00  0.0    0  5.2 16 270   M    M   5 1      22 270
 9  71  58  65   7   0   0 0.00  0.0    M  4.8 18 260   M    M   3 128    23 260
10  76  54  65   7   0   0 0.00  0.0    0  2.2 12 250   M    M   0 8      14 260
11  89  56  73  15   0   8 0.00  0.0    0  1.2  8 170   M    M   0 8      13 140
12  88  58  73  15   0   8 0.00  0.0    0  2.1 10 280   M    M   0 8      15 260
13  89  59  74  16   0   9 0.00  0.0    0  2.9 14 260   M    M   0        17 250
14  86  59  73  14   0   8 0.00  0.0    0  2.6 15 260   M    M   0 8      18 260
15  77  55  66   7   0   1 0.00  0.0    0  4.3 13 260   M    M   0 8      16 260
16  67  58  63   4   2   0 0.00  0.0    0  4.5 12 250   M    M   4 18     15 260
17  68  59  64   5   1   0 0.00  0.0    0  5.1 12 250   M    M   5        16 240
18  70  57  64   5   1   0 0.00  0.0    0  4.3 15 250   M    M   4 18     18 250
19  69  58  64   5   1   0 0.00  0.0    0  3.9 12 240   M    M   5 18     17 260
20  69  58  64   5   1   0 0.00  0.0    0  3.4 13 250   M    M   4 18     16 250
21  67  60  64   5   1   0 0.00  0.0    0  5.4 14 240   M    M   8        19 250
22  64  55  60   1   5   0 0.31  0.0    0  4.5 15 260   M    M   9 13     20 190
23  65  51  58  -1   7   0 0.01  0.0    0  4.0 18 260   M    M   2 8      23 260
24  76  48  62   3   3   0 0.00  0.0    0  4.6 20 250   M    M   0 8      22 260
25  71  52  62   3   3   0 0.00  0.0    0  3.5 13 260   M    M   0        16 250
26  67  52  60   1   5   0 0.00  0.0    0  2.7 14 250   M    M   1        16 250
27  66  55  61   2   4   0 0.00  0.0    0  8.4 23 250   M    M   7        31 260
28  64  55  60   0   5   0 0.15  0.0    0  8.7 20 260   M    M   6        26 260
================================================================================
SM 2034 1552        55  38  0.47     0.0 106.5          M       84
================================================================================
AV 72.6 55.4                               3.8 FASTST   M    M   3    MAX(MPH)
                                 MISC ---->    23   M                 31    M
================================================================================
NOTES:
# LAST OF SEVERAL OCCURRENCES

COLUMN 17 PEAK WIND IN M.P.H.

PRELIMINARY LOCAL CLIMATOLOGICAL DATA (WS FORM: F-6) , PAGE 2

                                          STATION:  HAWTHORNE AIRPORT CA
                                          MONTH:    FEBRUARY
                                          YEAR:     2015
                                          LATITUDE:   33 55 N
                                          LONGITUDE: 118 20 W

[TEMPERATURE DATA]      [PRECIPITATION DATA]       SYMBOLS USED IN COLUMN 16

AVERAGE MONTHLY: 64.0   TOTAL FOR MONTH:   0.47    1 = FOG OR MIST
DPTR FM NORMAL:   5.3   DPTR FM NORMAL:   -2.85    2 = FOG REDUCING VISIBILITY
HIGHEST:    89 ON 13,11 GRTST 24HR  0.32 ON 22-23      TO 1/4 MILE OR LESS
LOWEST:     48 ON 24                               3 = THUNDER
                        SNOW, ICE PELLETS, HAIL    4 = ICE PELLETS
                        TOTAL MONTH:   0.0 INCH    5 = HAIL
                        GRTST 24HR     0.0         6 = FREEZING RAIN OR DRIZZLE
                        GRTST DEPTH:   0           7 = DUSTSTORM OR SANDSTORM:
                                                       VSBY 1/2 MILE OR LESS
                                                   8 = SMOKE OR HAZE
[NO. OF DAYS WITH]      [WEATHER - DAYS WITH]      9 = BLOWING SNOW
                                                   X = TORNADO
MAX 32 OR BELOW:   0    0.01 INCH OR MORE:   3
MAX 90 OR ABOVE:   0    0.10 INCH OR MORE:   2
MIN 32 OR BELOW:   0    0.50 INCH OR MORE:   0
MIN  0 OR BELOW:   0    1.00 INCH OR MORE:   0

[HDD (BASE 65) ]
TOTAL THIS MO.    55    CLEAR  (SCALE 0-3)  15
DPTR FM NORMAL  -130    PTCLDY (SCALE 4-7)  10
TOTAL FM JUL 1   307    CLOUDY (SCALE 8-10)  3
DPTR FM NORMAL  -491

[CDD (BASE 65) ]
TOTAL THIS MO.    38
DPTR FM NORMAL    31    [PRESSURE DATA]
TOTAL FM JAN 1    63    HIGHEST SLP 30.25 ON 24
DPTR FM NORMAL    49    LOWEST  SLP 29.74 ON 28

[REMARKS]
#FINAL-02-15#
