000
CXUS55 KLOX 191155
CF6HHR
PRELIMINARY LOCAL CLIMATOLOGICAL DATA (WS FORM: F-6)

                                          STATION:   HAWTHORNE AIRPORT CA
                                          MONTH:     NOVEMBER
                                          YEAR:      2017
                                          LATITUDE:   33 55 N
                                          LONGITUDE: 118 20 W

  TEMPERATURE IN F:       :PCPN:    SNOW:  WIND      :SUNSHINE: SKY     :PK WND
================================================================================
1   2   3   4   5  6A  6B    7    8   9   10  11  12  13   14  15   16   17  18
                                     12Z  AVG MX 2MIN
DY MAX MIN AVG DEP HDD CDD  WTR  SNW DPTH SPD SPD DIR MIN PSBL S-S WX    SPD DR
================================================================================

 1  70  65  68   3   0   3 0.00  0.0    0  4.4 15 260   M    M   9        18 230
 2  68  59  64  -1   1   0    T  0.0    0  4.0  9 260   M    M   9 1      12 250
 3  71  61  66   1   0   1    T  0.0    0  4.6 13 250   M    M   4        17 250
 4  71  58  65   0   0   0 0.00  0.0    0  5.6 16 260   M    M   0        21 250
 5  70  61  66   2   0   1 0.02  0.0    0  3.5 14 260   M    M   4 1      17 260
 6  70  60  65   1   0   0    T  0.0    0  4.7 13 260   M    M   2 8      16 240
 7  75  61  68   4   0   3 0.00  0.0    0  2.7 15 260   M    M   0 8      17 260
 8  75  58  67   3   0   2 0.00  0.0    0  4.6 15 250   M    M   0 8      19 260
 9  71  60  66   2   0   1    T  0.0    0  4.7 14 260   M    M   2 8      19 260
10  69  59  64   0   1   0 0.00  0.0    0  3.7 14 260   M    M   3        17 260
11  71  55  63   0   2   0 0.00  0.0    0  2.6 14 260   M    M   0 8      18 260
12  70  57  64   1   1   0 0.00  0.0    0  2.0 12 260   M    M   0 18     14 260
13  73  54  64   1   1   0 0.00  0.0    0  2.3 12 260   M    M   0 18     13 270
14  76  56  66   3   0   1 0.00  0.0    0  1.9 13 260   M    M   0        14 260
15  79  58  69   7   0   4 0.00  0.0    0  2.0 13 260   M    M   0 8      14 250
16  78  59  69   7   0   4 0.00  0.0    0  2.9 12 270   M    M   2 8      16 270
17  71  60  66   4   0   1 0.00  0.0    0  5.5 17 260   M    M   3 8      21 250
18  77  56  67   5   0   2 0.00  0.0    0  2.7 14 270   M    M   0        19 260
================================================================================
SM 1305 1057         6  23  0.02     0.0  64.4          M       38
================================================================================
AV 72.5 58.7                               3.6 FASTST   M    M   2    MAX(MPH)
                                 MISC ---->  # 17 260               # 21  250
================================================================================
NOTES:
# LAST OF SEVERAL OCCURRENCES

COLUMN 17 PEAK WIND IN M.P.H.

PRELIMINARY LOCAL CLIMATOLOGICAL DATA (WS FORM: F-6) , PAGE 2

                                          STATION:  HAWTHORNE AIRPORT CA
                                          MONTH:    NOVEMBER
                                          YEAR:     2017
                                          LATITUDE:   33 55 N
                                          LONGITUDE: 118 20 W

[TEMPERATURE DATA]      [PRECIPITATION DATA]       SYMBOLS USED IN COLUMN 16

AVERAGE MONTHLY: 65.6   TOTAL FOR MONTH:   0.02    1 = FOG OR MIST
DPTR FM NORMAL:   2.1   DPTR FM NORMAL:   -0.63    2 = FOG REDUCING VISIBILITY
HIGHEST:    79 ON 15    GRTST 24HR  0.02 ON  5- 5      TO 1/4 MILE OR LESS
LOWEST:     54 ON 13                               3 = THUNDER
                        SNOW, ICE PELLETS, HAIL    4 = ICE PELLETS
                        TOTAL MONTH:   0.0 INCH    5 = HAIL
                        GRTST 24HR     0.0         6 = FREEZING RAIN OR DRIZZLE
                        GRTST DEPTH:   0           7 = DUSTSTORM OR SANDSTORM:
                                                       VSBY 1/2 MILE OR LESS
                                                   8 = SMOKE OR HAZE
[NO. OF DAYS WITH]      [WEATHER - DAYS WITH]      9 = BLOWING SNOW
                                                   X = TORNADO
MAX 32 OR BELOW:   0    0.01 INCH OR MORE:   1
MAX 90 OR ABOVE:   0    0.10 INCH OR MORE:   0
MIN 32 OR BELOW:   0    0.50 INCH OR MORE:   0
MIN  0 OR BELOW:   0    1.00 INCH OR MORE:   0

[HDD (BASE 65) ]
TOTAL THIS MO.     6    CLEAR  (SCALE 0-3)  14
DPTR FM NORMAL   -43    PTCLDY (SCALE 4-7)   2
TOTAL FM JUL 1     6    CLOUDY (SCALE 8-10)  2
DPTR FM NORMAL   -75

[CDD (BASE 65) ]
TOTAL THIS MO.    23
DPTR FM NORMAL    -1    [PRESSURE DATA]
TOTAL FM JAN 1  1216    HIGHEST SLP M ON M
DPTR FM NORMAL   417    LOWEST  SLP 29.86 ON  1

[REMARKS]
