000
CXUS55 KLOX 271155
CF6HHR
PRELIMINARY LOCAL CLIMATOLOGICAL DATA (WS FORM: F-6)

                                          STATION:   HAWTHORNE AIRPORT CA
                                          MONTH:     SEPTEMBER
                                          YEAR:      2016
                                          LATITUDE:   33 55 N
                                          LONGITUDE: 118 20 W

  TEMPERATURE IN F:       :PCPN:    SNOW:  WIND      :SUNSHINE: SKY     :PK WND
================================================================================
1   2   3   4   5  6A  6B    7    8   9   10  11  12  13   14  15   16   17  18
                                     12Z  AVG MX 2MIN
DY MAX MIN AVG DEP HDD CDD  WTR  SNW DPTH SPD SPD DIR MIN PSBL S-S WX    SPD DR
================================================================================

 1  80  67  74   2   0   9 0.00  0.0    0  4.3 15 260   M    M   1 8      18 260
 2  77  68  73   2   0   8 0.00  0.0    0  5.4 14 260   M    M   6 8      18 250
 3  79  67  73   2   0   8 0.00  0.0    0  6.5 17 260   M    M   6        22 260
 4  75  66  71   0   0   6 0.00  0.0    0  5.1 16 260   M    M   6        22 260
 5  75  64  70  -1   0   5 0.00  0.0    0  5.1 15 250   M    M   4 8      21 250
 6  76  64  70  -1   0   5 0.00  0.0    0  4.9 16 260   M    M   5        21 260
 7  77  64  71   0   0   6 0.00  0.0    0  5.0 13 260   M    M   4 18     17 270
 8  75  67  71   0   0   6 0.00  0.0    0  6.6 17 260   M    M   4        22 260
 9  75  65  70  -1   0   5 0.00  0.0    0  7.6 17 260   M    M   5        23 260
10  75  64  70  -1   0   5 0.00  0.0    0  5.9 16 260   M    M   1        20 260
11  74  64  69  -2   0   4 0.00  0.0    0  6.7 16 250   M    M   5        22 260
12  70  65  68  -3   0   3 0.00  0.0    0  5.6 13 250   M    M  10        15 260
13  69  62  66  -5   0   1 0.00  0.0    0  7.1 15 250   M    M   7        22 250
14  73  60  67  -4   0   2 0.00  0.0    0  3.9 15 270   M    M   2        20 260
15  77  61  69  -2   0   4 0.00  0.0    0  4.5 15 260   M    M   0        21 260
16  75  61  68  -2   0   3 0.00  0.0    0  4.6 14 260   M    M   1        19 250
17  77  62  70   0   0   5 0.00  0.0    0  3.8 15 270   M    M   2        20 280
18  78  61  70   0   0   5 0.00  0.0    0  3.7 12 270   M    M   1 128    16 260
19  81  62  72   2   0   7    T  0.0    0  4.1 18 250   M    M   1 128    22 240
20  86  70  78   8   0  13 0.00  0.0    0  3.8 13 140   M    M   2        19 120
21  80  67  74   4   0   9 0.00  0.0    0  6.0 15 270   M    M   0 8      20 270
22  76  66  71   1   0   6 0.00  0.0    0  7.5 18 260   M    M   3        23 270
23  76  62  69  -1   0   4 0.00  0.0    0  5.5 17 260   M    M   1        23 250
24  87  62  75   5   0  10 0.00  0.0    0  4.1 14 250   M    M   0        19 260
25  94  64  79   9   0  14 0.00  0.0    0  3.5 14 270   M    M   0 8      17 270
26 104  70  87  18   0  22 0.00  0.0    0  3.2 15 250   M    M   0        19 260
================================================================================
SM 2041 1675         0 175    T      0.0 134.1          M       77
================================================================================
AV 78.5 64.4                               5.2 FASTST   M    M   3    MAX(MPH)
                                 MISC ---->  # 18 260               # 23  260
================================================================================
NOTES:
# LAST OF SEVERAL OCCURRENCES

COLUMN 17 PEAK WIND IN M.P.H.

PRELIMINARY LOCAL CLIMATOLOGICAL DATA (WS FORM: F-6) , PAGE 2

                                          STATION:  HAWTHORNE AIRPORT CA
                                          MONTH:    SEPTEMBER
                                          YEAR:     2016
                                          LATITUDE:   33 55 N
                                          LONGITUDE: 118 20 W

[TEMPERATURE DATA]      [PRECIPITATION DATA]       SYMBOLS USED IN COLUMN 16

AVERAGE MONTHLY: 71.5   TOTAL FOR MONTH:      T    1 = FOG OR MIST
DPTR FM NORMAL:   0.9   DPTR FM NORMAL:   -0.15    2 = FOG REDUCING VISIBILITY
HIGHEST:   104 ON 26    GRTST 24HR    T  ON 19-19      TO 1/4 MILE OR LESS
LOWEST:     60 ON 14                               3 = THUNDER
                        SNOW, ICE PELLETS, HAIL    4 = ICE PELLETS
                        TOTAL MONTH:   0.0 INCH    5 = HAIL
                        GRTST 24HR     0.0         6 = FREEZING RAIN OR DRIZZLE
                        GRTST DEPTH:   0           7 = DUSTSTORM OR SANDSTORM:
                                                       VSBY 1/2 MILE OR LESS
                                                   8 = SMOKE OR HAZE
[NO. OF DAYS WITH]      [WEATHER - DAYS WITH]      9 = BLOWING SNOW
                                                   X = TORNADO
MAX 32 OR BELOW:   0    0.01 INCH OR MORE:   0
MAX 90 OR ABOVE:   2    0.10 INCH OR MORE:   0
MIN 32 OR BELOW:   0    0.50 INCH OR MORE:   0
MIN  0 OR BELOW:   0    1.00 INCH OR MORE:   0

[HDD (BASE 65) ]
TOTAL THIS MO.     0    CLEAR  (SCALE 0-3)  15
DPTR FM NORMAL     0    PTCLDY (SCALE 4-7)  10
TOTAL FM JUL 1     0    CLOUDY (SCALE 8-10)  1
DPTR FM NORMAL    -1

[CDD (BASE 65) ]
TOTAL THIS MO.   175
DPTR FM NORMAL    30    [PRESSURE DATA]
TOTAL FM JAN 1   952    HIGHEST SLP M ON M
DPTR FM NORMAL   291    LOWEST  SLP 29.72 ON  5

[REMARKS]
