000
CXUS55 KLOX 011655
CF6HHR
PRELIMINARY LOCAL CLIMATOLOGICAL DATA (WS FORM: F-6)

                                          STATION:   HAWTHORNE AIRPORT CA
                                          MONTH:     AUGUST
                                          YEAR:      2014
                                          LATITUDE:   33 55 N
                                          LONGITUDE: 118 20 W

  TEMPERATURE IN F:       :PCPN:    SNOW:  WIND      :SUNSHINE: SKY     :PK WND
================================================================================
1   2   3   4   5  6A  6B    7    8   9   10  11  12  13   14  15   16   17  18
                                     12Z  AVG MX 2MIN
DY MAX MIN AVG DEP HDD CDD  WTR  SNW DPTH SPD SPD DIR MIN PSBL S-S WX    SPD DR
================================================================================

 1  79  65  72   1   0   7 0.00  0.0    0  5.9 14 250   M    M   3 18     18 260
 2  83  65  74   3   0   9 0.01  0.0    0  4.3 12 270   M    M   4 18     15 270
 3  79  71  75   4   0  10 0.03  0.0    0  4.8 17 250   M    M   5 1      22 240
 4  81  65  73   2   0   8 0.00  0.0    0  5.9 14 260   M    M   0        20 260
 5  76  63  70  -1   0   5 0.00  0.0    0  6.9 15 260   M    M   2 8      21 260
 6  74  64  69  -2   0   4 0.00  0.0    0  6.9 16 270   M    M   5        22 260
 7  76  66  71   0   0   6 0.00  0.0    0  5.6 15 260   M    M   5 8      21 260
 8  77  67  72   1   0   7 0.00  0.0    0  5.1 16 250   M    M   6        22 250
 9  77  67  72   1   0   7 0.00  0.0    0  5.0 16 250   M    M   8 8      21 270
10  80  67  74   3   0   9 0.00  0.0    0  5.5 15 250   M    M   4 18     18 260
11  78  66  72   1   0   7 0.00  0.0    0  6.3 16 250   M    M   2 8      22 270
12  77  67  72   1   0   7 0.00  0.0    0  6.2 17 260   M    M   3 8      23 250
13  76  67  72   0   0   7 0.00  0.0    0  5.9 16 260   M    M   5 8      24 260
14  79  66  73   1   0   8 0.00  0.0    0  4.7 13 270   M    M   3 8      18 250
15  81  64  73   1   0   8 0.00  0.0    0  5.8 14 260   M    M   2 18     18 260
16  81  67  74   2   0   9 0.00  0.0    0  6.3 16 260   M    M   0 8      21 270
17  82  68  75   3   0  10 0.00  0.0    0  5.2 14 250   M    M   0        18 260
18  81  66  74   2   0   9 0.00  0.0    0  4.7 14 260   M    M   1        17 260
19  79  69  74   2   0   9 0.00  0.0    0  6.0 15 260   M    M   8 8      18 260
20  80  68  74   2   0   9 0.00  0.0    0  6.8 16 250   M    M   4 8      21 260
21  77  67  72   0   0   7 0.00  0.0    0  6.4 16 250   M    M   2 8      22 260
22  78  68  73   1   0   8 0.00  0.0    0  4.9 14 250   M    M   4        20 260
23  80  67  74   2   0   9 0.00  0.0    0  5.6 15 260   M    M   3 8      21 260
24  78  67  73   1   0   8 0.00  0.0    0  5.0 16 260   M    M   3        21 260
25  75  66  71  -1   0   6 0.00  0.0    0  5.8 14 260   M    M   0        18 270
26  79  66  73   1   0   8 0.00  0.0    0  4.8 16 260   M    M   0        18 260
27  87  68  78   6   0  13 0.00  0.0    0  4.5 14 270   M    M   0        18 250
28  87  70  79   7   0  14 0.00  0.0    0  5.8 18 260   M    M   0 8      23 260
29  81  67  74   2   0   9 0.00  0.0    0  5.1 15 240   M    M   0 8      20 270
30  82  66  74   2   0   9 0.00  0.0    0  3.3 13 260   M    M   1 18     16 270
31  83  70  77   5   0  12 0.00  0.0    0  5.5 13 260   M    M   3        17 250
================================================================================
SM 2463 2070         0 258  0.04     0.0 170.5          M       86
================================================================================
AV 79.5 66.8                               5.5 FASTST   M    M   3    MAX(MPH)
                                 MISC ---->  # 18 260               # 24  260
================================================================================
NOTES:
# LAST OF SEVERAL OCCURRENCES

COLUMN 17 PEAK WIND IN M.P.H.

PRELIMINARY LOCAL CLIMATOLOGICAL DATA (WS FORM: F-6) , PAGE 2

                                          STATION:  HAWTHORNE AIRPORT CA
                                          MONTH:    AUGUST
                                          YEAR:     2014
                                          LATITUDE:   33 55 N
                                          LONGITUDE: 118 20 W

[TEMPERATURE DATA]      [PRECIPITATION DATA]       SYMBOLS USED IN COLUMN 16

AVERAGE MONTHLY: 73.1   TOTAL FOR MONTH:   0.04    1 = FOG OR MIST
DPTR FM NORMAL:   1.7   DPTR FM NORMAL:    0.00    2 = FOG REDUCING VISIBILITY
HIGHEST:    87 ON 28,27 GRTST 24HR  0.04 ON  2- 3      TO 1/4 MILE OR LESS
LOWEST:     63 ON  5                               3 = THUNDER
                        SNOW, ICE PELLETS, HAIL    4 = ICE PELLETS
                        TOTAL MONTH:   0.0 INCH    5 = HAIL
                        GRTST 24HR     0.0         6 = FREEZING RAIN OR DRIZZLE
                        GRTST DEPTH:   0           7 = DUSTSTORM OR SANDSTORM:
                                                       VSBY 1/2 MILE OR LESS
                                                   8 = SMOKE OR HAZE
[NO. OF DAYS WITH]      [WEATHER - DAYS WITH]      9 = BLOWING SNOW
                                                   X = TORNADO
MAX 32 OR BELOW:   0    0.01 INCH OR MORE:   2
MAX 90 OR ABOVE:   0    0.10 INCH OR MORE:   0
MIN 32 OR BELOW:   0    0.50 INCH OR MORE:   0
MIN  0 OR BELOW:   0    1.00 INCH OR MORE:   0

[HDD (BASE 65) ]
TOTAL THIS MO.     0    CLEAR  (SCALE 0-3)  17
DPTR FM NORMAL     0    PTCLDY (SCALE 4-7)  14
TOTAL FM JUL 1     0    CLOUDY (SCALE 8-10)  0
DPTR FM NORMAL    -1

[CDD (BASE 65) ]
TOTAL THIS MO.   258
DPTR FM NORMAL    58    [PRESSURE DATA]
TOTAL FM JAN 1   885    HIGHEST SLP 30.06 ON  6
DPTR FM NORMAL   369    LOWEST  SLP 29.74 ON 30

[REMARKS]
#FINAL-08-14#
