000
CXUS53 KGID 290730
CF6HJH
PRELIMINARY LOCAL CLIMATOLOGICAL DATA (WS FORM: F-6)

                                          STATION:   HEBRON
                                          MONTH:     APRIL
                                          YEAR:      2017
                                          LATITUDE:   40  9 N
                                          LONGITUDE:  97 35 W

  TEMPERATURE IN F:       :PCPN:    SNOW:  WIND      :SUNSHINE: SKY     :PK WND
================================================================================
1   2   3   4   5  6A  6B    7    8   9   10  11  12  13   14  15   16   17  18
                                     12Z  AVG MX 2MIN
DY MAX MIN AVG DEP HDD CDD  WTR  SNW DPTH SPD SPD DIR MIN PSBL S-S WX    SPD DR
================================================================================

 1  46  42  44  -2  21   0 0.19    M    M  5.0 16  90   M    M  10 3      20  90
 2  57  41  49   3  16   0    T    M    M  2.4 10 150   M    M   9 1       M  M
 3  65  43  54   7  11   0 0.00    M    M  8.5 17 330   M    M   8 1      25 330
 4  57  43  50   3  15   0 0.00    M    M 11.5 18  50   M    M   9        25  50
 5  59  36  48   1  17   0 0.03    M    M 12.8 24 340   M    M   3        40 340
 6  59  33  46  -2  19   0 0.00    M    M  6.9 16 360   M    M   1        21 340
 7  67  30  49   1  16   0 0.00    M    M 11.1 24 170   M    M   0        31 170
 8  75  49  62  14   3   0 0.00    M    M 10.2 16 160   M    M   0        22 160
 9  78  50  64  15   1   0 0.00    M    M 10.5 17 200   M    M   0        24 200
10  53  31  42  -7  23   0 0.00    M    M 13.0 28 310   M    M   4        35 310
11  67  25  46  -3  19   0 0.00    M    M  4.1 10 170   M    M   1 8       M  M
12  69  47  58   8   7   0 0.22    M    M 12.3 23 160   M    M   4 38     30 160
13  76  48  62  12   3   0 0.00    M    M  4.8 14 200   M    M   2 1      18 210
14  78  58  68  18   0   3 0.00    M    M 16.6 28 180   M    M   7 13     35 180
15  81  59  70  19   0   5 0.00    M    M 10.2 20 190   M    M   3 3      28 190
16  65  40  53   2  12   0 0.00    M    M  8.0 18  20   M    M   3        23  20
17  74  40  57   5   8   0 0.00    M    M  5.6 14 150   M    M   2        16 150
18  79  57  68  16   0   3 0.69    M    M  9.3 16 190   M    M   7 3      23 200
19  85  51  68  16   0   3    T    M    M 13.3 22 190   M    M   6 1      36 350
20  70  49  60   7   5   0    T    M    M 10.5 16 330   M    M   2        24 340
21  55  46  51  -2  14   0    T    M    M 11.4 21  60   M    M   8        29  60
22  65  38  52  -1  13   0 0.00    M    M  7.7 15  40   M    M   1        20  60
23  71  31  51  -3  14   0 0.00    M    M  8.2 20 180   M    M   0        28 190
24  78  50  64  10   1   0 0.00    M    M 16.4 27 180   M    M   0        40 170
25  57  40  49  -5  16   0 0.02    M    M 13.4 20 350   M    M   9 3      25 360
26  49  33  41 -14  24   0 0.00    M    M 14.2 21 360   M    M   9        30 340
27  58  28  43 -12  22   0 0.15    M    M  4.5 17 180   M    M   6         M  M
28  47  40  44 -12  21   0 0.44    M    M 12.9 20  60   M    M  10 1      25  70
================================================================================
SM 1840 1178       321  14  1.74    M    275.3          M      124
================================================================================
AV 65.7 42.1                               9.8 FASTST   M    M   4    MAX(MPH)
                                 MISC ---->    28   M                 40    M
================================================================================
NOTES:
# LAST OF SEVERAL OCCURRENCES

COLUMN 17 PEAK WIND IN M.P.H.

PRELIMINARY LOCAL CLIMATOLOGICAL DATA (WS FORM: F-6) , PAGE 2

                                          STATION:  HEBRON
                                          MONTH:    APRIL
                                          YEAR:     2017
                                          LATITUDE:   40  9 N
                                          LONGITUDE:  97 35 W

[TEMPERATURE DATA]      [PRECIPITATION DATA]       SYMBOLS USED IN COLUMN 16

AVERAGE MONTHLY: 53.9   TOTAL FOR MONTH:   1.74    1 = FOG OR MIST
DPTR FM NORMAL:   3.2   DPTR FM NORMAL:   -0.82    2 = FOG REDUCING VISIBILITY
HIGHEST:    85 ON 19    GRTST 24HR  0.69 ON 18-18      TO 1/4 MILE OR LESS
LOWEST:     25 ON 11                               3 = THUNDER
                        SNOW, ICE PELLETS, HAIL    4 = ICE PELLETS
                        TOTAL MONTH:    M          5 = HAIL
                        GRTST 24HR    M  ON   M    6 = FREEZING RAIN OR DRIZZLE
                        GRTST DEPTH:  M  ON   M    7 = DUSTSTORM OR SANDSTORM:
                                                       VSBY 1/2 MILE OR LESS
                                                   8 = SMOKE OR HAZE
[NO. OF DAYS WITH]      [WEATHER - DAYS WITH]      9 = BLOWING SNOW
                                                   X = TORNADO
MAX 32 OR BELOW:   0    0.01 INCH OR MORE:   7
MAX 90 OR ABOVE:   0    0.10 INCH OR MORE:   5
MIN 32 OR BELOW:   5    0.50 INCH OR MORE:   1
MIN  0 OR BELOW:   0    1.00 INCH OR MORE:   0

[HDD (BASE 65) ]
TOTAL THIS MO.   321    CLEAR  (SCALE 0-3)  13
DPTR FM NORMAL   -91    PTCLDY (SCALE 4-7)   9
TOTAL FM JUL 1  4793    CLOUDY (SCALE 8-10)  6
DPTR FM NORMAL -1003

[CDD (BASE 65) ]
TOTAL THIS MO.    14
DPTR FM NORMAL     5    [PRESSURE DATA]
TOTAL FM JAN 1    14    HIGHEST SLP M ON M
DPTR FM NORMAL     4    LOWEST  SLP M ON M

[REMARKS]
