000
CXUS53 KGID 190730
CF6HJH
PRELIMINARY LOCAL CLIMATOLOGICAL DATA (WS FORM: F-6)

                                          STATION:   HEBRON
                                          MONTH:     OCTOBER
                                          YEAR:      2017
                                          LATITUDE:   40  9 N
                                          LONGITUDE:  97 35 W

  TEMPERATURE IN F:       :PCPN:    SNOW:  WIND      :SUNSHINE: SKY     :PK WND
================================================================================
1   2   3   4   5  6A  6B    7    8   9   10  11  12  13   14  15   16   17  18
                                     12Z  AVG MX 2MIN
DY MAX MIN AVG DEP HDD CDD  WTR  SNW DPTH SPD SPD DIR MIN PSBL S-S WX    SPD DR
================================================================================

 1  80  62  71  12   0   6 0.07    M    M 17.4 25 170   M    M   7 3      38 170
 2  83  64  74  15   0   9 0.17    M    M 14.0 22 170   M    M   7 3      33 170
 3  75  60  68  10   0   3 0.01    M    M  8.8 21 180   M    M   9 13     33 180
 4  67  55  61   3   4   0 0.06    M    M  7.6 13  90   M    M   8 3      20  90
 5  70  58  64   7   1   0 0.16    M    M  3.2  7 350   M    M  10 13      M  M
 6  72  56  64   7   1   0 1.17    M    M  6.0 20 350   M    M  10 13     27 350
 7  76  53  65   8   0   0 0.24    M    M  8.4 18 310   M    M   4        28 310
 8  80  51  66  10   0   1 0.00    M    M  4.2 12  40   M    M   0         M  M
 9  61  41  51  -5  14   0 0.03    M    M 19.0 29  20   M    M   9 8      38  30
10  54  35  45 -11  20   0 0.08    M    M  7.8 17 350   M    M   6        25 350
11  66  31  49  -6  16   0 0.00    M    M  4.1 12 150   M    M   0         M  M
12  77  46  62   7   3   0 0.00    M    M  8.1 17 180   M    M   0        27 170
13  62  55  59   5   6   0 0.00    M    M  8.2 14  40   M    M   9        17  30
14  67  49  58   4   7   0 0.29    M    M  9.4 22 340   M    M  10 13     37 340
15  63  38  51  -3  14   0 0.00    M    M  6.0 12 310   M    M   0        18 320
16  75  34  55   2  10   0 0.00    M    M  7.2 18 200   M    M   0        27 200
17  76  46  61   8   4   0 0.00    M    M  5.6 10 200   M    M   0        16 200
18  78  43  61   8   4   0 0.00    M    M  4.6 12 200   M    M   0        16 210
================================================================================
SM 1282  877       104  19  2.28    M    149.6          M       89
================================================================================
AV 71.2 48.7                               8.3 FASTST   M    M   5    MAX(MPH)
                                 MISC ---->  # 29  20               # 38  170
================================================================================
NOTES:
# LAST OF SEVERAL OCCURRENCES

COLUMN 17 PEAK WIND IN M.P.H.

PRELIMINARY LOCAL CLIMATOLOGICAL DATA (WS FORM: F-6) , PAGE 2

                                          STATION:  HEBRON
                                          MONTH:    OCTOBER
                                          YEAR:     2017
                                          LATITUDE:   40  9 N
                                          LONGITUDE:  97 35 W

[TEMPERATURE DATA]      [PRECIPITATION DATA]       SYMBOLS USED IN COLUMN 16

AVERAGE MONTHLY: 60.0   TOTAL FOR MONTH:   2.28    1 = FOG OR MIST
DPTR FM NORMAL:   4.2   DPTR FM NORMAL:    0.84    2 = FOG REDUCING VISIBILITY
HIGHEST:    83 ON  2    GRTST 24HR  1.17 ON  6- 6      TO 1/4 MILE OR LESS
LOWEST:     31 ON 11                               3 = THUNDER
                        SNOW, ICE PELLETS, HAIL    4 = ICE PELLETS
                        TOTAL MONTH:    M          5 = HAIL
                        GRTST 24HR    M  ON   M    6 = FREEZING RAIN OR DRIZZLE
                        GRTST DEPTH:  M  ON   M    7 = DUSTSTORM OR SANDSTORM:
                                                       VSBY 1/2 MILE OR LESS
                                                   8 = SMOKE OR HAZE
[NO. OF DAYS WITH]      [WEATHER - DAYS WITH]      9 = BLOWING SNOW
                                                   X = TORNADO
MAX 32 OR BELOW:   0    0.01 INCH OR MORE:  10
MAX 90 OR ABOVE:   0    0.10 INCH OR MORE:   5
MIN 32 OR BELOW:   1    0.50 INCH OR MORE:   1
MIN  0 OR BELOW:   0    1.00 INCH OR MORE:   1

[HDD (BASE 65) ]
TOTAL THIS MO.   104    CLEAR  (SCALE 0-3)   7
DPTR FM NORMAL   -75    PTCLDY (SCALE 4-7)   5
TOTAL FM JUL 1   141    CLOUDY (SCALE 8-10)  6
DPTR FM NORMAL  -142

[CDD (BASE 65) ]
TOTAL THIS MO.    19
DPTR FM NORMAL     8    [PRESSURE DATA]
TOTAL FM JAN 1  1330    HIGHEST SLP M ON M
DPTR FM NORMAL   195    LOWEST  SLP M ON M

[REMARKS]
