000
CXUS55 KFSD 011102 CCA
CF6HON

PRELIMINARY LOCAL CLIMATOLOGICAL DATA (WS FORM: F-6)

                                          STATION:   HURON
                                          MONTH:     AUGUST
                                          YEAR:      2015
                                          LATITUDE:   44 22 N
                                          LONGITUDE:  98 13 W

  TEMPERATURE IN F:       :PCPN:    SNOW:  WIND      :SUNSHINE: SKY     :PK WND
================================================================================
1   2   3   4   5  6A  6B    7    8   9   10  11  12  13   14  15   16   17  18
                                     12Z  AVG MX 2MIN
DY MAX MIN AVG DEP HDD CDD  WTR  SNW DPTH SPD SPD DIR MIN PSBL S-S WX    SPD DR
================================================================================

 1  90  59  75   1   0  10 0.00  0.0    0 10.5 28 210   M    M   0        36 220
 2  84  60  72  -2   0   7 0.00  0.0    0  9.2 21 360   M    M   0        26  10
 3  83  55  69  -5   0   4 0.00  0.0    0  3.8 12 330   M    M   0        15 310
 4  81  59  70  -3   0   5 0.00  0.0    0  7.4 13 160   M    M   0        17 130
 5  84  61  73   0   0   8 0.00  0.0    0 10.3 16 140   M    M   1        23 170
 6  88  66  77   4   0  12 0.02  0.0    0 10.2 21 330   M    M   4 13     28 310
 7  89  58  74   1   0   9 0.01  0.0    0  5.6 15 160   M    M   1 13     21 180
 8  85  70  78   5   0  13    T  0.0    0  8.7 20 160   M    M   1        26 160
 9  86  62  74   1   0   9 0.26  0.0    0  4.8 35 330   M    M   4 13     43 320
10  84  57  71  -2   0   6 0.00  0.0    0  4.2  9 300   M    M   1        13  10
11  87  60  74   1   0   9 0.00  0.0    0  6.0 12 140   M    M   0        16 120
12  91  64  78   6   0  13 0.00  0.0    0 13.0 24 180   M    M   0        31 200
13  84  70  77   5   0  12 0.20  0.0    0  8.1 20 160   M    M   3 1      24 160
14  92  68  80   8   0  15 0.00  0.0    0  8.0 14 160   M    M   0        20 150
15  94  70  82  10   0  17 0.00  0.0    0 16.1 25 190   M    M   0        34 190
16  80  57  69  -3   0   4 1.02  0.0    0 10.5 22 190   M    M   6 13     30 180
17  69  56  63  -9   2   0 0.31  0.0    0  6.4 14  60   M    M   7 1      16  60
18  59  51  55 -17  10   0 2.97  0.0    0 19.8 32  20   M    M   9 13     44  30
19  72  51  62  -9   3   0 0.17  0.0    0 13.2 30 340   M    M   4        40 350
20  79  48  64  -7   1   0 0.00  0.0    0  7.4 15 150   M    M   0        23 160
21  82  58  70  -1   0   5 0.00  0.0    0 13.3 21 160   M    M   0        29 180
22  81  56  69  -2   0   4 0.00  0.0    0 20.8 38 310   M    M   4 8      47 310
23  70  47  59 -11   6   0 0.00  0.0    0 18.7 30 300   M    M   1        40 290
24  72  41  57 -13   8   0 0.00  0.0    0  5.6 15 330   M    M   0        21 320
25  74  44  59 -11   6   0 0.00  0.0    0  3.9 13 130   M    M   0        16 140
26  80  52  66  -4   0   1    T  0.0    0 10.9 21 150   M    M   1        29 150
27  80  64  72   2   0   7 0.08  0.0    0  9.4 23 100   M    M   5 3      30  80
28  81  64  73   4   0   8    T  0.0    0  4.7 10 180   M    M   5        14 170
29  83  58  71   2   0   6 0.00  0.0    0 10.8 16 190   M    M   0        22 140
30  85  63  74   5   0   9 0.00  0.0    0 14.4 23 150   M    M   0        30 170
31  88  63  76   8   0  11 0.00  0.0    0 10.2 21 180   M    M   0 18     30 180
================================================================================
SM 2537 1812        36 204  5.04     0.0 305.9          M       57
================================================================================
AV 81.8 58.5                               9.9 FASTST   M    M   2    MAX(MPH)
                                 MISC ---->  # 38 310               # 47  310
================================================================================
NOTES:
# LAST OF SEVERAL OCCURRENCES
-COLUMN 17 PEAK WIND IN M.P.H.
-PRECIPITATION AMOUNTS IN COLUMNS 7,8, AND 9 ARE THE OFFICIAL PRECIPITATION
 AMOUNTS FOR HURON, SD.
-SNOW DEPTH IN COLUMN 9 IS RECORDED AT 6 AM CST (12Z).

PRELIMINARY LOCAL CLIMATOLOGICAL DATA (WS FORM: F-6) , PAGE 2

                                          STATION:  HURON
                                          MONTH:    AUGUST
                                          YEAR:     2015
                                          LATITUDE:   44 22 N
                                          LONGITUDE:  98 13 W

[TEMPERATURE DATA]      [PRECIPITATION DATA]       SYMBOLS USED IN COLUMN 16

AVERAGE MONTHLY: 70.1   TOTAL FOR MONTH:   5.04    1 = FOG OR MIST
DPTR FM NORMAL:  -1.5   DPTR FM NORMAL:    2.61    2 = FOG REDUCING VISIBILITY
HIGHEST:    94 ON 15    GRTST 24HR  3.14 ON 18-19      TO 1/4 MILE OR LESS
LOWEST:     41 ON 24                               3 = THUNDER
                        SNOW, ICE PELLETS, HAIL    4 = ICE PELLETS
                        TOTAL MONTH:   0.0 INCH    5 = HAIL
                        GRTST 24HR     0.0         6 = FREEZING RAIN OR DRIZZLE
                        GRTST DEPTH:   0           7 = DUSTSTORM OR SANDSTORM:
                                                       VSBY 1/2 MILE OR LESS
                                                   8 = SMOKE OR HAZE
[NO. OF DAYS WITH]      [WEATHER - DAYS WITH]      9 = BLOWING SNOW
                                                   X = TORNADO
MAX 32 OR BELOW:   0    0.01 INCH OR MORE:   9
MAX 90 OR ABOVE:   4    0.10 INCH OR MORE:   6
MIN 32 OR BELOW:   0    0.50 INCH OR MORE:   2
MIN  0 OR BELOW:   0    1.00 INCH OR MORE:   2

[HDD (BASE 65) ]
TOTAL THIS MO.    36    CLEAR  (SCALE 0-3)  21
DPTR FM NORMAL    15    PTCLDY (SCALE 4-7)   9
TOTAL FM JUL 1    40    CLOUDY (SCALE 8-10)  1
DPTR FM NORMAL    11

[CDD (BASE 65) ]
TOTAL THIS MO.   204
DPTR FM NORMAL   -22    [PRESSURE DATA]
TOTAL FM JAN 1   656    HIGHEST SLP 30.22 ON 25
DPTR FM NORMAL   -13    LOWEST  SLP 29.48 ON 22

[REMARKS]
RECORD DAILY MAXIMUM RAINFALL WAS ESTABLISHED ON THE 18TH WITH 2.97 INCHES.
THE PREVIOUS RECORD WAS 2.09 INCHES SET IN 1904.

RECORD DAILY LOW MAXIMUM TEMPERATURE WAS ESTABLISHED ON THE 18TH WITH 59 DEGREES.
THE PREVIOUS RECORD WAS 64 DEGREES SET IN 1956.

#FINAL-08-15#
