000
CXUS54 KLZK 011330
CF6HOT
PRELIMINARY LOCAL CLIMATOLOGICAL DATA (WS FORM: F-6)

                                          STATION:   Hot Springs Memorial Field
                                          MONTH:     AUGUST
                                          YEAR:      2014
                                          LATITUDE:   34 28 N
                                          LONGITUDE:  93  6 W

  TEMPERATURE IN F:       :PCPN:    SNOW:  WIND      :SUNSHINE: SKY     :PK WND
================================================================================
1   2   3   4   5  6A  6B    7    8   9   10  11  12  13   14  15   16   17  18
                                     12Z  AVG MX 2MIN
DY MAX MIN AVG DEP HDD CDD  WTR  SNW DPTH SPD SPD DIR MIN PSBL S-S WX    SPD DR
================================================================================

 1  77  67  72 -11   0   7    T  0.0    0  2.9 12  80   M    M  10 1      15  70
 2  86  67  77  -6   0  12 0.00  0.0    0  4.6 15  90   M    M   4 1      18  90
 3  88  67  78  -5   0  13 0.00  0.0    0  4.2 13  70   M    M   1 1      17  60
 4  89  63  76  -7   0  11 0.00  0.0    0  1.7  9  70   M    M   0 1      12  40
 5  90  63  77  -6   0  12 0.00  0.0    0  1.5  9 250   M    M   0 1      11 270
 6  92  69  81  -2   0  16 0.00  0.0    0  3.0  9 240   M    M   1 18     12 240
 7  88  73  81  -2   0  16 0.00  0.0    0  2.9 10 200   M    M   2 1      14 210
 8  91  71  81  -2   0  16 1.22  0.0    0  5.0 22 360   M    M   2 13     34 340
 9  82  71  77  -6   0  12 0.91  0.0    0  4.3 15 340   M    M   4 3      23  10
10  88  71  80  -3   0  15 0.08  0.0    0  2.9 14 270   M    M   1 13     21 270
11  89  72  81  -2   0  16 0.11  0.0    0  3.4 10 330   M    M   2 13     19 340
12  84  66  75  -8   0  10 0.00  0.0    0  3.9 10  30   M    M   1        18  30
13  86  60  73 -10   0   8 0.00  0.0    0  2.3  8 200   M    M   2        10 180
14  87  64  76  -7   0  11 0.00  0.0    0  2.8  8 280   M    M   0        11 210
15  87  65  76  -7   0  11 0.00  0.0    0  2.8  9 200   M    M   0        12 200
16  93  67  80  -3   0  15 0.00  0.0    0  4.5 18 230   M    M   1        26 240
17  90  75  83   1   0  18 0.00  0.0    0  5.7 15 240   M    M   1        24 240
18  91  69  80  -2   0  15 0.31  0.0    0  4.3 15 310   M    M   4 13     24 330
19  94  68  81  -1   0  16 0.00  0.0    0  4.0 13 240   M    M   1 12     18 240
20  92  73  83   1   0  18 0.00  0.0    0  4.6 15 230   M    M   0        19 240
21  91  75  83   1   0  18 0.00  0.0    0  5.9 14 240   M    M   2        20 250
22  92  77  85   3   0  20 0.00  0.0    0  4.5 13 240   M    M   1        17 250
23  95  74  85   3   0  20 0.00  0.0    0  3.5 10 240   M    M   0 1      14 240
24  96  70  83   2   0  18 0.00  0.0    0  2.2  9 250   M    M   0 1      13 230
25  97  72  85   4   0  20 0.15  0.0    0  2.3 29 100   M    M   1 38     42 120
26  94  73  84   3   0  19 0.00  0.0    0  2.5 12 150   M    M   1        16 140
27  93  73  83   2   0  18 0.00  0.0    0  2.7 14 150   M    M   1        18 140
28  91  70  81   0   0  16 0.00  0.0    0  1.9  7 150   M    M   1         M  M
29  91  73  82   2   0  17 0.05  0.0    0  6.2 12 200   M    M   3 3      17  99
30  88  75  82   2   0  17    T  0.0    0  3.9 16 150   M    M   6        23 120
31  87  72  80   0   0  15    T  0.0    0  5.8 13 180   M    M   6        18 170
================================================================================
SM 2779 2165         0 466  2.83     0.0 112.7          M       59
================================================================================
AV 89.6 69.8                               3.6 FASTST   M    M   2    MAX(MPH)
                                 MISC ---->  # 29 100               # 42  120
================================================================================
NOTES:
# LAST OF SEVERAL OCCURRENCES

COLUMN 17 PEAK WIND IN M.P.H.

PRELIMINARY LOCAL CLIMATOLOGICAL DATA (WS FORM: F-6) , PAGE 2

                                          STATION:  Hot Springs Memorial Field
                                          MONTH:    AUGUST
                                          YEAR:     2014
                                          LATITUDE:   34 28 N
                                          LONGITUDE:  93  6 W

[TEMPERATURE DATA]      [PRECIPITATION DATA]       SYMBOLS USED IN COLUMN 16

AVERAGE MONTHLY: 79.7   TOTAL FOR MONTH:   2.83    1 = FOG OR MIST
DPTR FM NORMAL:  -2.5   DPTR FM NORMAL:   -0.27    2 = FOG REDUCING VISIBILITY
HIGHEST:    97 ON 25    GRTST 24HR  1.23 ON  8- 9      TO 1/4 MILE OR LESS
LOWEST:     60 ON 13                               3 = THUNDER
                        SNOW, ICE PELLETS, HAIL    4 = ICE PELLETS
                        TOTAL MONTH:   0.0 INCH    5 = HAIL
                        GRTST 24HR     0.0         6 = FREEZING RAIN OR DRIZZLE
                        GRTST DEPTH:   0           7 = DUSTSTORM OR SANDSTORM:
                                                       VSBY 1/2 MILE OR LESS
                                                   8 = SMOKE OR HAZE
[NO. OF DAYS WITH]      [WEATHER - DAYS WITH]      9 = BLOWING SNOW
                                                   X = TORNADO
MAX 32 OR BELOW:   0    0.01 INCH OR MORE:   7
MAX 90 OR ABOVE:  17    0.10 INCH OR MORE:   5
MIN 32 OR BELOW:   0    0.50 INCH OR MORE:   2
MIN  0 OR BELOW:   0    1.00 INCH OR MORE:   1

[HDD (BASE 65) ]
TOTAL THIS MO.     0    CLEAR  (SCALE 0-3)  24
DPTR FM NORMAL     0    PTCLDY (SCALE 4-7)   6
TOTAL FM JUL 1     0    CLOUDY (SCALE 8-10)  1
DPTR FM NORMAL     0

[CDD (BASE 65) ]
TOTAL THIS MO.   466
DPTR FM NORMAL   -67    [PRESSURE DATA]
TOTAL FM JAN 1  1512    HIGHEST SLP 30.03 ON 31
DPTR FM NORMAL  -247    LOWEST  SLP 29.89 ON 29

[REMARKS]
#FINAL-08-14#
#FINAL-08-14#
