000
CXUS54 KLZK 011330
CF6HOT
PRELIMINARY LOCAL CLIMATOLOGICAL DATA (WS FORM: F-6)

                                          STATION:   Hot Springs Memorial Field
                                          MONTH:     JUNE
                                          YEAR:      2015
                                          LATITUDE:   34 28 N
                                          LONGITUDE:  93  6 W

  TEMPERATURE IN F:       :PCPN:    SNOW:  WIND      :SUNSHINE: SKY     :PK WND
================================================================================
1   2   3   4   5  6A  6B    7    8   9   10  11  12  13   14  15   16   17  18
                                     12Z  AVG MX 2MIN
DY MAX MIN AVG DEP HDD CDD  WTR  SNW DPTH SPD SPD DIR MIN PSBL S-S WX    SPD DR
================================================================================

 1  78  64  71  -4   0   6    T  0.0    0  4.4 10 100   M    M   7 1      14 130
 2  79  64  72  -3   0   7 0.00  0.0    0  2.5  7  90   M    M   6        10 130
 3  83  64  74  -2   0   9 0.00  0.0    0  5.1  9 130   M    M   3        13 120
 4  86  65  76   0   0  11 0.00  0.0    0  2.8  8 100   M    M   3 1      11 350
 5  89  65  77   1   0  12 0.00  0.0    0  2.3  8 210   M    M   0 1      14 190
 6   M   M   M   M   M   M 0.11  0.0    0  2.4  9 110   M    M   4 13      M  M
 7  91  67  79   2   0  14 0.00  0.0    0  2.7 10 240   M    M   1 1      16 250
 8  92  72  82   5   0  17 0.12  0.0    0  4.5 17 340   M    M   2 138    27 320
 9  91  69  80   3   0  15 0.00  0.0    0  2.3  8  70   M    M   1 1      13 280
10  92  65  79   1   0  14 0.00  0.0    0  3.2  8 130   M    M   1        13 160
11  93  70  82   4   0  17 0.00  0.0    0  5.1 12 210   M    M   1 1      17 230
12  92  75  84   6   0  19    T  0.0    0  6.9 16 190   M    M   3        24 190
13  85  75  80   2   0  15 0.29  0.0    0  7.6 16 190   M    M   7 138    22 190
14  87  73  80   2   0  15 0.87  0.0    0  6.3 18 160   M    M   6 13     27 180
15  90  73  82   3   0  17 0.04  0.0    0  4.1 24 190   M    M   5 13     37 170
16  90  73  82   3   0  17    T  0.0    0  4.4 13 140   M    M   2        16 160
17  89  72  81   2   0  16 0.32  0.0    0  6.3 24 210   M    M   4 138    37 220
18  84  72  78  -1   0  13 1.31  0.0    0 10.6 20 180   M    M   8 123    28 180
19  90  73  82   3   0  17 0.00  0.0    0  7.9 20 240   M    M   5        28 240
20  91  71  81   1   0  16 0.00  0.0    0  6.6 16 260   M    M   1        22 260
21  86  71  79  -1   0  14 0.04  0.0    0  4.1 22 250   M    M   1 1      30 240
22  91  71  81   1   0  16 0.00  0.0    0  5.2 16 230   M    M   2        21 230
23  94  74  84   4   0  19 0.00  0.0    0  4.1 12 250   M    M   1        16 230
24  95  74  85   5   0  20 0.00  0.0    0  2.8  9 200   M    M   0 1      13 180
25  94  75  85   5   0  20 0.00  0.0    0  3.5 12 210   M    M   0        16 200
26  94  71  83   2   0  18 1.28  0.0    0  6.8 23 320   M    M   2 13     37 330
27  85  68  77  -4   0  12 0.00  0.0    0  2.9 10  50   M    M   5        15 350
28  87  64  76  -5   0  11 0.00  0.0    0  3.5 10 230   M    M   1        14 240
29  92  70  81   0   0  16    T  0.0    0  4.7 16 240   M    M   2 3      20 240
30  93  72  83   2   0  18 0.00  0.0    0  4.2 13 260   M    M   2        17 270
================================================================================
SM 2583 2032         0 431  4.38     0.0 139.8          M       86
================================================================================
AV 89.1 70.1                               4.7 FASTST   M    M   3    MAX(MPH)
                                 MISC ---->  # 24 190               # 37  170
================================================================================
NOTES:
# LAST OF SEVERAL OCCURRENCES

COLUMN 17 PEAK WIND IN M.P.H.

PRELIMINARY LOCAL CLIMATOLOGICAL DATA (WS FORM: F-6) , PAGE 2

                                          STATION:  Hot Springs Memorial Field
                                          MONTH:    JUNE
                                          YEAR:     2015
                                          LATITUDE:   34 28 N
                                          LONGITUDE:  93  6 W

[TEMPERATURE DATA]      [PRECIPITATION DATA]       SYMBOLS USED IN COLUMN 16

AVERAGE MONTHLY: 79.6   TOTAL FOR MONTH:   4.38    1 = FOG OR MIST
DPTR FM NORMAL:   1.1   DPTR FM NORMAL:   -0.34    2 = FOG REDUCING VISIBILITY
HIGHEST:    95 ON 24    GRTST 24HR  1.33 ON 17-18      TO 1/4 MILE OR LESS
LOWEST:     64 ON 28, 3                            3 = THUNDER
                        SNOW, ICE PELLETS, HAIL    4 = ICE PELLETS
                        TOTAL MONTH:   0.0 INCH    5 = HAIL
                        GRTST 24HR     0.0         6 = FREEZING RAIN OR DRIZZLE
                        GRTST DEPTH:   0           7 = DUSTSTORM OR SANDSTORM:
                                                       VSBY 1/2 MILE OR LESS
                                                   8 = SMOKE OR HAZE
[NO. OF DAYS WITH]      [WEATHER - DAYS WITH]      9 = BLOWING SNOW
                                                   X = TORNADO
MAX 32 OR BELOW:   0    0.01 INCH OR MORE:   9
MAX 90 OR ABOVE:  17    0.10 INCH OR MORE:   7
MIN 32 OR BELOW:   0    0.50 INCH OR MORE:   3
MIN  0 OR BELOW:   0    1.00 INCH OR MORE:   2

[HDD (BASE 65) ]
TOTAL THIS MO.     0    CLEAR  (SCALE 0-3)  19
DPTR FM NORMAL     0    PTCLDY (SCALE 4-7)  10
TOTAL FM JUL 1  3196    CLOUDY (SCALE 8-10)  1
DPTR FM NORMAL   261

[CDD (BASE 65) ]
TOTAL THIS MO.   431
DPTR FM NORMAL    26    [PRESSURE DATA]
TOTAL FM JAN 1   714    HIGHEST SLP 30.15 ON 24
DPTR FM NORMAL    29    LOWEST  SLP 29.79 ON 11

[REMARKS]
#FINAL-06-15#
#FINAL-06-15#
