000
CXUS54 KLZK 271130
CF6HOT
PRELIMINARY LOCAL CLIMATOLOGICAL DATA (WS FORM: F-6)

                                          STATION:   Hot Springs Memorial Field
                                          MONTH:     SEPTEMBER
                                          YEAR:      2016
                                          LATITUDE:   34 28 N
                                          LONGITUDE:  93  6 W

  TEMPERATURE IN F:       :PCPN:    SNOW:  WIND      :SUNSHINE: SKY     :PK WND
================================================================================
1   2   3   4   5  6A  6B    7    8   9   10  11  12  13   14  15   16   17  18
                                     12Z  AVG MX 2MIN
DY MAX MIN AVG DEP HDD CDD  WTR  SNW DPTH SPD SPD DIR MIN PSBL S-S WX    SPD DR
================================================================================

 1  87  74  81   1   0  16    T  0.0    0  6.8 15  60   M    M   2        22  30
 2  83  64  74  -5   0   9 0.00  0.0    0  7.2 15  60   M    M   0        22  70
 3  85  60  73  -6   0   8 0.00  0.0    0  2.4 13  60   M    M   1        15  70
 4  89  61  75  -4   0  10 0.00  0.0    0  2.0 10 170   M    M   0        15 140
 5  91  71  81   3   0  16 0.00  0.0    0  4.2  9 150   M    M   1        13 160
 6  91  77  84   6   0  19 0.00  0.0    0  3.6 10 170   M    M   4 18     13 180
 7  92  75  84   6   0  19 0.00  0.0    0  3.8 13 210   M    M   1        15 210
 8  93  75  84   7   0  19 0.00  0.0    0  4.0 14 250   M    M   1        18 230
 9  92  76  84   7   0  19 0.00  0.0    0  5.8 12 190   M    M   3        17 190
10  86  64  75  -2   0  10 0.00  0.0    0  5.4 13 360   M    M   2        20 330
11  85  58  72  -4   0   7 0.00  0.0    0  3.0 13  90   M    M   0        16  70
12  89  62  76   0   0  11 0.00  0.0    0  3.5 10 170   M    M   1        15 130
13  90  69  80   4   0  15 0.00  0.0    0  2.4  9 190   M    M   1        13 160
14  93  70  82   7   0  17 0.22  0.0    0  2.3 10  90   M    M   3 1      14 300
15  93  71  82   7   0  17 0.00  0.0    0  2.3 10 110   M    M   0 1      15 130
16  91  71  81   7   0  16    T  0.0    0  4.3 14 310   M    M   1        24 280
17  89  70  80   6   0  15 1.13  0.0    0  3.5 21 300   M    M   4 13     29 300
18  83  69  76   2   0  11 1.25  0.0    0  3.1 14 140   M    M   1 13     19 330
19  90  67  79   6   0  14 0.00  0.0    0  1.7  8 140   M    M   5 12     11 130
20  90  69  80   7   0  15 0.00  0.0    0  2.1 10 120   M    M   2 12     14 120
21  90  66  78   6   0  13 0.00  0.0    0  2.1  9 240   M    M   0 1      14 190
22  90  66  78   6   0  13 0.00  0.0    0  1.4  9 240   M    M   0        12 230
23  90  66  78   6   0  13    T  0.0    0  1.9  8 140   M    M   1        11 150
24  90  70  80   9   0  15 0.00  0.0    0  1.9 10 190   M    M   0        14 170
25  91  69  80   9   0  15 0.00  0.0    0  1.7  9 170   M    M   0 1      13 150
26  75  63  69  -1   0   4 0.00  0.0    0  5.5 16  50   M    M   6        23  30
================================================================================
SM 2308 1773         0 356  2.60     0.0  87.9          M       40
================================================================================
AV 88.8 68.2                               3.4 FASTST   M    M   2    MAX(MPH)
                                 MISC ---->  # 21 300               # 29  300
================================================================================
NOTES:
# LAST OF SEVERAL OCCURRENCES

COLUMN 17 PEAK WIND IN M.P.H.

PRELIMINARY LOCAL CLIMATOLOGICAL DATA (WS FORM: F-6) , PAGE 2

                                          STATION:  Hot Springs Memorial Field
                                          MONTH:    SEPTEMBER
                                          YEAR:     2016
                                          LATITUDE:   34 28 N
                                          LONGITUDE:  93  6 W

[TEMPERATURE DATA]      [PRECIPITATION DATA]       SYMBOLS USED IN COLUMN 16

AVERAGE MONTHLY: 78.5   TOTAL FOR MONTH:   2.60    1 = FOG OR MIST
DPTR FM NORMAL:   3.3   DPTR FM NORMAL:   -0.60    2 = FOG REDUCING VISIBILITY
HIGHEST:    93 ON 15,14 GRTST 24HR  1.98 ON 17-18      TO 1/4 MILE OR LESS
LOWEST:     58 ON 11                               3 = THUNDER
                        SNOW, ICE PELLETS, HAIL    4 = ICE PELLETS
                        TOTAL MONTH:   0.0 INCH    5 = HAIL
                        GRTST 24HR     0.0         6 = FREEZING RAIN OR DRIZZLE
                        GRTST DEPTH:   0           7 = DUSTSTORM OR SANDSTORM:
                                                       VSBY 1/2 MILE OR LESS
                                                   8 = SMOKE OR HAZE
[NO. OF DAYS WITH]      [WEATHER - DAYS WITH]      9 = BLOWING SNOW
                                                   X = TORNADO
MAX 32 OR BELOW:   0    0.01 INCH OR MORE:   3
MAX 90 OR ABOVE:  16    0.10 INCH OR MORE:   3
MIN 32 OR BELOW:   0    0.50 INCH OR MORE:   2
MIN  0 OR BELOW:   0    1.00 INCH OR MORE:   2

[HDD (BASE 65) ]
TOTAL THIS MO.     0    CLEAR  (SCALE 0-3)  21
DPTR FM NORMAL    -6    PTCLDY (SCALE 4-7)   5
TOTAL FM JUL 1     0    CLOUDY (SCALE 8-10)  0
DPTR FM NORMAL    -6

[CDD (BASE 65) ]
TOTAL THIS MO.   356
DPTR FM NORMAL    83    [PRESSURE DATA]
TOTAL FM JAN 1  2165    HIGHEST SLP M ON M
DPTR FM NORMAL   133    LOWEST  SLP 29.84 ON 16

[REMARKS]
