000
CXUS54 KHGX 281426
CF6HOU
PRELIMINARY LOCAL CLIMATOLOGICAL DATA (WS FORM: F-6)

                                          STATION:   HOUSTON/HOBBY AIRPORT
                                          MONTH:     FEBRUARY
                                          YEAR:      2015
                                          LATITUDE:   29 38 N
                                          LONGITUDE:  95 17 W

  TEMPERATURE IN F:       :PCPN:    SNOW:  WIND      :SUNSHINE: SKY     :PK WND
================================================================================
1   2   3   4   5  6A  6B    7    8   9   10  11  12  13   14  15   16   17  18
                                     12Z  AVG MX 2MIN
DY MAX MIN AVG DEP HDD CDD  WTR  SNW DPTH SPD SPD DIR MIN PSBL S-S WX    SPD DR
================================================================================

 1  77  52  65  10   0   0    T  0.0    0 12.0 28 360   M    M   7 13     35 350
 2  52  38  45 -10  20   0 0.00  0.0    0 13.6 28 360   M    M   8        36 350
 3  49  44  47  -8  18   0 0.13    M    0  5.8 14  60   M    M   9        17  60
 4  60  43  52  -3  13   0 0.14  0.0    0  4.0 13  70   M    M  10 1      16  70
 5  56  43  50  -6  15   0 0.01  0.0    0 10.0 17 340   M    M  10 1      22 350
 6  56  42  49  -7  16   0 0.00  0.0    0  3.3  9 350   M    M   9        10 350
 7  69  40  55  -1  10   0 0.00  0.0    0  6.9 16 180   M    M   3 1      23 170
 8  76  52  64   8   1   0 0.00  0.0    0  7.9 22 220   M    M   5 1      31 210
 9  83  58  71  15   0   6 0.00  0.0    0  7.3 20 320   M    M   3 1      24 340
10  73  50  62   6   3   0 0.00  0.0    0  5.2 12 160   M    M   0 1      17 150
11  72  49  61   5   4   0 0.00    M    0  4.5 15 110   M    M   4 12     21 100
12  67  50  59   2   6   0 0.00  0.0    0  9.8 21 360   M    M   1 1      49 340
13  65  46  56  -1   9   0 0.00  0.0    0  5.5 13  80   M    M   3        16 150
14  76  48  62   5   3   0 0.00  0.0    0  6.0 17 250   M    M   5 1      22 210
15  71  53  62   5   3   0    T  0.0    0  7.3 15 170   M    M   9 1      23 160
16  69  38  54  -3  11   0 0.14    M    0 13.3 29 280   M    M  10 1      40 290
17  53  36  45 -13  20   0 0.01  0.0    0 10.4 21 350   M    M   5        24 350
18  63  36  50  -8  15   0 0.00  0.0    0  5.7 16 270   M    M   0        22 260
19  64  38  51  -7  14   0 0.00  0.0    0  7.2 16 150   M    M   4        20 160
20  70  57  64   6   1   0    T  0.0    0 14.0 26 170   M    M  10        37 170
21  73  65  69  11   0   4 0.16  0.0    0  9.4 17 170   M    M   8 1      23 150
22  78  47  63   4   2   0 0.01    M    0  8.8 24 350   M    M   9 1      28 360
23  47  35  41 -18  24   0 0.06  0.0    0 15.2 23  10   M    M  10 1      26  10
24  42  34  38 -21  27   0    T    M    0  7.3 15 360   M    M  10 1      18  10
25  52  39  46 -13  19   0 0.07  0.0    0  9.3 21 320   M    M   7 1      25 320
26  57  35  46 -14  19   0 0.00  0.0    0 11.5 21 360   M    M   5        28  10
27  46  39  43 -17  22   0 0.00  0.0    0 11.5 24  60   M    M   9        30  60
================================================================================
SM 1716 1207       295  10  0.73     0.0 232.7          M      173
================================================================================
AV 63.6 44.7                               8.6 FASTST   M    M   6    MAX(MPH)
                                 MISC ---->  # 29 280               # 49  340
================================================================================
NOTES:
# LAST OF SEVERAL OCCURRENCES

COLUMN 17 PEAK WIND IN M.P.H.

PRELIMINARY LOCAL CLIMATOLOGICAL DATA (WS FORM: F-6) , PAGE 2

                                          STATION:  HOUSTON/HOBBY AIRPORT
                                          MONTH:    FEBRUARY
                                          YEAR:     2015
                                          LATITUDE:   29 38 N
                                          LONGITUDE:  95 17 W

[TEMPERATURE DATA]      [PRECIPITATION DATA]       SYMBOLS USED IN COLUMN 16

AVERAGE MONTHLY: 54.1   TOTAL FOR MONTH:   0.73    1 = FOG OR MIST
DPTR FM NORMAL:  -3.0   DPTR FM NORMAL:   -2.37    2 = FOG REDUCING VISIBILITY
HIGHEST:    83 ON  9    GRTST 24HR  0.27 ON  3- 4      TO 1/4 MILE OR LESS
LOWEST:     34 ON 24                               3 = THUNDER
                        SNOW, ICE PELLETS, HAIL    4 = ICE PELLETS
                        TOTAL MONTH:   0.0 INCH    5 = HAIL
                        GRTST 24HR     0.0         6 = FREEZING RAIN OR DRIZZLE
                        GRTST DEPTH:   0           7 = DUSTSTORM OR SANDSTORM:
                                                       VSBY 1/2 MILE OR LESS
                                                   8 = SMOKE OR HAZE
[NO. OF DAYS WITH]      [WEATHER - DAYS WITH]      9 = BLOWING SNOW
                                                   X = TORNADO
MAX 32 OR BELOW:   0    0.01 INCH OR MORE:   9
MAX 90 OR ABOVE:   0    0.10 INCH OR MORE:   4
MIN 32 OR BELOW:   0    0.50 INCH OR MORE:   0
MIN  0 OR BELOW:   0    1.00 INCH OR MORE:   0

[HDD (BASE 65) ]
TOTAL THIS MO.   295    CLEAR  (SCALE 0-3)   6
DPTR FM NORMAL    63    PTCLDY (SCALE 4-7)  10
TOTAL FM JUL 1  1169    CLOUDY (SCALE 8-10) 11
DPTR FM NORMAL   106

[CDD (BASE 65) ]
TOTAL THIS MO.    10
DPTR FM NORMAL   -17    [PRESSURE DATA]
TOTAL FM JAN 1    10    HIGHEST SLP M ON M
DPTR FM NORMAL   -33    LOWEST  SLP 29.82 ON 25

[REMARKS]
