000
CXUS55 KSEW 171710
CF6HQM
PRELIMINARY LOCAL CLIMATOLOGICAL DATA (WS FORM: F-6)

                                          STATION:   HOQUIAM WA AIRPORT
                                          MONTH:     JANUARY
                                          YEAR:      2017
                                          LATITUDE:   46 58 N
                                          LONGITUDE: 123 56 W

  TEMPERATURE IN F:       :PCPN:    SNOW:  WIND      :SUNSHINE: SKY     :PK WND
================================================================================
1   2   3   4   5  6A  6B    7    8   9   10  11  12  13   14  15   16   17  18
                                     12Z  AVG MX 2MIN
DY MAX MIN AVG DEP HDD CDD  WTR  SNW DPTH SPD SPD DIR MIN PSBL S-S WX    SPD DR
================================================================================

 1  41  31  36  -6  29   0 0.06  0.0    0  4.4 16 260   M    M   4 1      21 250
 2  38  29  34  -8  31   0 0.00  0.0    0 14.2 31  50   M    M   2        39  50
 3  36  28  32 -10  33   0 0.00  0.0    0 16.9 28  50   M    M   0        36  30
 4  41  31  36  -6  29   0 0.00  0.0    0 17.3 30  50   M    M   0        39  40
 5  41  24  33  -9  32   0 0.00  0.0    0  5.6 20  80   M    M   0 1      22  70
 6  41  23  32 -10  33   0 0.00  0.0    0  7.9 14  80   M    M   2 1      19  50
 7  36  33  35  -7  30   0    T    M    0 14.9 22  50   M    M  10 1      28  70
 8  45  35  40  -2  25   0 0.65  0.0    0 15.3 26 230   M    M  10 1      35  50
 9  43  35  39  -3  26   0 0.05  0.0    0  8.1 26 230   M    M   6 1      31 230
10  41  34  38  -4  27   0 0.10  0.0    0 11.9 21  50   M    M   6 1      28  50
11  36  30  33  -9  32   0    T    M    M  9.3 21  80   M    M   8        23  70
12  40  27  34  -9  31   0 0.00  0.0    0  6.8 10  90   M    M   2 1      14  50
13  37  24  31 -12  34   0 0.00  0.0    0  8.2 15  70   M    M   0 1      18  70
14  44  29  37  -6  28   0 0.00  0.0    0 10.0 18  80   M    M   0 1      21  50
15  45  27  36  -7  29   0 0.00  0.0    0  8.2 18 100   M    M   1 1      19 100
16  47  31  39  -4  26   0 0.00  0.0    0  9.5 15  70   M    M   8 1      18  70
================================================================================
SM  652  471       475   0  0.86     0.0 168.5          M       59
================================================================================
AV 40.8 29.4                              10.5 FASTST   M    M   4    MAX(MPH)
                                 MISC ---->  # 31  50               # 39   50
================================================================================
NOTES:
# LAST OF SEVERAL OCCURRENCES

COLUMN 17 PEAK WIND IN M.P.H.

PRELIMINARY LOCAL CLIMATOLOGICAL DATA (WS FORM: F-6) , PAGE 2

                                          STATION:  HOQUIAM WA AIRPORT
                                          MONTH:    JANUARY
                                          YEAR:     2017
                                          LATITUDE:   46 58 N
                                          LONGITUDE: 123 56 W

[TEMPERATURE DATA]      [PRECIPITATION DATA]       SYMBOLS USED IN COLUMN 16

AVERAGE MONTHLY: 35.1   TOTAL FOR MONTH:   0.86    1 = FOG OR MIST
DPTR FM NORMAL:  -7.2   DPTR FM NORMAL:   -4.77    2 = FOG REDUCING VISIBILITY
HIGHEST:    47 ON 16    GRTST 24HR  0.65 ON  8- 8      TO 1/4 MILE OR LESS
LOWEST:     23 ON  6                               3 = THUNDER
                        SNOW, ICE PELLETS, HAIL    4 = ICE PELLETS
                        TOTAL MONTH:   0.0 INCH    5 = HAIL
                        GRTST 24HR     0.0         6 = FREEZING RAIN OR DRIZZLE
                        GRTST DEPTH:   0           7 = DUSTSTORM OR SANDSTORM:
                                                       VSBY 1/2 MILE OR LESS
                                                   8 = SMOKE OR HAZE
[NO. OF DAYS WITH]      [WEATHER - DAYS WITH]      9 = BLOWING SNOW
                                                   X = TORNADO
MAX 32 OR BELOW:   0    0.01 INCH OR MORE:   4
MAX 90 OR ABOVE:   0    0.10 INCH OR MORE:   2
MIN 32 OR BELOW:  12    0.50 INCH OR MORE:   1
MIN  0 OR BELOW:   0    1.00 INCH OR MORE:   0

[HDD (BASE 65) ]
TOTAL THIS MO.   475    CLEAR  (SCALE 0-3)   9
DPTR FM NORMAL   112    PTCLDY (SCALE 4-7)   5
TOTAL FM JUL 1  2475    CLOUDY (SCALE 8-10)  2
DPTR FM NORMAL   -91

[CDD (BASE 65) ]
TOTAL THIS MO.     0
DPTR FM NORMAL     0    [PRESSURE DATA]
TOTAL FM JAN 1     0    HIGHEST SLP M ON M
DPTR FM NORMAL     0    LOWEST  SLP 29.42 ON  8

[REMARKS]
