000
CXUS55 KSEW 201751
CF6HQM
PRELIMINARY LOCAL CLIMATOLOGICAL DATA (WS FORM: F-6)

                                          STATION:   HOQUIAM WA AIRPORT
                                          MONTH:     FEBRUARY
                                          YEAR:      2017
                                          LATITUDE:   46 58 N
                                          LONGITUDE: 123 56 W

  TEMPERATURE IN F:       :PCPN:    SNOW:  WIND      :SUNSHINE: SKY     :PK WND
================================================================================
1   2   3   4   5  6A  6B    7    8   9   10  11  12  13   14  15   16   17  18
                                     12Z  AVG MX 2MIN
DY MAX MIN AVG DEP HDD CDD  WTR  SNW DPTH SPD SPD DIR MIN PSBL S-S WX    SPD DR
================================================================================

 1  42  33  38  -5  27   0 0.00  0.0    0 20.7 33  40   M    M   0        44  50
 2  45  36  41  -2  24   0 0.02  0.0    0 19.7 31  50   M    M   4        43  50
 3  46  34  40  -3  25   0 0.35  0.0    0 13.9 22  50   M    M  10 1      30  50
 4  47  40  44   1  21   0 0.73  0.0    0  9.2 28 220   M    M  10 1      33 220
 5  43  33  38  -5  27   0 0.35    M    0  6.9 24 220   M    M  10 1      30 220
 6  44  34  39  -4  26   0 0.37    M    M 11.3 28 220   M    M   8 1      31 240
 7  42  30  36  -7  29   0 0.00  0.0    0  8.8 13  80   M    M   4 1      18  30
 8  41  36  39  -4  26   0 1.16  0.0    0 14.5 25  50   M    M  10 1      32  50
 9  53  41  47   4  18   0 0.98  0.0    0 23.0 39 190   M    M  10 1      48 180
10  47  38  43   0  22   0 0.32  0.0    0 17.8 36 190   M    M   8 1      44 180
11  47  34  41  -3  24   0 0.02  0.0    0  3.7 10 360   M    M   3 1      13 360
12  50  34  42  -2  23   0 0.00  0.0    0  6.9 15  80   M    M   1 1      17  80
13  57  34  46   2  19   0 0.00  0.0    0 12.6 22  80   M    M   0        26  70
14  53  35  44   0  21   0 0.38  0.0    0  9.6 16  70   M    M   5 1      20  50
15  54  47  51   7  14   0 1.15  0.0    0 24.2 46 160   M    M  10 1      61 160
16  53  45  49   5  16   0 0.09  0.0    0  9.0 30 180   M    M   8 1      38 180
17  56  42  49   5  16   0 0.01  0.0    0  6.4 12  40   M    M   4 1      15  40
18  47  42  45   1  20   0 0.07  0.0    0  5.8 18 170   M    M   9 1      21 170
19  46  41  44   0  21   0 0.44  0.0    0 12.6 22 120   M    M  10 1      28 150
================================================================================
SM  913  709       419   0  6.44     0.0 236.6          M      124
================================================================================
AV 48.1 37.3                              12.5 FASTST   M    M   7    MAX(MPH)
                                 MISC ---->  # 46 160               # 61  160
================================================================================
NOTES:
# LAST OF SEVERAL OCCURRENCES

COLUMN 17 PEAK WIND IN M.P.H.

PRELIMINARY LOCAL CLIMATOLOGICAL DATA (WS FORM: F-6) , PAGE 2

                                          STATION:  HOQUIAM WA AIRPORT
                                          MONTH:    FEBRUARY
                                          YEAR:     2017
                                          LATITUDE:   46 58 N
                                          LONGITUDE: 123 56 W

[TEMPERATURE DATA]      [PRECIPITATION DATA]       SYMBOLS USED IN COLUMN 16

AVERAGE MONTHLY: 42.7   TOTAL FOR MONTH:   6.44    1 = FOG OR MIST
DPTR FM NORMAL:  -0.8   DPTR FM NORMAL:    1.40    2 = FOG REDUCING VISIBILITY
HIGHEST:    57 ON 13    GRTST 24HR  1.98 ON  8- 9      TO 1/4 MILE OR LESS
LOWEST:     30 ON  7                               3 = THUNDER
                        SNOW, ICE PELLETS, HAIL    4 = ICE PELLETS
                        TOTAL MONTH:   0.0 INCH    5 = HAIL
                        GRTST 24HR     0.0         6 = FREEZING RAIN OR DRIZZLE
                        GRTST DEPTH:   0           7 = DUSTSTORM OR SANDSTORM:
                                                       VSBY 1/2 MILE OR LESS
                                                   8 = SMOKE OR HAZE
[NO. OF DAYS WITH]      [WEATHER - DAYS WITH]      9 = BLOWING SNOW
                                                   X = TORNADO
MAX 32 OR BELOW:   0    0.01 INCH OR MORE:  15
MAX 90 OR ABOVE:   0    0.10 INCH OR MORE:  10
MIN 32 OR BELOW:   1    0.50 INCH OR MORE:   4
MIN  0 OR BELOW:   0    1.00 INCH OR MORE:   2

[HDD (BASE 65) ]
TOTAL THIS MO.   419    CLEAR  (SCALE 0-3)   4
DPTR FM NORMAL    10    PTCLDY (SCALE 4-7)   5
TOTAL FM JUL 1  3217    CLOUDY (SCALE 8-10) 10
DPTR FM NORMAL   -89

[CDD (BASE 65) ]
TOTAL THIS MO.     0
DPTR FM NORMAL     0    [PRESSURE DATA]
TOTAL FM JAN 1     0    HIGHEST SLP M ON M
DPTR FM NORMAL     0    LOWEST  SLP 29.27 ON  9

[REMARKS]
