469
CXUS54 KLZK 241130
CF6HRO
PRELIMINARY LOCAL CLIMATOLOGICAL DATA (WS FORM: F-6)

                                          STATION:   Harrison
                                          MONTH:     FEBRUARY
                                          YEAR:      2018
                                          LATITUDE:   36 15 N
                                          LONGITUDE:  93  9 W

  TEMPERATURE IN F:       :PCPN:    SNOW:  WIND      :SUNSHINE: SKY     :PK WND
================================================================================
1   2   3   4   5  6A  6B    7    8   9   10  11  12  13   14  15   16   17  18
                                     12Z  AVG MX 2MIN
DY MAX MIN AVG DEP HDD CDD  WTR  SNW DPTH SPD SPD DIR MIN PSBL S-S WX    SPD DR
================================================================================

 1  47  22  35  -3  30   0 0.00  0.0    0  8.5 18 340   M    M   4        26 340
 2  40  17  29  -9  36   0 0.00  0.0    0  5.8 15 170   M    M   0        18 170
 3  51  29  40   2  25   0 0.00  0.0    0 11.1 22 180   M    M   4        29 180
 4  44  13  29  -9  36   0 0.01  0.3    0 11.0 21 320   M    M   4 1      33 320
 5  47  10  29  -9  36   0 0.00  0.0    0  8.7 21 160   M    M   4 1      25 150
 6  30  24  27 -12  38   0    T  0.0    0  6.4 10  90   M    M  10 16     13  80
 7  39  24  32  -7  33   0 0.00  0.0    0  6.0 15 340   M    M   6 1      20 350
 8  60  21  41   2  24   0 0.00  0.0    0  6.4 16 150   M    M   0 18     20 160
 9  64  40  52  13  13   0 0.00  0.0    0  9.8 18 160   M    M   3        24 220
10  52  26  39   0  26   0    T    T    0  6.4 13 340   M    M  10 1468   15 340
11  26  22  24 -16  41   0    T  0.0    0  8.3 16 320   M    M   9 16     22 320
12  42  17  30 -10  35   0 0.00  0.0    0  7.2 15 110   M    M   2        19 120
13  54  27  41   1  24   0    T    M    0  9.1 17 140   M    M   9        21 160
14  67  48  58  18   7   0    T    M    0  8.1 18 230   M    M   8        28 220
15  77  62  70  30   0   5 0.00  0.0    0 13.5 24 230   M    M   1        36 230
16  68  36  52  11  13   0    T    M    0 10.7 23 330   M    M   5 1      33 320
17  45  32  39  -2  26   0 0.84  0.0    0  6.0 13 290   M    M   2 12     17 300
18  56  26  41   0  24   0 0.00  0.0    0 13.7 22 150   M    M   4 12     27 170
19  69  52  61  20   4   0 0.02  0.0    0 16.4 26 170   M    M   8        41 170
20  70  35  53  11  12   0 2.29  0.0    0 13.1 25 180   M    M   9 13     36 170
21  35  29  32 -10  33   0 0.52    T    0  7.5 16 140   M    M  10 1246   22 130
22  44  31  38  -4  27   0 0.37  0.0    0  7.2 17 130   M    M  10 126    22 130
23  47  43  45   3  20   0 0.37  0.0    0  4.7 24 130   M    M  10 12     29 130
================================================================================
SM 1174  686       563   5  4.42     0.3 205.6          M      132
================================================================================
AV 51.0 29.8                               8.9 FASTST   M    M   6    MAX(MPH)
                                 MISC ---->  # 26 170               # 41  170
================================================================================
NOTES:
# LAST OF SEVERAL OCCURRENCES

COLUMN 17 PEAK WIND IN M.P.H.

PRELIMINARY LOCAL CLIMATOLOGICAL DATA (WS FORM: F-6) , PAGE 2

                                          STATION:  Harrison
                                          MONTH:    FEBRUARY
                                          YEAR:     2018
                                          LATITUDE:   36 15 N
                                          LONGITUDE:  93  9 W

[TEMPERATURE DATA]      [PRECIPITATION DATA]       SYMBOLS USED IN COLUMN 16

AVERAGE MONTHLY: 40.4   TOTAL FOR MONTH:   4.42    1 = FOG OR MIST
DPTR FM NORMAL:   0.6   DPTR FM NORMAL:    2.29    2 = FOG REDUCING VISIBILITY
HIGHEST:    77 ON 15    GRTST 24HR  2.29 ON 20-20      TO 1/4 MILE OR LESS
LOWEST:     10 ON  5                               3 = THUNDER
                        SNOW, ICE PELLETS, HAIL    4 = ICE PELLETS
                        TOTAL MONTH:   0.3 INCH    5 = HAIL
                        GRTST 24HR   0.3 ON  4- 4  6 = FREEZING RAIN OR DRIZZLE
                        GRTST DEPTH:   0           7 = DUSTSTORM OR SANDSTORM:
                                                       VSBY 1/2 MILE OR LESS
                                                   8 = SMOKE OR HAZE
[NO. OF DAYS WITH]      [WEATHER - DAYS WITH]      9 = BLOWING SNOW
                                                   X = TORNADO
MAX 32 OR BELOW:   2    0.01 INCH OR MORE:   7
MAX 90 OR ABOVE:   0    0.10 INCH OR MORE:   5
MIN 32 OR BELOW:  16    0.50 INCH OR MORE:   3
MIN  0 OR BELOW:   0    1.00 INCH OR MORE:   1

[HDD (BASE 65) ]
TOTAL THIS MO.   563    CLEAR  (SCALE 0-3)   6
DPTR FM NORMAL   -15    PTCLDY (SCALE 4-7)   8
TOTAL FM JUL 1  2884    CLOUDY (SCALE 8-10)  9
DPTR FM NORMAL  -180

[CDD (BASE 65) ]
TOTAL THIS MO.     5
DPTR FM NORMAL     5    [PRESSURE DATA]
TOTAL FM JAN 1     5    HIGHEST SLP M ON M
DPTR FM NORMAL     5    LOWEST  SLP 29.79 ON 15

[REMARKS]
ALL SNOWFALL DATA IS FROM THE HARRISON COOPERATIVE OBSERVER SITE
