000
CXUS54 KLZK 201330
CF6HRO
PRELIMINARY LOCAL CLIMATOLOGICAL DATA (WS FORM: F-6)

                                          STATION:   Harrison
                                          MONTH:     OCTOBER
                                          YEAR:      2014
                                          LATITUDE:   36 15 N
                                          LONGITUDE:  93  9 W

  TEMPERATURE IN F:       :PCPN:    SNOW:  WIND      :SUNSHINE: SKY     :PK WND
================================================================================
1   2   3   4   5  6A  6B    7    8   9   10  11  12  13   14  15   16   17  18
                                     12Z  AVG MX 2MIN
DY MAX MIN AVG DEP HDD CDD  WTR  SNW DPTH SPD SPD DIR MIN PSBL S-S WX    SPD DR
================================================================================

 1  85  61  73  10   0   8 0.00  0.0    0  8.1 18 170   M    M   1        24 170
 2  85  63  74  11   0   9 0.84  0.0    0  9.9 24 330   M    M   7 13     33 320
 3  66  44  55  -8  10   0 0.00  0.0    0  9.9 21 330   M    M   3        29 300
 4  63  42  53  -9  12   0 0.00  0.0    0  7.0 20 300   M    M   1        28 280
 5  78  50  64   2   1   0    T  0.0    0  7.7 18 260   M    M   2 3      28 270
 6  74  55  65   3   0   0 0.05  0.0    0  5.7 15 270   M    M   1 3      24 280
 7  85  62  74  13   0   9 0.00  0.0    0  7.6 18 240   M    M   0        28 240
 8  80  59  70   9   0   5    T  0.0    0  4.9 16 140   M    M   3 3      18 140
 9  84  62  73  12   0   8 0.01  0.0    0  6.6 22  50   M    M   3 1      28  30
10  65  54  60   0   5   0 2.46  0.0    0  7.0 16 150   M    M   9 13     20  40
11  55  49  52  -8  13   0 0.30    M    0  6.3 14  40   M    M  10 1      16  40
12  68  51  60   0   5   0 0.00  0.0    0  7.9 16 160   M    M   8 12     20 160
13  69  52  61   1   4   0 1.17  0.0    0 10.9 25 140   M    M  10 13     32 140
14  65  52  59   0   6   0    T  0.0    0 12.0 23 280   M    M   9        38 290
15  68  47  58  -1   7   0 0.00  0.0    0  9.3 20 310   M    M   0        29 330
16  77  42  60   1   5   0 0.00  0.0    0  6.1 15 160   M    M   0        19 160
17  76  52  64   5   1   0 0.00  0.0    0  6.0 15 300   M    M   0        20 290
18  67  44  56  -2   9   0 0.00  0.0    0  4.7 12  10   M    M   0        18  30
19  67  41  54  -4  11   0 0.00  0.0    0  3.3 13 160   M    M   0 12     16 160
================================================================================
SM 1377  982        89  39  4.83     0.0 140.9          M       67
================================================================================
AV 72.5 51.7                               7.4 FASTST   M    M   4    MAX(MPH)
                                 MISC ---->  # 25 140               # 38  290
================================================================================
NOTES:
# LAST OF SEVERAL OCCURRENCES

COLUMN 17 PEAK WIND IN M.P.H.

PRELIMINARY LOCAL CLIMATOLOGICAL DATA (WS FORM: F-6) , PAGE 2

                                          STATION:  Harrison
                                          MONTH:    OCTOBER
                                          YEAR:     2014
                                          LATITUDE:   36 15 N
                                          LONGITUDE:  93  9 W

[TEMPERATURE DATA]      [PRECIPITATION DATA]       SYMBOLS USED IN COLUMN 16

AVERAGE MONTHLY: 62.1   TOTAL FOR MONTH:   4.83    1 = FOG OR MIST
DPTR FM NORMAL:   1.6   DPTR FM NORMAL:    2.73    2 = FOG REDUCING VISIBILITY
HIGHEST:    85 ON  7, 2 GRTST 24HR  2.50 ON 10-11      TO 1/4 MILE OR LESS
LOWEST:     41 ON 19                               3 = THUNDER
                        SNOW, ICE PELLETS, HAIL    4 = ICE PELLETS
                        TOTAL MONTH:   0.0 INCH    5 = HAIL
                        GRTST 24HR     0.0         6 = FREEZING RAIN OR DRIZZLE
                        GRTST DEPTH:   0           7 = DUSTSTORM OR SANDSTORM:
                                                       VSBY 1/2 MILE OR LESS
                                                   8 = SMOKE OR HAZE
[NO. OF DAYS WITH]      [WEATHER - DAYS WITH]      9 = BLOWING SNOW
                                                   X = TORNADO
MAX 32 OR BELOW:   0    0.01 INCH OR MORE:   6
MAX 90 OR ABOVE:   0    0.10 INCH OR MORE:   4
MIN 32 OR BELOW:   0    0.50 INCH OR MORE:   3
MIN  0 OR BELOW:   0    1.00 INCH OR MORE:   2

[HDD (BASE 65) ]
TOTAL THIS MO.    89    CLEAR  (SCALE 0-3)  12
DPTR FM NORMAL   -20    PTCLDY (SCALE 4-7)   2
TOTAL FM JUL 1   123    CLOUDY (SCALE 8-10)  5
DPTR FM NORMAL   -29

[CDD (BASE 65) ]
TOTAL THIS MO.    39
DPTR FM NORMAL    14    [PRESSURE DATA]
TOTAL FM JAN 1  1335    HIGHEST SLP M ON M
DPTR FM NORMAL   -69    LOWEST  SLP 29.47 ON 13

[REMARKS]
ALL SNOWFALL DATA IS FROM THE HARRISON COOPERATIVE OBSERVER SITE
