000
CXUS52 KMHX 310700
CF6HSE
PRELIMINARY LOCAL CLIMATOLOGICAL DATA (WS FORM: F-6)

                                          STATION:   CAPE HATTERAS NC
                                          MONTH:     AUGUST
                                          YEAR:      2014
                                          LATITUDE:   35 13 N
                                          LONGITUDE:  75 37 W

  TEMPERATURE IN F:       :PCPN:    SNOW:  WIND      :SUNSHINE: SKY     :PK WND
================================================================================
1   2   3   4   5  6A  6B    7    8   9   10  11  12  13   14  15   16   17  18
                                     12Z  AVG MX 2MIN
DY MAX MIN AVG DEP HDD CDD  WTR  SNW DPTH SPD SPD DIR MIN PSBL S-S WX    SPD DR
================================================================================

 1  80  74  77  -2   0  12 1.02  0.0    0  9.5 21 180   M    M   4 1      26 180
 2  80  74  77  -2   0  12 0.50  0.0    0  9.9 22 180   M    M   5 1      28 160
 3  79  70  75  -4   0  10 2.34  0.0    0  7.5 15 170   M    M   6 12     18 180
 4  78  72  75  -4   0  10 0.98  0.0    0  6.5 16 170   M    M   5 1      20 140
 5  83  74  79   0   0  14 0.24  0.0    0  4.8 10  40   M    M   6 1      16  20
 6  85  72  79   0   0  14 0.58  0.0    0  6.8 17 270   M    M   1 1      27 270
 7  86  73  80   1   0  15 0.03  0.0    0  5.9  9  50   M    M   1 1      14  40
 8  85  72  79   0   0  14 0.00  0.0    0  6.7 13  50   M    M   0        19  30
 9  77  71  74  -5   0   9 0.02  0.0    0  6.3 12  60   M    M   7        18  60
10  88  74  81   2   0  16    T  0.0    0  7.5 14 100   M    M   5        18  80
11  86  74  80   1   0  15 0.00  0.0    0 10.3 17 120   M    M   3        21 110
12  88  74  81   2   0  16 3.45  0.0    0  9.8 25 140   M    M   4 1      32 130
13  86  77  82   3   0  17 0.00  0.0    0  8.6 15 310   M    M   1 1      24 280
14  84  70  77  -2   0  12 0.00  0.0    0  5.6 12  50   M    M   2        17 340
15  86  67  77  -2   0  12 0.00  0.0    0  6.6 13 210   M    M   0        16 220
16  88  75  82   3   0  17 0.00  0.0    0  6.9 15 210   M    M   0        19 210
17  86  77  82   3   0  17 0.00  0.0    0  6.4 12 230   M    M   1 1      17 230
18  91  72  82   4   0  17 0.66  0.0    0  5.7 28 310   M    M   2 18     41 310
19  85  75  80   2   0  15 0.02  0.0    0  6.9 15 240   M    M   3 1      21 280
20  84  73  79   1   0  14 0.01  0.0    0  4.3 10  40   M    M   3 1      15  40
21  85  73  79   1   0  14 0.00  0.0    0  4.8  9 230   M    M   1        13 320
22  87  75  81   3   0  16    T  0.0    0  5.6 13 290   M    M   3        17 290
23  84  72  78   0   0  13 0.18  0.0    0  6.9 16  70   M    M   5 1      23  70
24  79  72  76  -2   0  11 0.01  0.0    0 12.9 20  50   M    M   5 1      31  40
25  80  72  76  -2   0  11 0.01  0.0    0 12.8 18  40   M    M   7 1      30  50
26  80  70  75  -3   0  10    T  0.0    0 11.0 17  40   M    M   3 1      27  40
27  82  73  78   0   0  13 0.00  0.0    0 10.6 16  20   M    M   4        27  20
28  86  73  80   2   0  15 0.00  0.0    0  8.1 13 240   M    M   0        18 290
29  83  74  79   1   0  14    T  0.0    0  7.0 15 100   M    M   6 1      19 100
30   M   M   M   M   M   M    M    M    M   M   M   M   M    M   M         M  M
================================================================================
SM 2431 2114         0 395 10.05     0.0 222.2          M       93
================================================================================
AV 83.8 72.9                               7.7 FASTST   M    M   3    MAX(MPH)
                                 MISC ---->  # 28 310               # 41  310
================================================================================
NOTES:
# LAST OF SEVERAL OCCURRENCES

COLUMN 17 PEAK WIND IN M.P.H.

PRELIMINARY LOCAL CLIMATOLOGICAL DATA (WS FORM: F-6) , PAGE 2

                                          STATION:  CAPE HATTERAS NC
                                          MONTH:    AUGUST
                                          YEAR:     2014
                                          LATITUDE:   35 13 N
                                          LONGITUDE:  75 37 W

[TEMPERATURE DATA]      [PRECIPITATION DATA]       SYMBOLS USED IN COLUMN 16

AVERAGE MONTHLY: 78.4   TOTAL FOR MONTH:  10.05    1 = FOG OR MIST
DPTR FM NORMAL:  -0.2   DPTR FM NORMAL:    3.37    2 = FOG REDUCING VISIBILITY
HIGHEST:    91 ON 18    GRTST 24HR  3.45 ON 12-12      TO 1/4 MILE OR LESS
LOWEST:     67 ON 15                               3 = THUNDER
                        SNOW, ICE PELLETS, HAIL    4 = ICE PELLETS
                        TOTAL MONTH:   0.0 INCH    5 = HAIL
                        GRTST 24HR     0.0         6 = FREEZING RAIN OR DRIZZLE
                        GRTST DEPTH:   0           7 = DUSTSTORM OR SANDSTORM:
                                                       VSBY 1/2 MILE OR LESS
                                                   8 = SMOKE OR HAZE
[NO. OF DAYS WITH]      [WEATHER - DAYS WITH]      9 = BLOWING SNOW
                                                   X = TORNADO
MAX 32 OR BELOW:   0    0.01 INCH OR MORE:  15
MAX 90 OR ABOVE:   1    0.10 INCH OR MORE:   9
MIN 32 OR BELOW:   0    0.50 INCH OR MORE:   7
MIN  0 OR BELOW:   0    1.00 INCH OR MORE:   3

[HDD (BASE 65) ]
TOTAL THIS MO.     0    CLEAR  (SCALE 0-3)  14
DPTR FM NORMAL     0    PTCLDY (SCALE 4-7)  15
TOTAL FM JUL 1     0    CLOUDY (SCALE 8-10)  0
DPTR FM NORMAL     0

[CDD (BASE 65) ]
TOTAL THIS MO.   395
DPTR FM NORMAL   -12    [PRESSURE DATA]
TOTAL FM JAN 1  1342    HIGHEST SLP M ON M
DPTR FM NORMAL    47    LOWEST  SLP 29.76 ON 19

[REMARKS]
