000
CXUS52 KMHX 270700
CF6HSE
PRELIMINARY LOCAL CLIMATOLOGICAL DATA (WS FORM: F-6)

                                          STATION:   CAPE HATTERAS NC
                                          MONTH:     APRIL
                                          YEAR:      2017
                                          LATITUDE:   35 13 N
                                          LONGITUDE:  75 37 W

  TEMPERATURE IN F:       :PCPN:    SNOW:  WIND      :SUNSHINE: SKY     :PK WND
================================================================================
1   2   3   4   5  6A  6B    7    8   9   10  11  12  13   14  15   16   17  18
                                     12Z  AVG MX 2MIN
DY MAX MIN AVG DEP HDD CDD  WTR  SNW DPTH SPD SPD DIR MIN PSBL S-S WX    SPD DR
================================================================================

 1  68  55  62   6   3   0 0.00  0.0    0  8.9 15 300   M    M   3        24 310
 2  59  45  52  -4  13   0 0.00  0.0    0  9.1 16  30   M    M   3        26  20
 3  75  44  60   4   5   0 0.01  0.0    0 13.7 33 180   M    M   4 8      47 190
 4  76  69  73  17   0   8    T  0.0    0 16.5 36 180   M    M   3 8      47 180
 5  75  66  71  14   0   6 1.51  0.0    0  7.4 23 210   M    M   2 18     32 210
 6  75  59  67  10   0   2 2.71  0.0    0 19.4 33 230   M    M   4 128    47 220
 7  60  52  56  -1   9   0 0.00  0.0    0 16.3 25 280   M    M   6        40 280
 8  61  48  55  -3  10   0 0.00  0.0    0  7.5 14 330   M    M   0        25 340
 9  69  52  61   3   4   0 0.00  0.0    0  6.6 12 210   M    M   0        15 210
10  74  53  64   6   1   0 0.00  0.0    0  6.5 14 200   M    M   0 8      18 190
11  76  63  70  12   0   5 0.00  0.0    0  8.7 15 200   M    M   0 8      19 190
12  76  65  71  12   0   6 0.00  0.0    0  6.1 12 210   M    M   1 8      16 220
13  75  63  69  10   0   4 0.02  0.0    0  6.9 15  30   M    M   4 18     24  30
14  78  64  71  12   0   6 0.00  0.0    0  6.5 12 120   M    M   0 8      19  50
15  77  65  71  12   0   6 0.00  0.0    0 10.7 17 220   M    M   5 18     24 220
16  77  68  73  13   0   8 0.00  0.0    0 13.8 21 240   M    M   0 18     29 230
17  75  67  71  11   0   6 0.00  0.0    0 12.3 20 230   M    M   0 18     27 220
18  75  65  70  10   0   5 0.06  0.0    0  9.9 20  60   M    M   8 18     31  70
19  79  67  73  13   0   8 0.00  0.0    0 10.1 15 120   M    M   4 8      19 120
20  79  69  74  13   0   9 0.00  0.0    0  6.9 13 250   M    M   2 18     17 150
21  77  68  73  12   0   8 0.00  0.0    0 11.2 17 240   M    M   0 18     24 240
22  77  64  71  10   0   6 0.00  0.0    0 11.8 18 230   M    M   2 18     25 230
23  65  58  62   1   3   0 0.10  0.0    0 10.8 17  40   M    M  10 18     29  30
24  75  63  69   7   0   4 2.09  0.0    0 16.5 35 130   M    M   7 128    44 140
25  76  62  69   7   0   4 1.52  0.0    0  9.9 37 110   M    M   5 18     50 110
26  75  66  71   9   0   6 0.00  0.0    0  7.7 13 230   M    M   5 18     20 280
================================================================================
SM 1904 1580        48 107  8.02     0.0 271.7          M       78
================================================================================
AV 73.2 60.8                              10.5 FASTST   M    M   3    MAX(MPH)
                                 MISC ---->  # 37 110               # 50  110
================================================================================
NOTES:
# LAST OF SEVERAL OCCURRENCES

COLUMN 17 PEAK WIND IN M.P.H.

PRELIMINARY LOCAL CLIMATOLOGICAL DATA (WS FORM: F-6) , PAGE 2

                                          STATION:  CAPE HATTERAS NC
                                          MONTH:    APRIL
                                          YEAR:     2017
                                          LATITUDE:   35 13 N
                                          LONGITUDE:  75 37 W

[TEMPERATURE DATA]      [PRECIPITATION DATA]       SYMBOLS USED IN COLUMN 16

AVERAGE MONTHLY: 67.0   TOTAL FOR MONTH:   8.02    1 = FOG OR MIST
DPTR FM NORMAL:   8.0   DPTR FM NORMAL:    4.80    2 = FOG REDUCING VISIBILITY
HIGHEST:    79 ON 20,19 GRTST 24HR  2.71 ON  6- 6      TO 1/4 MILE OR LESS
LOWEST:     44 ON  3                               3 = THUNDER
                        SNOW, ICE PELLETS, HAIL    4 = ICE PELLETS
                        TOTAL MONTH:   0.0 INCH    5 = HAIL
                        GRTST 24HR     0.0         6 = FREEZING RAIN OR DRIZZLE
                        GRTST DEPTH:   0           7 = DUSTSTORM OR SANDSTORM:
                                                       VSBY 1/2 MILE OR LESS
                                                   8 = SMOKE OR HAZE
[NO. OF DAYS WITH]      [WEATHER - DAYS WITH]      9 = BLOWING SNOW
                                                   X = TORNADO
MAX 32 OR BELOW:   0    0.01 INCH OR MORE:   8
MAX 90 OR ABOVE:   0    0.10 INCH OR MORE:   5
MIN 32 OR BELOW:   0    0.50 INCH OR MORE:   4
MIN  0 OR BELOW:   0    1.00 INCH OR MORE:   4

[HDD (BASE 65) ]
TOTAL THIS MO.    48    CLEAR  (SCALE 0-3)  15
DPTR FM NORMAL  -128    PTCLDY (SCALE 4-7)  10
TOTAL FM JUL 1  1725    CLOUDY (SCALE 8-10)  1
DPTR FM NORMAL  -794

[CDD (BASE 65) ]
TOTAL THIS MO.   107
DPTR FM NORMAL    90    [PRESSURE DATA]
TOTAL FM JAN 1   139    HIGHEST SLP M ON M
DPTR FM NORMAL   119    LOWEST  SLP 29.46 ON 25

[REMARKS]
