000
CXUS51 KCAR 220600
CF6HUL
PRELIMINARY LOCAL CLIMATOLOGICAL DATA (WS FORM: F-6)

                                          STATION:   HOULTON ME
                                          MONTH:     DECEMBER
                                          YEAR:      2014
                                          LATITUDE:   46  7 N
                                          LONGITUDE:  67 48 W

  TEMPERATURE IN F:       :PCPN:    SNOW:  WIND      :SUNSHINE: SKY     :PK WND
================================================================================
1   2   3   4   5  6A  6B    7    8   9   10  11  12  13   14  15   16   17  18
                                     12Z  AVG MX 2MIN
DY MAX MIN AVG DEP HDD CDD  WTR  SNW DPTH SPD SPD DIR MIN PSBL S-S WX    SPD DR
================================================================================

 1  44  22  33   7  32   0    T    M    M 10.7 21 320   M    M   6 1      31 310
 2  22   6  14 -11  51   0 0.00    M    M  5.8 16 360   M    M   1        19 360
 3  34  14  24  -1  41   0 0.46    M    M  5.0 14 110   M    M  10 16     20 100
 4  35   4  20  -4  45   0    T    M    M 10.2 25 270   M    M   4 8      35 260
 5  17  -9   4 -20  61   0 0.00    M    M  2.8  9 160   M    M   1        16 150
 6  31  15  23  -1  42   0 0.31    M    M  4.5 12 350   M    M  10 168    15 330
 7  30  -7  12 -11  53   0 0.00    M    M  9.5 23 360   M    M   1        31 360
 8  13 -14   0 -23  65   0 0.00    M    M  2.0  8  10   M    M   1         9  10
 9  31   9  20  -2  45   0 0.40    M    M  7.0 22  30   M    M   9 16     26  30
10  37  31  34  12  31   0 1.48    M    M 16.7 28  50   M    M  10 16     37  50
11  42  35  39  18  26   0 0.68    M    M  6.6 22  60   M    M  10 1      32  50
12  37  34  36  15  29   0 0.28    M    M  3.7 13 130   M    M  10 1      19 130
13  35  30  33  13  32   0 0.00    M    M  0.8  7 360   M    M  10 12      9 360
14  37  31  34  14  31   0 0.00    M    M  4.2 13 320   M    M  10 12     19 320
15  34  27  31  11  34   0    T    M    M  9.0 20 340   M    M  10 18     26 330
16  31  26  29  10  36   0 0.02    M    M  3.2  9 190   M    M  10 18     14 230
17  34  30  32  13  33   0 0.61    M    M  6.9 20  20   M    M  10 1      23  20
18  30  26  28  10  37   0 0.07    M    M 12.9 20  10   M    M  10 12     25 360
19  29  12  21   3  44   0    T    M    M  9.7 17 340   M    M   5        25 330
20  21   3  12  -6  53   0    M    M    M  3.9  8  20   M    M   7 1       9  20
21  27  18  23   6  42   0    M    M    M  2.3  8 110   M    M  10        11 110
================================================================================
SM  651  343       863   0  4.31    M    137.4          M      155
================================================================================
AV 31.0 16.3                               6.5 FASTST   M    M   7    MAX(MPH)
                                 MISC ---->  # 28  50               # 37   50
================================================================================
NOTES:
# LAST OF SEVERAL OCCURRENCES

COLUMN 17 PEAK WIND IN M.P.H.

PRELIMINARY LOCAL CLIMATOLOGICAL DATA (WS FORM: F-6) , PAGE 2

                                          STATION:  HOULTON ME
                                          MONTH:    DECEMBER
                                          YEAR:     2014
                                          LATITUDE:   46  7 N
                                          LONGITUDE:  67 48 W

[TEMPERATURE DATA]      [PRECIPITATION DATA]       SYMBOLS USED IN COLUMN 16

AVERAGE MONTHLY: 23.7   TOTAL FOR MONTH:   4.31    1 = FOG OR MIST
DPTR FM NORMAL:   2.3   DPTR FM NORMAL:    1.95    2 = FOG REDUCING VISIBILITY
HIGHEST:    44 ON  1    GRTST 24HR  1.71 ON  9-10      TO 1/4 MILE OR LESS
LOWEST:    -14 ON  8                               3 = THUNDER
                        SNOW, ICE PELLETS, HAIL    4 = ICE PELLETS
                        TOTAL MONTH:    M          5 = HAIL
                        GRTST 24HR    M  ON   M    6 = FREEZING RAIN OR DRIZZLE
                        GRTST DEPTH:  M  ON   M    7 = DUSTSTORM OR SANDSTORM:
                                                       VSBY 1/2 MILE OR LESS
                                                   8 = SMOKE OR HAZE
[NO. OF DAYS WITH]      [WEATHER - DAYS WITH]      9 = BLOWING SNOW
                                                   X = TORNADO
MAX 32 OR BELOW:  11    0.01 INCH OR MORE:   9
MAX 90 OR ABOVE:   0    0.10 INCH OR MORE:   7
MIN 32 OR BELOW:  19    0.50 INCH OR MORE:   3
MIN  0 OR BELOW:   3    1.00 INCH OR MORE:   1

[HDD (BASE 65) ]
TOTAL THIS MO.   863    CLEAR  (SCALE 0-3)   4
DPTR FM NORMAL   -53    PTCLDY (SCALE 4-7)   4
TOTAL FM JUL 1  2760    CLOUDY (SCALE 8-10) 13
DPTR FM NORMAL  -264

[CDD (BASE 65) ]
TOTAL THIS MO.     0
DPTR FM NORMAL     0    [PRESSURE DATA]
TOTAL FM JAN 1   233    HIGHEST SLP M ON M
DPTR FM NORMAL    42    LOWEST  SLP 29.55 ON 18

[REMARKS]
